NOAA-Style Climate Reports


Report for 2004 November
                  MONTHLY CLIMATOLOGICAL SUMMARY FOR 11/2004
                                        HEAT  COOL        
     MEAN                               DEG   DEG       WIND SPEED       DOM MEAN  MEAN
DAY  TEMP  HIGH   TIME     LOW   TIME   DAYS  DAYS RAIN AVG  HI  TIME    DIR BAROM HUM
---------------------------------------------------------------------------------------
1    33.6  36.5  12:00am  31.9  12:00am   31    0  0.01   6  31   1:13am   W 29.98  100
2    35.9  39.3  11:57pm  34.2  12:00am   29    0  0.42   4  24  10:58am  SE 29.99   99
3    31.1  40.2  12:21am  25.3  12:00am   34    0  0.04   8  30   7:13am WNW 29.99   93
4    30.8  42.9  12:57pm  18.9   6:30am   35    0  0.08   3  27   7:04pm ESE 29.87   78
5    29.9  35.9   3:15am  25.6  10:34pm   35    0  0.13  11  40  10:08am  SW 29.29  100
6    32.6  42.3   7:49pm  26.2   1:09am   31    0  0.33   4  25   4:14pm  SW 29.55   93
7    38.4  47.5   7:35pm  29.7  11:59pm   27    0  0.01   3  27  10:26pm SSE 29.65   85
8    24.4  29.7  12:00am  17.4  11:58pm   41    0  0.00   6  26   1:45pm   W 29.97   85
9    15.4  20.1  11:54am   7.3  11:05pm   50    0  0.00   3  19  10:40am   W 30.38   85
10   16.8  26.5  11:57pm   6.0   3:26am   47    0  0.00   2  18   2:29pm  SE 30.44   75
11   30.1  42.3  11:46am  21.5  10:54pm   35    0  0.01   4  24   1:56pm SSE 30.18   80
12   21.1  28.7  12:02pm  13.8  12:41am   44    0  0.00   2  16   3:29am   N 30.40   66
13   18.4  25.4  12:13pm  11.6  11:31pm   47    0  0.00   6  22  10:45am   N 30.51   72
14   23.8  33.3   2:24pm  11.3  12:27am   41    0  0.00   6  25  12:09pm WNW 30.57   69
15   33.7  41.1   1:39pm  27.1   5:52am   31    0  0.00   5  22   8:36pm WNW 30.38   71
16   32.1  37.9   2:29pm  25.9   5:22am   33    0  0.00   2  13  12:56am WNW 30.28   85
17   33.5  38.8  11:38am  24.4   2:43am   31    0  0.01   1  10  11:05am   W 30.24   90
18   38.1  41.9  11:42pm  33.6   1:37am   27    0  0.02   1  11   9:00pm SSW 30.06   96
19   36.9  42.3   1:49am  26.6  11:59pm   28    0  0.04   5  20  12:41pm WNW 30.07   88
20   29.8  35.2  12:33pm  22.8   6:49am   36    0  0.01   2  16   7:48pm   E 30.17   79
21   33.7  37.6   6:21pm  30.6  12:00am   31    0  0.26   2  17  12:53am  SE 30.13  100
22   31.6  36.3   1:31pm  26.6   7:27pm   33    0  0.00   2  16   1:04pm  SW 30.05   93
23   33.1  40.9   1:51pm  22.9   6:56am   32    0  0.00   2  17   3:51pm  SE 30.04   79
24   38.3  44.8  11:53pm  34.5  12:00am   27    0  0.32   5  28   9:02pm ESE 29.85   99
25   39.5  53.7  10:05am  18.1  12:00am   25    0  0.64   7  42  11:35pm WNW 29.24  100
26   15.9  22.8   2:08pm  10.4   7:06am   49    0  0.00   6  35   1:32am  SW 29.92   81
27   23.9  31.9  11:28pm  10.2  12:31am   41    0  0.01   4  32  11:18pm ESE 30.32   84
28   35.6  41.3   4:25pm  31.1  11:59pm   29    0  0.66   9  41  10:34am   E 29.96   97
29   25.3  31.4   1:37am  20.8   8:35pm   40    0  0.00   5  28   2:12am   W 30.16   92
30   27.2  36.0   1:34pm  17.3   6:43am   38    0  0.00   1  14  10:56pm SSE 30.19   80
---------------------------------------------------------------------------------------
TOT  29.7  53.7 11/25/04   6.0 11/10/04 1059    0  3.00   4  42 11/25/04   W 30.06   86

HEAT BASE: 65.0
COOL BASE: 65.0