NOAA-Style Climate Reports


Report for 2004 December
                  MONTHLY CLIMATOLOGICAL SUMMARY FOR 12/2004
                                        HEAT  COOL        
     MEAN                               DEG   DEG       WIND SPEED       DOM MEAN  MEAN
DAY  TEMP  HIGH   TIME     LOW   TIME   DAYS  DAYS RAIN AVG  HI  TIME    DIR BAROM HUM
---------------------------------------------------------------------------------------
1    31.4  37.9   2:33pm  25.1  11:57pm   34    0  0.59   8  41   7:55pm ESE 29.53   97
2    22.0  26.8   7:24am  16.5   9:38pm   43    0  0.00   7  32  10:03am WSW 29.83   88
3    20.4  26.5   1:16pm  11.4  11:51pm   45    0  0.00   3  14   9:46am ENE 29.77   96
4    16.0  25.0  11:58pm   2.4   3:29am   49    0  0.08   3  18   8:03pm SSE 29.89   86
5    17.0  30.0   6:03am   2.9  11:09pm   48    0  0.00   6  28  11:11am   W 30.00   75
6     8.5  15.2  11:18pm  -0.1   6:50am   57    0  0.00   1  12  10:48pm SSE 30.40   75
7    21.5  30.0  11:00pm  14.9  12:00am   44    0  0.00   4  19  12:38pm ESE 30.09   99
8    29.5  32.5   6:38am  24.0  11:34pm   36    0  0.02   6  35   4:55pm WSW 29.71  100
9    24.6  29.6  12:44pm  20.9   6:48am   40    0  0.01   3  30  12:28am   W 30.10   92
10   28.5  30.0  11:30pm  26.3   1:26am   36    0  0.00   1  20   6:10pm ENE 29.84  100
11   30.6  31.5   1:09pm  25.1  11:58pm   34    0  0.00   1  13   1:05am ENE 29.33  100
12   21.9  25.1  12:00am  20.0  12:00am   42    0  0.00   0   0  12:00am   N 29.47  100
13   25.5  29.3  12:27pm  18.5  11:54pm   40    0  0.00   0   0  12:00am   N 29.46  100
14    7.8  18.5  12:00am   5.0  12:00am   56    0  0.00   0   0  12:00am   N 29.95   90
15    3.4  10.2   1:18pm  -2.2   7:49am   62    0  0.00   0   0  12:00am   N 30.33   86
16   14.1  25.3   2:11pm   0.8   3:42am   51    0  0.00   0   0  12:00am   N 30.17   94
17   14.7  24.7   7:51am  -0.3  10:09pm   50    0  0.00   3  26  12:30pm   W 30.00   91
18    9.7  20.4  11:54pm  -7.1  12:00am   55    0  0.00   3  21  11:33am  SE 30.16   78
19   20.9  28.3  12:37pm  -2.6  11:51pm   44    0  0.00   4  19   1:47am  SE 29.70   96
20  -14.4  -2.4  12:01am -22.7   7:30pm   79    0  0.00   5  21   4:26am WNW 29.89   72
21   -0.7  17.9  11:59pm -19.4  12:08am   65    0  0.00   2  14   1:33pm SSE 30.07   73
22   26.8  32.5  11:51am  17.6   4:59am   38    0  0.01   3  18   6:48pm SSE 30.19   93
23   37.6  47.2   6:17pm  28.1  11:58pm   27    0  1.50   7  46   1:16pm ESE 29.88  100
24   12.8  28.1  12:00am   1.8  11:36pm   52    0  0.00   5  24  12:40am WSW 30.03   77
25    6.1  11.8  12:35pm  -1.0   9:05pm   59    0  0.00   2  18  11:04am   N 30.27   74
26    9.8  13.8  12:26pm   2.7  12:50am   55    0  0.00   2  14  11:53pm NNE 30.34   79
27    0.5  10.6  12:00am  -5.6  12:00am   65    0  0.00   7  26  10:43pm  NW 30.25   81
28    7.8  15.5  11:59pm  -5.6  12:08am   57    0  0.00   3  21   6:06am  SE 30.30   86
29   20.4  23.2  10:08am  14.4  11:59pm   45    0  0.00   4  21  12:45pm  SW 30.06   95
30   18.0  24.4   1:36pm  11.3   6:36am   47    0  0.10   2  14  11:48pm WNW 30.42   93
31   29.8  39.9  11:50pm  21.5  12:00am   35    0  0.06   4  22   6:04am SSE 30.16   99
---------------------------------------------------------------------------------------
TOT  16.9  47.2 12/23/04 -22.7 12/20/04 1490    0  2.37   3  46 12/23/04   W 29.99   89

HEAT BASE: 65.0
COOL BASE: 65.0