NOAA-Style Climate Reports


Report for 2005 January
                  MONTHLY CLIMATOLOGICAL SUMMARY FOR 1/2005
                                        HEAT  COOL        
     MEAN                               DEG   DEG       WIND SPEED       DOM MEAN  MEAN
DAY  TEMP  HIGH   TIME     LOW   TIME   DAYS  DAYS RAIN AVG  HI  TIME    DIR BAROM HUM
---------------------------------------------------------------------------------------
1    27.5  40.6   1:54am  10.4  11:56pm   36    0  0.08   8  33   6:31am   W 30.19   90
2    15.7  30.3  11:56pm   3.3   5:31am   49    0  0.00   4  24   5:18pm ESE 30.51   76
3    30.0  34.5   6:32am  26.9   7:37pm   35    0  0.06   3  16  12:45am   W 30.18  100
4    24.3  27.2   1:38am  17.9  11:59pm   41    0  0.00   3  20  10:53pm   W 30.14  100
5    10.0  17.9  12:00am   2.7   9:27pm   55    0  0.00   4  18   3:09am   W 30.20   90
6    13.5  22.6  11:44pm   4.8  12:00am   51    0  0.00   3  24   6:12pm   W 29.98   88
7    16.9  24.3   2:17am  10.7  12:00am   48    0  0.00   5  29   8:10am   W 30.05   86
8    17.3  21.2  10:55am  11.4  12:35am   48    0  0.00   2  16   7:50pm   W 30.22   90
9    19.0  24.8  12:31pm  12.6  12:35am   46    0  0.08   2  14   8:07pm SSE 30.32   92
10   22.7  28.7   1:36pm  16.8  11:54pm   42    0  0.00   6  31  11:48pm SSE 29.91   95
11    9.0  16.8  12:00am   1.2   7:47am   56    0  0.01   3  25  12:19am WSW 30.26   72
12   19.9  26.8  11:58pm  13.3  12:00am   45    0  0.00   5  21   7:36pm ESE 30.27   84
13   33.8  45.4  11:58pm  26.8  12:00am   31    0  0.55   5  26  10:12pm   E 29.98   99
14   27.8  49.5   4:48am   9.4  12:00am   37    0  0.69   2  33   6:12am  SE 29.95   99
15    7.9  13.6   2:25pm  -1.4  12:00am   58    0  0.01   0   0  12:00am   N 30.60   88
16    9.4  14.6   1:39pm   4.4   1:57am   55    0  0.00   0   0  12:00am   N 30.53   86
17    2.0   7.8  12:00am  -7.5  11:50pm   61    0  0.00   0   0  12:00am   N 30.16   85
18  -14.9  -7.8  12:00am -19.7   8:51am   80    0  0.00   0   0  12:00am   N 30.46   69
19   -1.4   6.4  10:47pm -17.9   2:21am   67    0  0.00   0   0  12:00am   N 30.18   70
20   -0.3   6.9   1:29am -12.0  11:58pm   64    0  0.00   0   0  12:00am   N 29.85   82
21  -17.8 -12.0  12:00am -24.6  11:55pm   82    0  0.00   0   0  12:00am   N 30.20   67
22   -9.0   3.1  10:50pm -25.9   3:13am   74    0  0.00   0   0  12:00am   N 30.21   68
23   -5.1   2.7  12:49am -12.2   9:07pm   70    0  0.00   0   0  12:00am   N 29.95   74
24    0.4   9.5   8:36pm -13.2   2:08am   65    0  0.00   0   0  12:00am   N 29.86   74
25    0.2   8.7  12:00am  -9.6  12:00am   65    0  0.00   0   0  12:00am   N 29.77   79
26    1.2   8.3  12:41pm -12.0  11:50pm   64    0  0.00   2  19   9:22pm WSW 29.89   81
27  -11.0  -2.6   1:32pm -16.3  12:00am   76    0  0.00   5  21   2:56pm WSW 30.45   69
28   -4.3   4.0   2:37pm -13.0  12:32am   68    0  0.00   3  12   9:58am WSW 30.75   64
29   11.1  22.2   3:38pm  -0.7  12:07am   54    0  0.03   2  12   4:50am WSW 30.38   53
30   15.3  22.6   2:06pm   5.0  11:48pm   50    0  0.01   3  17   8:36pm  NW 30.14   63
31   12.8  26.5   1:35pm   1.0   2:02am   52    0  0.07   1  10  12:38pm NNW 30.37   62
---------------------------------------------------------------------------------------
TOT   9.1  49.5  1/14/05 -25.9  1/22/05 1726    0  1.59   2  33   1/1/05   W 30.19   80

HEAT BASE: 65.0
COOL BASE: 65.0