NOAA-Style Climate Reports


Report for 2005 March
                  MONTHLY CLIMATOLOGICAL SUMMARY FOR 3/2005
                                        HEAT  COOL        
     MEAN                               DEG   DEG       WIND SPEED       DOM MEAN  MEAN
DAY  TEMP  HIGH   TIME     LOW   TIME   DAYS  DAYS RAIN AVG  HI  TIME    DIR BAROM HUM
---------------------------------------------------------------------------------------
1    15.9  20.3  12:00am  12.1   9:15pm   49    0  0.00   5  19   3:05am  NW 29.33   82
2    11.8  14.1  10:56am   9.9  11:55pm   53    0  0.00   8  32  10:45pm   W 29.31   90
3     3.6   9.9  12:00am  -2.0   7:30am   62    0  0.00  10  32   1:33pm   W 29.61   68
4     9.6  16.0   1:21pm   1.8  12:00am   53    0  0.00   6  30  12:59pm WSW 29.75   60
5    17.7  26.6   2:51pm   8.5  12:00am   47    0  0.00   7  29   2:18pm WSW 29.74   66
6    22.8  27.4  11:12am  16.0   5:29am   42    0  0.00   5  27  11:19pm  SW 29.50   89
7    19.1  32.4   9:38pm   1.4   6:32am   46    0  0.00   5  26   1:38pm   E 29.50   89
8    13.7  35.5   3:15am   1.6  11:55pm   96    0  0.01   8  38  11:55pm   E 29.16   87
9    -0.7   4.6   7:08pm  -8.0   7:35am   66    0  0.00  11  41  12:40pm WSW 29.41   79
10    3.8  12.6   3:54pm  -4.1   6:18am   61    0  0.00   3  18   2:41pm  SW 29.65   73
11   12.1  20.9   2:41pm  -2.6   2:18am   53    0  0.01   3  20   3:28pm  SE 29.61   80
12   22.6  28.0   1:28pm  18.7   2:18am   42    0  0.01   2  12   2:24am   E 29.38   99
13   20.0  23.8   1:35pm  16.0  11:45pm   45    0  0.00   3  17   1:07pm   W 29.68   93
14   19.5  24.3   2:23pm  14.1   5:28am   46    0  0.00   6  26   2:59pm   W 29.79   85
15   21.1  25.7   2:20pm  17.0   5:28am   44    0  0.00   7  24   9:15am WNW 29.87   90
16   20.0  27.4   3:11pm  14.9   7:13am   45    0  0.00   7  27   3:44am   W 29.90   87
17   19.2  27.7   4:03pm  11.8   7:13am   46    0  0.02   5  19   9:09am   W 29.93   70
18   20.2  27.1   1:02pm  11.3   5:55am   45    0  0.00   6  27   4:45pm   W 29.96   65
19   22.3  31.9   2:54pm  13.6  11:59pm   43    0  0.03   5  20  10:41am   W 30.09   66
20   24.7  36.3   2:06pm   9.9  12:49am   40    0  0.14   3  14  10:54am   W 30.00   61
21   27.7  38.1   1:11pm  15.9   1:45am   37    0  0.02   3  17  12:31pm NNW 29.92   59
22   28.8  39.5   4:03pm  16.7   6:03am   36    0  0.00   4  20  11:55am WSW 30.02   52
23   25.7  34.0   3:06pm  16.0  12:00am   39    0  0.00   4  24  12:00am   N 30.03   58
24   30.7  40.8   4:47pm  24.1  12:56am   34    0  0.00   2  13   2:54pm SSW 29.89   49
25   26.3  32.4  12:21pm  15.7   8:50am   39    0  0.00   6  29  12:54pm   W 29.89   71
26   23.6  37.2   3:44pm   4.4   5:30am   41    0  0.00   2  14   3:00pm  NW 30.14   41
27   32.3  44.8   2:13pm  14.9   4:58am   33    0  0.00   2  17   4:32pm   S 30.09   54
28   32.1  36.2  11:41pm  29.3  12:38am   33    0  0.46   3  18   7:13am   E 29.81   93
29   32.7  36.3   5:18pm  27.8  11:29pm   32    0  0.00   7  28  12:59pm NNW 29.70   96
30   35.9  46.7   3:11pm  26.9   5:41am   28    0  0.00   5  21   4:39am   N 30.04   67
31   40.9  49.4   1:14pm  31.9  11:57pm   24    0  0.09   5  26   3:41pm ESE 30.06   52
---------------------------------------------------------------------------------------
TOT  21.2  49.4  3/31/05  -8.0   3/9/05 1402    0  0.79   5  41   3/9/05   W 29.77   73

HEAT BASE: 65.0
COOL BASE: 65.0