NOAA-Style Climate Reports


Report for 2005 May
                  MONTHLY CLIMATOLOGICAL SUMMARY FOR 5/2005
                                        HEAT  COOL        
     MEAN                               DEG   DEG       WIND SPEED       DOM MEAN  MEAN
DAY  TEMP  HIGH   TIME     LOW   TIME   DAYS  DAYS RAIN AVG  HI  TIME    DIR BAROM HUM
---------------------------------------------------------------------------------------
1    41.4  45.7   4:29pm  35.5  12:00am   24    0  0.07   5  21   3:39pm WSW 29.68   85
2    36.2  44.5  11:29am  27.8  12:00am   29    0  0.10   3  21   1:02pm SSW 29.81   82
3    34.2  44.2   2:53pm  27.4   3:07am   31    0  0.05   3  25   3:15pm  SW 29.94   86
4    33.9  43.6   1:18pm  24.6   5:03am   31    0  0.00   2  16  12:54pm WSW 30.25   75
5    40.1  52.6   4:22pm  27.7   1:23am   25    0  0.00   2  16   4:58pm WNW 30.44   60
6    44.9  56.5   4:36pm  32.1   5:00am   20    0  0.00   3  19  11:28am  SE 30.29   55
7    37.8  45.0  11:26am  31.2  12:00am   27    0  0.08   5  24  10:50am   N 30.01   77
8    38.1  41.9   5:17pm  35.8   6:00am   27    0  0.01   7  28   2:24pm   N 29.91   95
9    48.9  64.8   3:47pm  37.2   5:18am   16    0  0.00   3  14   4:56am NNW 29.98   83
10   58.2  71.8   4:29pm  44.2   2:36am    8    1  0.00   3  20   5:01pm  SE 29.93   71
11   58.9  73.9   2:07pm  48.1   5:43am    7    1  0.18   4  20  10:39pm SSE 29.80   80
12   35.3  50.0  12:00am  27.2   8:47am   30    0  0.01   9  31   8:42am  NW 30.16   64
13   35.4  47.8   5:08pm  24.1   5:36am   30    0  0.00   6  21  12:04pm WNW 30.25   45
14   42.5  48.4  11:35pm  29.1  12:40am   23    0  0.00   2  16  12:25pm   E 29.89   50
15   44.3  48.1   1:42am  41.5   4:19am   21    0  0.31   3  17   9:07am ESE 29.75   95
16   44.3  50.7   6:22pm  40.1   6:27am   21    0  0.20   1  17   3:57pm WSW 29.83   96
17   41.5  46.6   3:35pm  34.8   5:19am   24    0  0.00   3  14   4:29pm   W 30.02   72
18   41.3  49.7   2:04pm  34.0  12:00am   24    0  0.00   2  19   3:51pm   W 30.06   78
19   44.3  55.2   4:58pm  35.2  12:00am   21    0  0.00   3  19   3:27pm   W 30.04   75
20   46.7  57.6   5:54pm  32.4   5:00am   18    0  0.00   3  19  11:12am   N 29.96   66
21   45.6  54.0  12:41pm  35.5   5:00am   19    0  0.06   4  19   1:05pm   N 29.88   74
22   40.6  43.3   4:22pm  36.3   6:28am   25    0  0.24   5  18   4:56am   N 29.71  100
23   44.2  48.1   4:25pm  41.1   6:28am   21    0  0.19   4  27  10:45pm   N 29.65  100
24   45.0  55.5   3:02pm  39.9   6:06am   20    0  0.00   6  30  12:37am  NE 29.81   88
25   45.3  51.0   3:13pm  39.6   6:14am   20    0  0.00   6  24   3:42pm   N 29.88   82
26   46.5  52.3  10:12am  43.5   5:28am   19    0  0.08   6  20  12:01am   N 29.71   92
27   46.6  50.6   2:08pm  43.8   2:40am   18    0  0.08   3  14  12:28pm WSW 29.67  100
28   55.1  66.4   4:07pm  46.9  12:00am   10    0  0.00   3  18  11:39am WSW 29.69   81
29   52.3  61.3  11:24am  44.4   4:49am   13    0  0.08   2  16  11:44am  NW 29.71   90
30   51.0  62.4   4:10pm  43.8   2:26am   14    0  0.21   2  13   3:54pm   W 29.80   94
31   52.7  58.8   3:50pm  47.8   4:15am   12    0  0.38   1  14   1:04pm   W 29.97   97
---------------------------------------------------------------------------------------
TOT  44.3  73.9  5/11/05  24.1  5/13/05  645    2  2.33   4  31  5/12/05   N 29.92   80

HEAT BASE: 65.0
COOL BASE: 65.0