NOAA-Style Climate Reports


Report for 2005 June
                  MONTHLY CLIMATOLOGICAL SUMMARY FOR 6/2005
                                        HEAT  COOL        
     MEAN                               DEG   DEG       WIND SPEED       DOM MEAN  MEAN
DAY  TEMP  HIGH   TIME     LOW   TIME   DAYS  DAYS RAIN AVG  HI  TIME    DIR BAROM HUM
---------------------------------------------------------------------------------------
1    57.2  69.4   6:01pm  49.1  12:53am    8    0  0.00   1  12  12:16pm SSE 30.11   84
2    62.0  76.4   4:47pm  46.4   3:59am    6    3  0.00   1  14   4:00pm   S 30.09   67
3    64.3  77.5   5:15pm  50.4   5:15am    4    4  0.00   2  14  11:25am  SW 29.95   71
4    65.4  78.0   4:13pm  51.9   5:15am    4    4  0.00   3  18   1:02pm WNW 29.82   66
5    66.3  76.7   5:07pm  54.3   1:25am    2    4  0.00   3  13   6:27am   W 29.84   75
6    60.7  69.9   1:12pm  55.7   5:50am    5    0  0.02   5  21   9:49am  SE 29.82   88
7    65.5  75.8   3:05pm  58.5   5:50am    2    3  0.01   4  27   4:25pm  SW 29.65   76
8    59.7  69.4   1:56pm  51.3  11:56pm    6    0  0.00   3  17   4:00pm   W 29.84   85
9    65.1  78.9   2:35pm  50.9  12:00am    4    4  0.00   1  18   4:39pm SSE 30.00   86
10   69.1  76.6   3:52pm  61.4   2:40am    1    5  0.00   2  17   9:17am   S 29.95   93
11   72.8  83.7   3:30pm  63.2   3:50am    0    8  0.01   0  10  12:03pm SSW 29.92   85
12   72.7  79.9   4:41pm  65.4   3:50am    0    8  0.00   2  17   2:52pm SSW 29.84   90
13   71.1  77.6   4:22pm  66.3  11:40pm    0    6  0.00   2  16   1:23pm  SW 29.68   94
14   65.5  74.4  10:02am  54.1  11:07pm    2    2  1.65   2  16  11:38am   E 29.50   99
15   53.6  56.0   8:38am  50.4  10:29pm   11    0  0.35   5  18  12:02pm   E 29.55  100
16   53.4  57.1   4:34pm  50.4   3:20am   12    0  0.11   4  19  12:46am ESE 29.53  100
17   57.1  61.6   3:39pm  53.4   6:08am    8    0  1.09   1  12   6:04am ESE 29.53  100
18   57.3  62.5   2:16pm  52.6   4:08am    8    0  0.63   3  18   1:55pm  NW 29.79   98
19   57.5  67.4   4:10pm  45.4   5:44am    8    0  0.00   3  13   8:18am   N 30.11   81
20   59.5  73.0   4:11pm  43.5  12:00am    7    2  0.01   1  14   4:54pm  SW 30.12   79
21   64.2  75.1   5:00pm  50.1   4:47am    4    3  0.00   3  20   4:06pm WSW 29.85   76
22   56.5  63.2  12:00am  42.1  11:57pm    8    0  0.11   6  25   4:50pm  NW 29.84   78
23   53.0  65.3   2:26pm  37.9   4:47am   12    0  0.01   2  16  10:27am WSW 30.05   76
24   64.8  77.5   4:17pm  48.4  12:00am    4    4  0.00   2  19   2:26pm SSW 29.96   65
25   75.3  85.7   3:33pm  65.9  12:04am    0   10  0.00   2  19   1:07pm  SW 29.87   62
26   72.7  83.1   5:12pm  63.0   5:33am    0    8  0.00   1  12  10:44am   W 30.01   79
27   72.6  84.7   3:33pm  61.0   5:12am    1    8  0.00   2  18   6:45pm  SE 30.10   85
28   71.2  82.8   2:41pm  64.0   5:12am    0    6  0.21   2  14   3:59pm SSE 29.96   89
29   68.8  76.2   2:18pm  62.5   2:32am    0    4  0.28   1  12   9:23am SSW 29.84   97
30   71.9  81.6   4:13pm  63.2  11:46pm    0    7  0.00   1  17  10:25pm WNW 29.81   81
---------------------------------------------------------------------------------------
TOT  64.2  85.7  6/25/05  37.9  6/23/05  128  105  4.49   2  27   6/7/05  SW 29.86   84

HEAT BASE: 65.0
COOL BASE: 65.0