NOAA-Style Climate Reports


Report for 2005 July
                  MONTHLY CLIMATOLOGICAL SUMMARY FOR 7/2005
                                        HEAT  COOL        
     MEAN                               DEG   DEG       WIND SPEED       DOM MEAN  MEAN
DAY  TEMP  HIGH   TIME     LOW   TIME   DAYS  DAYS RAIN AVG  HI  TIME    DIR BAROM HUM
---------------------------------------------------------------------------------------
1    66.7  75.5   1:28pm  61.6   4:46am    1    3  0.02   4  18   4:34pm  SE 29.64   94
2    58.0  64.8  12:00am  47.0  11:45pm    7    0  0.00   6  25   9:35am WSW 29.76   84
3    61.3  74.4   5:17pm  46.6   2:00am    6    3  0.00   1  16   3:09pm SSE 30.05   72
4    66.6  78.9   5:31pm  54.0   4:02am    3    5  0.00   2  17   5:01pm SSE 30.02   70
5    66.6  77.3   2:42pm  59.4   1:52am    2    4  1.00   2  19   4:47pm SSE 29.83   89
6    63.0  67.4   4:15pm  60.2  11:36pm    2    0  0.01   3  14  12:19pm   N 29.89   98
7    62.1  70.3   4:38pm  56.3  12:04pm    4    1  0.00   2  16  12:54am ENE 30.05   86
8    60.5  67.8   2:55pm  52.9   6:11am    5    0  0.02   2  12  11:03am   E 30.04   91
9    56.7  58.6   2:42pm  54.7   1:51am    8    0  1.27   2  16   6:41pm WSW 29.81   99
10   67.3  78.9   2:56pm  57.6   1:51am    2    5  0.08   5  19   5:52pm WNW 29.83   85
11   69.5  78.0   3:01pm  56.2  11:29pm    1    5  0.00   3  28   2:08pm  NW 29.87   76
12   67.3  80.4   2:28pm  53.8  12:02am    3    5  0.00   1  11  12:25pm   E 29.96   73
13   68.6  80.6   2:29pm  59.4   3:49am    1    5  0.00   1  12   3:54pm  SE 29.89   86
14   69.3  77.1  10:44am  62.4  12:00am    0    5  0.10   2  16   1:21pm  SW 29.86   91
15   67.1  76.7   4:18pm  56.8  11:10pm    2    4  0.01   2  11  12:25pm NNW 29.99   74
16   67.8  78.9   3:47pm  53.5   3:05am    3    6  0.37   1  11  11:20am   E 30.04   91
17   72.0  79.5   2:27pm  66.3   1:24am    0    7  0.01   2  12   1:21pm  SE 29.97   94
18   73.8  82.0   5:35pm  69.6   1:55am    0    9  0.00   2  14  12:50pm SSE 29.84   93
19   72.6  83.5  12:49pm  63.0  10:49pm    0    8  0.27   2  21   2:57pm  SW 29.78   91
20   66.8  74.3   4:32pm  59.9   3:25am    1    3  0.00   4  21   4:44pm   W 29.87   85
21   65.7  77.1   4:08pm  53.5   2:24am    3    4  0.00   2  14  12:22pm  NW 29.86   83
22   66.1  78.2  12:01pm  59.7  12:49am    2    3  0.04   2  11   8:07am WNW 29.82   91
23   61.9  68.3  11:26am  56.3   5:51am    4    0  0.01   4  24   4:15pm WNW 29.91   79
24   58.9  69.4   5:33pm  46.4   6:12am    7    1  0.00   3  18   1:29pm  NW 29.95   70
25   65.5  76.0   4:32pm  54.1  12:00am    2    3  0.00   3  22   3:41pm  SW 29.68   85
26   69.0  80.2   1:14pm  57.7  12:00am    2    6  0.32   1  14   1:23pm SSE 29.70   77
27   64.8  68.9  11:03am  58.3  11:58pm    1    1  1.03   4  22   5:39pm WNW 29.65  100
28   60.0  70.5   5:25pm  50.3  11:59pm    6    1  0.01   2  12  12:10am   N 29.97   82
29   60.3  70.6   4:43pm  49.2   4:49am    6    1  0.00   2  17  12:47pm WSW 30.03   82
30   60.4  68.8   4:35pm  49.1  11:13pm    5    1  0.01   2  16  11:44am  NW 30.18   75
31   58.6  67.1   4:39pm  48.1   2:02am    6    0  0.00   2  14   5:14pm  SE 30.19   85
---------------------------------------------------------------------------------------
TOT  65.0  83.5  7/19/05  46.4  7/24/05   97   97  4.58   2  28  7/11/05 WNW 29.90   85

HEAT BASE: 65.0
COOL BASE: 65.0