NOAA-Style Climate Reports


Report for 2005 August
                  MONTHLY CLIMATOLOGICAL SUMMARY FOR 8/2005
                                        HEAT  COOL        
     MEAN                               DEG   DEG       WIND SPEED       DOM MEAN  MEAN
DAY  TEMP  HIGH   TIME     LOW   TIME   DAYS  DAYS RAIN AVG  HI  TIME    DIR BAROM HUM
---------------------------------------------------------------------------------------
1    64.2  74.4   3:18pm  57.7  10:58pm    3    2  0.49   2  16  12:24pm  SW 29.96   93
2    66.6  76.9   4:21pm  58.6  12:54am    1    3  0.11   3  25   6:52pm WSW 29.86   91
3    65.8  74.4   2:49pm  51.8  11:59pm    2    3  0.00   2  16   2:14pm WSW 29.89   84
4    65.5  76.9   3:03pm  51.5  12:43am    4    4  0.03   2  13   9:57am ESE 29.96   85
5    68.4  74.8   2:28pm  57.9   2:08am    1    4  0.06   3  24   3:25pm  SW 29.86   89
6    61.8  71.7   4:54pm  50.9  11:38pm    5    2  0.00   3  17   1:58am   N 30.07   69
7    63.7  77.1   3:35pm  50.3   3:00am    6    4  0.00   1  16   1:43pm SSW 30.05   77
8    66.6  80.1   2:30pm  52.6   4:07am    4    5  0.00   0   8   8:14am   W 30.04   81
9    69.7  80.2   2:58pm  58.3   1:40am    1    6  0.00   1  13   2:30pm SSW 29.96   82
10   70.7  82.2   2:19pm  60.2   5:46am    1    6  0.00   1  14   3:50pm SSE 29.83   85
11   66.9  75.1   2:01pm  57.4  11:46pm    1    3  0.00   3  18   3:14pm   W 29.84   84
12   64.6  73.4  12:00pm  56.3   1:31am    2    2  0.06   1  21  10:30am  SE 29.91   90
13   70.3  77.5   2:39pm  61.7  12:00am    0    5  0.02   4  24  10:51am  SW 29.76   82
14   61.2  66.9   8:43am  56.8   3:04am    4    0  0.29   1   8   1:29pm   N 29.89   99
15   64.7  74.3   3:27pm  55.9  11:53pm    3    3  0.01   1  12   8:19am NNE 30.01   85
16   63.7  74.4   2:44pm  53.5  11:45pm    4    2  0.05   1  17   2:08pm  SE 29.96   88
17   58.9  66.9   1:12pm  49.4  11:57pm    6    0  0.00   4  25  11:41am WNW 29.88   78
18   50.5  59.9   3:37pm  40.5   3:36am   15    0  0.00   2  14   2:12pm   W 30.06   81
19   58.4  69.6   2:59pm  44.5   6:24am    7    1  0.00   3  17  10:30pm  SE 30.07   83
20   59.9  65.3  11:42pm  54.0   5:23am    5    0  0.08   5  22  12:45pm   E 29.91   97
21   67.1  75.7   2:48pm  55.6  11:41pm    1    3  1.62   3  26   3:18pm   W 29.70   91
22   58.4  66.6  10:58am  50.3  10:50pm    7    0  0.17   2  16   1:52pm WSW 29.73   89
23   54.2  64.5  12:53pm  47.0   5:08am   11    0  0.02   2  21   2:35pm WSW 29.91   95
24   55.2  63.0   3:45pm  50.3   1:11am   10    0  0.07   3  18   1:39pm  NW 30.06   98
25   58.4  69.4   1:58pm  48.6  11:49pm    7    1  0.00   3  17  11:11am WNW 30.14   84
26   60.6  75.0   4:59pm  47.8   3:53am    7    2  0.01   2  13   9:28am WNW 30.04   79
27   63.4  74.8  12:39pm  50.1   5:54am    5    3  0.01   2  20   3:09pm SSE 29.96   78
28   62.1  66.8   5:24pm  57.3   1:31am    3    0  0.21   3  18   4:34am  SE 29.91   99
29   67.8  72.5  12:35pm  62.7  12:00am    0    3  0.02   1  10   9:35am ESE 29.92  100
30   69.2  72.7  11:44am  66.6   4:05am    0    4  0.02   2  14  10:49am  SE 29.82   97
31   70.7  76.7   4:36pm  66.4  11:09pm    0    6  2.96   6  31  11:12am   E 29.47  100
---------------------------------------------------------------------------------------
TOT  63.5  82.2  8/10/05  40.5  8/18/05  125   79  6.31   2  31  8/31/05   W 29.92   88

HEAT BASE: 65.0
COOL BASE: 65.0