NOAA-Style Climate Reports


Report for 2005 November
                  MONTHLY CLIMATOLOGICAL SUMMARY FOR 11/2005
                                        HEAT  COOL        
     MEAN                               DEG   DEG       WIND SPEED       DOM MEAN  MEAN
DAY  TEMP  HIGH   TIME     LOW   TIME   DAYS  DAYS RAIN AVG  HI  TIME    DIR BAROM HUM
---------------------------------------------------------------------------------------
1    48.7  60.2   1:03pm  37.7  11:31pm   16    0  0.07   4  26   2:22pm   S 29.80   71
2    33.4  37.9   1:55am  28.4  11:54pm   32    0  0.06   6  26   2:04pm WSW 29.86   90
3    40.5  52.7   3:13pm  26.5   2:19am   25    0  0.00   5  29   7:56pm  SW 29.84   75
4    40.6  49.3   2:33pm  32.7   6:53am   24    0  0.00   3  22  12:05am   E 29.89   88
5    47.3  59.9   2:01pm  35.2   6:53am   18    0  0.00   1  12   8:29am   S 29.92   85
6    46.3  50.0   7:27am  42.7   2:43am   19    0  0.37   4  21   3:45pm ESE 29.86   94
7    39.8  44.7  12:00am  37.4   6:27pm   25    0  0.01   9  34  11:58am  SW 29.81   74
8    31.7  37.9  12:00am  23.3  11:59pm   33    0  0.03   6  26   2:44pm  SW 29.97   83
9    26.5  34.1  11:56pm  16.9   6:23am   39    0  0.67   3  22   3:33pm   E 29.97   85
10   29.8  37.1  10:43am  21.1   9:45am   35    0  0.18   6  29   1:13pm  SW 29.56   94
11   21.1  23.3  12:10pm  18.8   7:36am   44    0  0.01   7  24   2:02pm WSW 29.91   88
12   26.5  37.8   2:13pm  15.5   2:31am   39    0  0.03   1  10  12:00am SSE 30.18   77
13   42.3  51.4   1:00pm  32.7   1:36am   23    0  0.00   3  19   3:05pm  SE 30.07   65
14   38.9  47.4   6:00am  25.3  11:54pm   26    0  0.00   5  33  11:02am   W 30.12   72
15   30.4  35.8  11:43pm  24.9  12:50am   35    0  0.63   3  20  12:31pm   E 30.30   91
16   41.3  50.6   3:03pm  33.3  11:55pm   24    0  0.79   7  30   1:32pm ESE 29.88  100
17   27.8  33.3  12:00am  23.3  11:59pm   37    0  0.01   5  20   9:37am  SW 29.92   91
18   15.9  23.3  12:00am   8.5  10:53pm   49    0  0.01   5  22  12:05am  SW 30.17   82
19   22.0  30.4   1:43pm   8.6  12:00am   43    0  0.00   2  17  12:19pm SSE 30.23   79
20   32.2  38.9  11:29am  21.9   1:38am   33    0  0.01   2  13  10:06am SSW 30.03   73
21   39.1  47.7  12:23pm  31.7  11:51pm   26    0  0.00   2  21   2:18pm SSW 29.72   68
22   28.8  36.9   2:38am  16.1  11:58pm   36    0  0.16   5  26  10:35pm WNW 29.13   95
23    9.7  16.1  12:00am  -1.1  12:00am   55    0  0.00   3  25  12:31am SSW 29.40   90
24   13.8  22.2   3:10pm  -0.3  12:00am   51    0  0.00   0   0  12:00am   N 29.34   92
25   11.2  18.0   2:01pm   4.0   5:57am   54    0  0.02   2  19  11:15am SSW 29.89   90
26   15.2  19.2  10:20am   8.8  12:00am   50    0  0.00   1  12  12:07am SSE 30.27   93
27   20.4  26.8  11:55pm   8.8   6:54am   45    0  0.08   2  20  10:32pm  SE 30.36   95
28   32.8  39.9  10:50pm  26.8  12:00am   31    0  0.45   4  26  10:17pm ESE 30.32  100
29   44.7  48.0   2:25pm  39.5   1:18am   20    0  0.02   9  34   4:55pm ESE 30.04  100
30   39.8  48.7   2:08am  28.1  12:00am   25    0  0.57   5  31  12:00am  NW 29.85   99
---------------------------------------------------------------------------------------
TOT  30.9  60.2  11/1/05  -1.1 11/23/05 1011    0  4.18   4  34  11/7/05  SW 29.92   85

HEAT BASE: 65.0
COOL BASE: 65.0