NOAA-Style Climate Reports


Report for 2005 December
                  MONTHLY CLIMATOLOGICAL SUMMARY FOR 12/2005
                                        HEAT  COOL        
     MEAN                               DEG   DEG       WIND SPEED       DOM MEAN  MEAN
DAY  TEMP  HIGH   TIME     LOW   TIME   DAYS  DAYS RAIN AVG  HI  TIME    DIR BAROM HUM
---------------------------------------------------------------------------------------
1    27.8  29.9   4:04am  25.8   3:58am   37    0  0.00   0  11  12:09am WNW 29.83   96
2    24.7  29.2  12:00am  16.6   3:58am   40    0  0.00   0   0  12:00am   N 29.33   98
3    14.0  16.9   1:49pm  10.9   7:26am   51    0  0.00   1  19   7:10pm NNW 29.71   92
4    16.7  21.1  12:37pm   9.5   4:24am   48    0  0.00   2  18  12:08am WNW 29.81   92
5    18.0  24.0   1:30pm  12.4   6:57am   47    0  0.03   3  20   9:56am WNW 29.98   89
6    15.8  19.1  12:06pm  12.9  11:02pm   49    0  0.00   2  18   1:07pm WSW 29.91   91
7     7.2  13.0  12:00am   1.8   4:37pm   58    0  0.00   7  27   2:38pm WSW 30.11   89
8     4.5  13.5   1:31pm  -1.6  10:44pm   60    0  0.00   2  16  11:32am   W 30.55   87
9    13.5  20.7   2:46pm   0.4  12:00am   51    0  0.00   3  26   5:45pm   W 29.99   92
10   19.8  25.6  11:32am  14.3  12:00am   45    0  0.00   2  17  12:51pm   S 29.78   95
11   18.4  25.8   1:05pm  11.4  10:17pm   47    0  0.04   1  13   1:16am   S 29.48   94
12   12.8  19.9   3:16am  -0.7  12:00am   52    0  0.00   3  18   2:30pm WNW 29.66   92
13    0.2   6.7   1:22pm  -4.2   9:54pm   65    0  0.00   3  16  11:47am  NW 30.23   85
14    0.5   8.1   1:43pm  -5.1   2:30am   64    0  0.00   3  19   9:20am  NW 30.48   84
15    8.3  22.1   1:16pm  -6.2  12:12am   57    0  0.06   1   8  10:06pm  NE 30.32   81
16   19.4  23.4  11:09pm  13.2   5:48am   46    0  0.00   4  26   9:28am   E 29.88   93
17   21.1  23.4  12:45am  19.2   5:48am   44    0  0.00   3  18   2:05am  SW 30.20   96
18   19.8  21.5  10:58am  17.2  11:52pm   45    0  0.00   1  12  10:08pm SSW 30.29   95
19   14.8  17.2  12:00am   9.7   8:53pm   50    0  0.00   4  19  12:38pm  SW 29.96   92
20   14.3  19.1  11:30am   5.3  12:39am   51    0  0.00   4  19   2:55am  SW 29.83   92
21    5.0  13.4  11:44pm  -4.2   7:26am   60    0  0.00   1  13  12:39am SSE 30.01   88
22    9.9  19.4  11:58pm  -0.5   7:43am   55    0  0.00   3  19  12:21am SSE 30.00   90
23   24.5  27.4  11:53pm  19.4  12:00am   41    0  0.00   2  14   4:37am SSW 29.78   97
24   28.7  30.1  11:46pm  27.4  12:00am   36    0  0.00   2  14   8:38am WSW 29.81  100
25   31.5  34.5  12:54pm  30.1  12:00am   34    0  0.81   3  18  10:16pm ESE 29.75   99
26   28.7  35.5   9:46am  13.8  12:00am   36    0  0.64   5  24  11:22pm NNW 29.27   98
27   13.7  16.7   1:43pm  11.9   6:43am   51    0  0.00   6  29   2:12am NNW 29.68   92
28   19.5  27.7  11:57pm   7.8  12:00am   45    0  0.00   2  19   8:40pm NNE 29.80   90
29   34.6  38.9   1:42pm  27.7  12:00am   30    0  0.30   5  21  11:30pm   E 29.47  100
30   15.9  30.4  12:47am   6.3  11:53pm   49    0  0.01   0  20  12:07am  NW 29.65   94
31   10.3  17.2  12:42pm  -2.0   5:54am   55    0  0.00   0   0  12:00am   N 29.87   91
---------------------------------------------------------------------------------------
TOT  16.6  38.9 12/29/05  -6.2 12/15/05 1500    0  1.89   3  29 12/27/05 NNW 29.89   92

HEAT BASE: 65.0
COOL BASE: 65.0