NOAA-Style Climate Reports


Report for 2006 January
                  MONTHLY CLIMATOLOGICAL SUMMARY FOR 1/2006
                                        HEAT  COOL        
     MEAN                               DEG   DEG       WIND SPEED       DOM MEAN  MEAN
DAY  TEMP  HIGH   TIME     LOW   TIME   DAYS  DAYS RAIN AVG  HI  TIME    DIR BAROM HUM
---------------------------------------------------------------------------------------
1    17.9  21.5  11:40pm  15.3   2:55am   47    0  0.00   0   0  12:00am   N 29.97   95
2    20.5  26.8   1:36pm  14.2   8:45pm   44    0  0.02   0   0  12:00am   N 30.15   96
3    19.8  28.6  12:33pm  11.0  11:49pm   45    0  0.02   0   0  12:00am   N 30.09   95
4    16.7  27.0   1:50pm   6.3   6:15am   48    0  0.00   1  17   9:18pm   E 29.97   84
5    23.5  27.7  10:13pm  19.1  12:00am   42    0  0.00   2  19   3:12am   E 29.57   97
6    16.1  23.9  12:00am   6.5  11:58pm   49    0  0.00   3  16   2:58am   E 29.65   94
7     5.2  11.4   1:48pm   0.4  12:00am   60    0  0.00   1  10   1:04am   E 29.82   88
8    15.7  24.2   1:40pm   7.2  12:00am   49    0  0.01   1   8   6:42am   E 30.01   93
9    23.4  30.1   5:12pm  19.2   3:13am   42    0  0.00   5  24   7:49pm SSE 29.92   97
10   21.8  27.0   1:38pm  18.1   6:07pm   43    0  0.00   3  22   3:33am  SW 30.28   96
11   31.1  37.7  11:07pm  21.0  12:55am   34    0  0.50   2  17  11:19pm SSE 30.01   97
12   32.8  37.7  12:29am  27.4  12:00am   32    0  0.12   4  24   3:41am  SW 29.78  100
13   34.4  43.7  12:09pm  25.9   2:33am   31    0  0.01   2  17  10:01pm  SE 29.79   94
14   36.6  45.6  11:52am  15.1  12:00am   29    0  0.62   7  31   8:55pm WNW 29.31   99
15   -0.1  15.1  12:00am  -8.2  12:00am   65    0  0.00   9  31   2:17pm WNW 29.57   86
16   -3.2   2.9   2:12pm -10.7   7:16am   68    0  0.00   7  25   4:05pm WNW 29.78   83
17   14.3  24.6  12:21pm   0.4   2:01am   51    0  0.00   4  30   9:57pm WNW 30.14   83
18   31.0  44.1   2:20pm  21.9  12:00am   34    0  1.38   9  36  11:35am  SE 29.51   97
19   22.6  25.5  12:00am  19.1   6:02pm   42    0  0.00   7  35   1:00am  SW 29.95   78
20   34.3  40.4   1:56pm  22.7  12:00am   31    0  0.02   3  21  12:25pm SSW 29.97   79
21   32.8  47.7  11:32am  11.9  11:42pm   33    0  0.08   7  41   7:53pm  SW 29.83   88
22   11.3  17.5  10:15pm   2.1   7:29am   54    0  0.00   3  24   2:45am   W 30.54   81
23   22.2  24.9   2:06pm  16.3  12:00am   43    0  0.00   3  21   6:28am ESE 30.06   86
24   22.8  26.7   1:40pm  20.2  12:00am   42    0  0.07   2  18   9:55pm  SE 29.70   92
25   23.8  28.7  10:31am  20.4   7:13am   41    0  0.01   2  14  12:27am WNW 29.49   97
26   12.5  22.1  12:00am   2.7  11:11pm   53    0  0.00   6  22   4:44am WNW 30.04   91
27   13.3  25.6   9:21pm   1.2   3:48am   50    0  0.00   3  18  11:49am WNW 30.34   80
28   30.4  37.9   3:49pm  18.5   1:10am   35    0  0.05   4  20  10:56pm  SW 30.02   77
29   28.0  32.0   1:53pm  25.5   7:09am   37    0  0.00   3  19  12:52am   E 29.85   88
30   27.3  29.3   8:17am  25.9   8:42pm   38    0  0.00   3  16   9:08pm   E 29.75   99
31   26.7  28.7  11:50am  24.0  11:49pm   38    0  0.06   1  11  10:38am   E 29.72   98
---------------------------------------------------------------------------------------
TOT  21.5  47.7  1/21/06 -10.7  1/16/06 1350    0  2.97   4  41  1/21/06   E 29.89   91

HEAT BASE: 65.0
COOL BASE: 65.0