NOAA-Style Climate Reports


Report for 2006 February
                  MONTHLY CLIMATOLOGICAL SUMMARY FOR 2/2006
                                        HEAT  COOL        
     MEAN                               DEG   DEG       WIND SPEED       DOM MEAN  MEAN
DAY  TEMP  HIGH   TIME     LOW   TIME   DAYS  DAYS RAIN AVG  HI  TIME    DIR BAROM HUM
---------------------------------------------------------------------------------------
1    22.3  24.2   2:08pm  21.0   7:21am   43    0  0.00   1  17   1:06am WNW 29.82   96
2    24.5  30.1   2:30pm  18.5   6:15am   41    0  0.08   2  16  10:58pm ESE 29.93   95
3    31.6  36.6   4:39pm  27.0  12:00am   33    0  0.42   5  22   9:38am   E 29.69   99
4    33.8  38.2  11:11am  27.4   6:15am   31    0  0.09   3  22   1:25am ENE 29.77   86
5    33.8  40.1  12:27pm  24.6  11:58pm   31    0  0.69   5  27   1:47am  SW 29.21   94
6    19.4  24.7  12:27am  11.9  11:58pm   46    0  0.00   7  28   1:10pm  SW 29.39   83
7     8.7  12.1  12:58pm   5.5  11:44pm   56    0  0.00   6  22   2:49pm WSW 29.75   89
8     5.9   9.3  12:47pm   2.0  11:57pm   59    0  0.00   4  18  10:38am   W 29.94   87
9     4.0  11.4   2:39pm  -6.0   7:26am   61    0  0.00   3  17   6:34pm   W 29.93   85
10   -1.4   3.6   2:22pm  -6.8  12:28am   65    0  0.00   4  20   9:25am   W 30.05   82
11    2.1  15.1   2:24pm -10.3  12:00am   62    0  0.01   1  11   1:08pm  NW 30.15   79
12    6.1  12.7  12:27pm  -0.9  12:32am   59    0  0.00   4  19   3:44pm  NW 29.74   72
13   10.1  19.2   2:39pm   0.4   2:57am   55    0  0.00   4  21   1:40pm  SW 29.67   76
14   21.0  27.0   2:17pm  16.1   3:30am   44    0  0.00   4  19  11:28am SSW 29.84   81
15   33.4  43.2   2:16pm  25.3  12:00am   32    0  0.02   3  20   1:19pm SSE 30.00   68
16   36.2  44.1   1:41pm  25.8   6:39am   29    0  0.01   3  21  11:28pm  SE 30.11   72
17   25.5  40.1   8:14am   4.0  11:49pm   38    0  0.31   8  40   1:39pm WSW 29.65   85
18   -4.2   4.0  12:00am -11.2  10:25pm   69    0  0.00   7  32   3:25pm WSW 30.03   80
19    2.0  10.0   3:14pm -10.3  12:00am   63    0  0.00   6  27   8:13am  SW 30.13   82
20   11.5  17.8   2:05pm   6.5   5:38am   53    0  0.00   4  20   1:01am  SW 29.95   81
21   15.3  20.2   2:06pm   7.8   7:09am   50    0  0.00   2  14  12:12pm   S 29.83   85
22   19.7  26.1   4:05pm  11.9   6:43am   45    0  0.08   2  14  11:12am   S 29.93   78
23   24.6  30.4  12:01pm  19.7  12:00am   41    0  0.01   2  14  12:19pm SSE 29.76   85
24   14.1  23.1   2:48am   2.3  11:15pm   51    0  0.00   8  31   4:00pm   W 29.83   89
25    4.3   9.7   6:10pm  -4.5   5:27am   61    0  0.00   2  18  10:00pm NNW 30.05   82
26   -1.4   4.2   1:34pm  -7.0  11:57pm   66    0  0.00   8  29   2:03pm WNW 29.99   81
27   -3.9   3.3   3:26pm -10.3   5:55am   69    0  0.00   8  32   1:22pm WSW 29.80   70
28    3.4  10.2   1:44pm  -2.8   4:54am   62    0  0.00   8  26   1:55pm WSW 29.65   59
---------------------------------------------------------------------------------------
TOT  14.4  44.1  2/16/06 -11.2  2/18/06 1415    0  1.72   4  40  2/17/06  SW 29.84   82

HEAT BASE: 65.0
COOL BASE: 65.0