NOAA-Style Climate Reports


Report for 2006 May
                  MONTHLY CLIMATOLOGICAL SUMMARY FOR 5/2006
                                        HEAT  COOL        
     MEAN                               DEG   DEG       WIND SPEED       DOM MEAN  MEAN
DAY  TEMP  HIGH   TIME     LOW   TIME   DAYS  DAYS RAIN AVG  HI  TIME    DIR BAROM HUM
---------------------------------------------------------------------------------------
1    49.5  58.7  12:01pm  38.2   5:28am   16    0  0.00   4  20   4:16pm ENE 30.33   37
2    40.8  44.3  12:00am  37.7   5:11am   24    0  0.36   2  14   8:12am   N 29.99   88
3    46.9  52.2   2:40pm  41.4  12:00am   18    0  0.14   1  10   1:36am  NE 29.84   98
4    55.4  70.1   5:38pm  46.5   7:39am   10    1  0.05   2  16   8:45pm WSW 29.72   79
5    54.6  62.3   4:19pm  46.3   5:51am   10    0  0.00   4  19  12:48am   W 29.62   65
6    45.2  59.0  12:48pm  33.2  11:32pm   20    0  0.23   5  25   4:31pm WNW 29.70   79
7    36.2  47.8   5:07pm  26.7   5:44am   29    0  0.00   5  25  12:18pm WSW 30.03   70
8    48.2  62.9   4:06pm  29.8   1:12am   17    0  0.00   2  13   8:54am  SE 30.09   52
9    50.7  62.6   4:15pm  36.8   4:46am   14    0  0.00   3  20   4:16pm   E 29.99   57
10   53.8  65.7   3:59pm  43.5   5:10am   11    0  0.00   4  16   4:22am  NE 29.86   76
11   54.3  64.1  12:26pm  49.1   1:02am   11    0  0.00   5  25   2:19pm   E 29.82   83
12   50.3  61.7  12:23pm  45.1  11:46pm   15    0  0.03   7  27  12:50pm   E 29.82   87
13   42.7  45.1  12:00am  40.7   2:15pm   22    0  0.84   8  26   7:23am ENE 30.00   95
14   46.4  55.5   2:02pm  41.4  12:00am   19    0  0.31   7  27   1:43am   E 30.07   87
15   47.8  55.6   3:32pm  44.0   1:32am   17    0  0.07   5  25   3:33pm   E 29.97   87
16   45.9  50.6  12:55pm  44.1  11:57pm   19    0  0.29   4  18   5:36pm   E 29.57   98
17   45.9  49.4   2:27pm  43.5   5:40am   19    0  0.31   3  16   1:55am SSW 29.39   98
18   50.4  59.0   3:24pm  46.3  12:17am   15    0  0.89   1  12  11:47pm SSE 29.39   95
19   45.7  49.6   8:52am  40.7  11:08pm   19    0  1.56   3  21   5:36pm SSW 29.38   99
20   43.4  53.1   1:59pm  39.9   9:38pm   22    0  0.26   6  25   1:57am  SW 29.38   95
21   41.0  49.6  11:55am  35.1  11:58pm   24    0  0.28   4  19   1:11pm  SW 29.46   94
22   33.5  35.8   1:50am  29.9   9:32am   31    0  0.52   9  28   9:31am WSW 29.67   99
23   36.9  44.1   4:36pm  32.0   3:34am   28    0  0.04   6  24   4:28pm WSW 29.83   96
24   45.5  57.0   5:40pm  35.9  11:56pm   20    0  0.06   4  19  12:50pm   W 29.86   84
25   54.1  71.9   4:28pm  34.2   5:08am   12    1  0.00   2  18  12:30pm SSW 29.75   65
26   60.9  73.7   2:38pm  52.4   6:00am    5    1  0.04   2  16   2:41pm SSE 29.55   73
27   56.2  61.3   5:35pm  45.6  11:39pm    9    0  0.00   3  17  11:47am WNW 29.71   93
28   60.9  76.7   5:21pm  45.4   1:46am    7    3  0.01   2  12   1:29pm WNW 30.03   71
29   63.4  74.6   5:53pm  54.6   3:56am    4    2  0.00   2  16   9:02am WNW 29.98   77
30   64.1  75.8   2:14pm  55.6   5:16am    3    2  0.01   2  16   1:27pm SSE 30.04   83
31   64.2  81.6   3:49pm  54.3   1:33am    4    3  0.31   2  32   4:39pm SSE 30.01   85
---------------------------------------------------------------------------------------
TOT  49.5  81.6  5/31/06  26.7   5/7/06  493   14  6.61   4  32  5/31/06   E 29.80   82

HEAT BASE: 65.0
COOL BASE: 65.0