NOAA-Style Climate Reports


Report for 2006 July
                  MONTHLY CLIMATOLOGICAL SUMMARY FOR 7/2006
                                        HEAT  COOL        
     MEAN                               DEG   DEG       WIND SPEED       DOM MEAN  MEAN
DAY  TEMP  HIGH   TIME     LOW   TIME   DAYS  DAYS RAIN AVG  HI  TIME    DIR BAROM HUM
---------------------------------------------------------------------------------------
1    57.1  69.9   3:58pm  46.8   4:36am    8    0  0.34   0  11   1:52am SSW 29.92   88
2    64.8  77.1   4:35pm  54.2  12:00am    3    3  0.44   0   3  12:00am ENE 29.73   84
3    62.1  74.7   5:18pm  49.1   5:55am    5    2  0.00   0   1   3:54am  SE 29.90   76
4    66.8  76.0  11:31am  59.9   7:34pm    2    3  1.05   0   1  11:28am WSW 29.77   81
5    61.8  68.5   2:39pm  55.3  10:51pm    4    1  0.01   0   0  12:00am   N 29.77   83
6    57.2  64.4   2:20pm  50.9   5:56am    8    0  0.00   0   0  12:00am   N 29.94   80
7    60.9  69.5   3:19pm  51.8   5:26am    5    1  0.00   0   1  10:09am WSW 30.11   79
8    64.9  76.9   4:54pm  50.0   5:09am    4    4  0.00   0   0  12:00am   N 30.09   75
9    64.8  76.2   3:39pm  53.4   4:24am    4    3  0.00   0   0  12:00am   N 29.89   77
10   65.6  75.8   1:52pm  54.6   4:53am    3    4  0.00   0   0  12:00am   N 29.90   79
11   64.3  73.7   2:58pm  56.7  11:42pm    2    2  0.02   0   0  12:00am   N 29.96   86
12   62.9  71.6  10:02am  56.1   5:04am    4    1  0.79   0   0  12:00am   N 29.94   92
13   65.9  77.6   4:08pm  58.7   5:05am    2    3  0.16   0   0  12:00am   N 29.82   87
14   68.4  80.0   4:46pm  55.8   4:47am    2    6  0.01   0   0  12:00am   N 29.86   82
15   68.8  78.9   3:32pm  59.3   5:06am    1    5  0.00   0   0  12:00am   N 29.81   85
16   71.4  82.0   5:12pm  62.9  12:57am    0    7  0.00   0   0  12:00am   N 29.84   79
17   73.5  82.7   2:00pm  59.8   5:28am    1    9  0.00   0   0  12:00am   N 29.80   81
18   67.7  73.9  10:47am  55.6  11:50pm    1    3  0.01   0   0  12:00am   N 29.83   83
19   64.5  77.1   5:45pm  50.6   4:53am    4    4  0.00   0   0  12:00am   N 30.10   74
20   67.5  77.8   4:25pm  57.5   5:25am    2    4  0.00   0   0  12:00am   N 30.05   65
21   65.4  74.0   4:54pm  56.7  11:43pm    2    2  0.00   0   0  12:00am   N 29.80   91
22   60.8  70.6  10:47am  55.2  10:44pm    5    1  0.53   0   0  12:00am   N 29.73   95
23   55.3  62.6   6:28pm  49.6  11:14pm   10    0  0.20   0   0  12:00am   N 29.76   97
24   60.1  72.6   4:34pm  48.2   2:26am    6    1  0.00   0   0  12:00am   N 29.89   81
25   65.2  76.5   3:28pm  57.2   5:26am    2    2  0.27   0   0  12:00am   N 29.86   83
26   67.5  80.0   2:42pm  57.3   5:11am    2    5  0.12   0   0  12:00am   N 29.84   88
27   69.7  78.7   5:10pm  59.9  12:21am    1    6  0.01   0   0  12:00am   N 29.79   87
28   66.8  73.7  11:10am  63.6  10:54pm    0    2  0.52   0   0  12:00am   N 29.73   96
29   68.3  77.2   5:07pm  57.8   5:51am    1    4  0.00   0   0  12:00am   N 29.69   88
30   59.2  69.7   4:29pm  44.3  11:49pm    7    1  0.15   0   0  12:00am   N 29.74   79
31   61.6  75.6   3:38pm  43.1   3:08am    7    3  0.01   0   0  12:00am   N 29.79   85
---------------------------------------------------------------------------------------
TOT  64.5  82.7  7/17/06  43.1  7/31/06  108   94  4.64   0  11   7/1/06 SSW 29.86   83

HEAT BASE: 65.0
COOL BASE: 65.0