NOAA-Style Climate Reports


Report for 2006 August
                  MONTHLY CLIMATOLOGICAL SUMMARY FOR 8/2006
                                        HEAT  COOL        
     MEAN                               DEG   DEG       WIND SPEED       DOM MEAN  MEAN
DAY  TEMP  HIGH   TIME     LOW   TIME   DAYS  DAYS RAIN AVG  HI  TIME    DIR BAROM HUM
---------------------------------------------------------------------------------------
1    73.3  85.6   3:45pm  63.9   4:24am    0    8  0.50   0   0  12:00am   N 29.69   88
2    71.4  82.9   1:44pm  65.5   5:13am    0    6  1.82   0   0  12:00am   N 29.63   93
3    65.0  71.1   4:52pm  59.6  10:20pm    1    1  0.12   0   0  12:00am   N 29.63   93
4    66.3  76.0   4:07pm  60.1  12:00am    2    3  0.03   0  13   6:20pm   W 29.75   83
5    59.4  66.0   4:21pm  53.1  11:58pm    6    0  0.00   0  14   1:20pm   E 29.99   76
6    59.4  73.5   2:25pm  45.1   4:35am    7    2  0.00   0  10   4:15pm   W 30.13   78
7    65.7  77.1   3:52pm  59.3   3:06am    2    3  0.08   1  17   2:07pm WSW 29.85   90
8    59.2  67.4   4:04pm  50.0  11:42pm    6    0  0.00   1  17  12:30pm   E 29.93   82
9    59.3  70.6   4:27pm  44.8   4:42am    8    1  0.00   1  11  12:29pm WSW 29.99   75
10   55.8  73.3  11:45am  45.2  10:55pm    9    0  0.19   0  13   9:32am WSW 29.80   86
11   50.3  60.1   3:30pm  38.7  11:26pm   14    0  0.00   1  13   3:12pm   N 29.90   82
12   48.8  58.0   1:13pm  38.0   1:28am   16    0  0.00   1  16  11:42am NNW 29.98   80
13   51.2  61.8   2:22pm  38.8   2:51am   14    0  0.00   2  14  10:27am NNW 29.98   77
14   57.7  71.0   2:38pm  41.4   3:53am    8    1  0.00   1  11   1:22pm SSE 29.83   74
15   61.8  70.1   2:50pm  56.2  11:48pm    3    1  0.11   2  19   1:09pm WSW 29.73   77
16   60.1  69.4   4:14pm  52.2   5:58am    5    0  0.00   2  16  12:52pm   W 30.03   82
17   59.8  73.0   4:06pm  47.5   4:48am    7    2  0.00   1  11   2:13pm   W 30.20   77
18   63.2  77.0   3:49pm  50.1   2:04am    5    3  0.00   2  16   3:39pm  SW 30.10   77
19   64.4  73.7  12:43pm  56.5   3:36am    2    2  0.00   2  13   4:04pm  SW 29.90   84
20   58.3  61.4   5:15pm  54.3  11:59pm    7    0  3.24   3  19  10:04am ESE 29.74   99
21   53.1  57.3   6:42pm  46.8  11:54pm   12    0  0.02   4  18   1:07pm WNW 29.90   99
22   57.6  69.0   2:24pm  45.9   5:12am    8    0  0.00   3  19   4:06pm   W 29.95   85
23   52.2  61.6   2:09pm  43.5  11:52pm   13    0  0.00   3  23   1:43pm WNW 29.96   80
24   49.7  60.7   2:04pm  39.8   3:37am   15    0  0.00   2  13  11:21am   W 30.00   81
25   52.4  66.2   2:28pm  40.1   2:52am   13    0  0.00   1  11  10:45am  NE 30.05   77
26   53.7  67.6   3:34pm  42.1   1:50am   11    0  0.00   1  11   4:30pm   S 30.17   84
27   49.9  53.0  12:50am  47.4   9:22pm   15    0  0.29   6  26   5:20pm  SE 30.12   96
28   54.9  66.0   5:55pm  47.8   1:38am   10    0  0.03   1  10  12:32am ESE 29.94   96
29   58.0  68.4   4:33pm  49.7  11:54pm    7    0  0.00   1   8   3:38pm  NW 29.84   94
30   52.7  62.2   4:04pm  42.6  11:38pm   12    0  0.00   4  21   3:31pm  NW 29.96   83
31   50.5  62.3   2:48pm  42.2   1:36am   14    0  0.00   4  16   9:46am NNW 30.20   83
---------------------------------------------------------------------------------------
TOT  57.2  85.6   8/1/06  38.0  8/12/06  255   34  6.43   2  26  8/27/06   W 29.95   85

HEAT BASE: 65.0
COOL BASE: 65.0