NOAA-Style Climate Reports


Report for 2006 November
                  MONTHLY CLIMATOLOGICAL SUMMARY FOR 11/2006
                                        HEAT  COOL        
     MEAN                               DEG   DEG       WIND SPEED       DOM MEAN  MEAN
DAY  TEMP  HIGH   TIME     LOW   TIME   DAYS  DAYS RAIN AVG  HI  TIME    DIR BAROM HUM
---------------------------------------------------------------------------------------
1    38.3  47.6  12:53am  28.8   6:45pm   27    0  0.01   3  21   3:43am   W 29.90   81
2    30.0  36.1   1:37am  24.2  11:29pm   35    0  0.12   2  15   1:45am   W 29.92   88
3    25.4  29.8   2:08pm  22.9  11:43pm   40    0  0.00   4  18  11:55am   W 30.12   85
4    24.3  30.6  12:39pm  16.9   7:00am   41    0  0.01   3  20  11:40am   W 30.38   78
5    28.9  35.3  12:48pm  22.1   6:18am   36    0  0.00   2  14  11:25pm  SW 30.43   77
6    35.5  42.2   2:25pm  31.8  12:21am   29    0  0.00   3  13  12:00am  SW 30.32   78
7    40.0  45.3   1:13pm  35.1   3:17am   25    0  0.00   2  18   1:03pm   S 30.15   65
8    43.8  46.2  11:33pm  38.6  12:51am   21    0  0.35   3  15   9:11pm  SE 29.79   97
9    47.3  51.6   3:41pm  43.6   6:12am   18    0  0.06   4  26  10:22pm   W 29.47   98
10   36.2  44.1  12:00am  27.7  11:28pm   29    0  0.00   7  32  12:48am WNW 29.83   92
11   40.7  52.9   2:10pm  27.0   4:49am   24    0  0.11   3  23   8:57am  SE 29.90   88
12   39.0  44.5  12:00am  33.1   7:11am   26    0  0.57   3  14   7:47am NNW 30.09   99
13   44.1  47.9  10:53am  41.3   1:41am   21    0  0.02   5  22   9:37pm   E 30.12   98
14   45.3  47.3  12:55pm  42.8   3:50am   20    0  0.32   3  16   2:55am   E 29.77   98
15   46.6  49.4  11:28am  44.9   6:45am   18    0  0.01   3  16   7:28pm   S 29.93   98
16   52.5  57.9   9:17pm  47.7  12:00am   13    0  0.21   8  34  10:59pm  SE 29.80   99
17   49.8  58.6   2:15am  32.4  11:58pm   15    0  0.06   8  41   2:14am   W 29.55   89
18   29.5  32.8   1:36pm  26.5   5:59am   35    0  0.00   5  23   1:02am WNW 29.92   92
19   26.6  28.4  12:00am  24.0  10:42pm   38    0  0.00   3  13   8:43pm WNW 29.91   95
20   21.2  24.0  12:00am  19.6  10:03am   44    0  0.00   6  20   7:46pm WNW 30.07   93
21   22.3  31.1   2:00pm  17.0  11:33pm   43    0  0.00   3  19   2:55am WNW 30.47   80
22   26.2  41.5   1:34pm  16.4   4:07am   39    0  0.01   1   7  11:39pm NNE 30.49   71
23   36.0  47.2  11:21am  25.9   6:30am   29    0  0.00   2  12  11:30pm  NE 30.29   38
24   30.0  40.5  12:45am  21.3  11:35pm   35    0  0.00   6  28   4:53am NNW 30.20   70
25   31.9  43.3   2:08pm  20.2  12:42am   33    0  0.00   2  13  12:30pm  SE 30.32   62
26   38.1  46.3  11:56am  26.2   1:32am   27    0  0.00   1  12  10:53am  SW 30.24   71
27   43.4  51.0  12:54pm  38.4   4:33am   22    0  0.04   2  11   1:31pm  NW 30.19   86
28   34.5  39.0  12:00am  31.9   6:09pm   30    0  0.06   3  20   7:12pm  SE 30.34   99
29   37.2  42.5  10:32pm  32.7  12:02am   28    0  0.01   4  19   2:48am  SE 30.27  100
30   50.7  58.0  12:44pm  41.7  11:54pm   14    0  0.14   6  25   8:11pm   S 29.94   93
---------------------------------------------------------------------------------------
TOT  36.5  58.6 11/17/06  16.4 11/22/06  854    0  2.11   4  41 11/17/06   W 30.07   85

HEAT BASE: 65.0
COOL BASE: 65.0