NOAA-Style Climate Reports


Report for 2006 December
                  MONTHLY CLIMATOLOGICAL SUMMARY FOR 12/2006
                                        HEAT  COOL        
     MEAN                               DEG   DEG       WIND SPEED       DOM MEAN  MEAN
DAY  TEMP  HIGH   TIME     LOW   TIME   DAYS  DAYS RAIN AVG  HI  TIME    DIR BAROM HUM
---------------------------------------------------------------------------------------
1    37.2  44.0  12:25am  31.5   7:42am   28    0  1.82   5  35   6:58pm NNW 29.67   98
2    27.1  34.6   1:01am  18.6  11:58pm   32    0  0.01  11  42   9:40am   W 29.86   85
3    23.9  32.8   2:20pm  13.3   6:08am   41    0  0.00   4  25  12:34am SSW 30.24   79
4    17.3  28.9  12:28am   8.5  10:33pm   48    0  0.00   6  22  12:26am WNW 30.00   91
5     9.5  16.5   1:04pm   2.5   3:58am   55    0  0.01   1  10  12:41am   W 30.18   89
6    19.2  28.3  11:43pm   7.7   1:45am   46    0  0.00   4  23  12:01pm  SE 30.13   85
7    25.3  31.7   9:37am   8.3  11:53pm   39    0  0.01   5  22   5:52pm WNW 29.85   95
8     4.3   8.9  11:17pm  -0.9   8:25am   61    0  0.00   8  26   4:32am WNW 30.02   89
9    18.0  22.9   2:20pm   7.9  12:45am   47    0  0.00   3  13   6:30am  SW 30.13   94
10   26.9  33.4   2:48pm  20.1   3:56am   38    0  0.09   3  14   6:05am WSW 30.12   88
11   28.9  31.0  12:46am  24.6  11:53pm   36    0  0.00   3  13   1:40pm WNW 30.35   96
12   24.9  34.0   1:06pm  10.6   7:24am   40    0  0.07   3  21  10:32pm  SE 30.56   85
13   32.2  37.2  10:15pm  27.1  12:00am   33    0  0.17   4  28   2:31am  SE 30.14   98
14   37.7  45.2   1:29pm  31.8   7:19am   27    0  0.02   3  15   4:22am  SW 29.85   87
15   37.0  43.3  11:28am  28.8   7:48pm   28    0  0.06   2  16  12:38am  SE 29.64   89
16   29.9  33.8  12:00am  24.3  11:04pm   35    0  0.14   6  25   8:31am   W 29.90   98
17   33.6  40.8   3:04pm  24.6  12:55am   31    0  0.01   4  23   2:56pm WSW 29.93   89
18   30.0  34.3   1:09am  24.0  11:51pm   35    0  0.00   5  26   8:47pm WNW 29.98   86
19   20.8  24.1  12:00am  18.6   7:19pm   44    0  0.00   6  23  12:39am   W 30.16   89
20   23.4  30.5   1:59pm  10.6   7:30am   42    0  0.03   4  18   1:01pm  SW 30.22   84
21   27.9  33.9  11:29am  21.1  11:59pm   37    0  0.00   7  29   4:48pm   W 30.13   72
22   23.7  30.7  12:54pm  15.1   5:49am   41    0  0.00   3  21   3:24pm  SE 30.34   80
23   32.8  36.5   2:07pm  28.9  12:00am   32    0  0.06   3  21   4:30pm   W 29.79   98
24   29.9  33.4   1:10am  25.3   6:27pm   35    0  0.01   7  27  11:54am   W 29.81   92
25   29.2  35.8   1:19pm  21.5   7:15am   36    0  0.03   2  22  12:39am   W 30.05   79
26   28.6  31.2  11:25am  24.3  11:07pm   36    0  0.01   4  21   5:55pm  SW 29.46   98
27   17.3  24.4  12:02am  10.8  11:32pm   48    0  0.00   5  18   2:32pm  SW 29.76   94
28   16.9  23.2  11:37am  11.8  12:00am   48    0  0.00   4  22  12:12pm  SW 30.26   94
29    5.2  12.5  12:00am  -2.0   8:02pm   60    0  0.00   3  15  12:07am  SW 30.69   88
30   14.8  20.7   2:01pm   5.1  12:06am   50    0  0.00   3  18   8:51pm WNW 30.42   93
31   16.1  20.8   2:35pm   9.1   7:00pm   49    0  0.00   3  19  11:54pm WNW 30.38   94
---------------------------------------------------------------------------------------
TOT  24.2  45.2 12/14/06  -2.0 12/29/06 1260    0  2.55   4  42  12/2/06  SW 30.07   90

HEAT BASE: 65.0
COOL BASE: 65.0