NOAA-Style Climate Reports


Report for 2007 January
                  MONTHLY CLIMATOLOGICAL SUMMARY FOR 1/2007
                                        HEAT  COOL        
     MEAN                               DEG   DEG       WIND SPEED       DOM MEAN  MEAN
DAY  TEMP  HIGH   TIME     LOW   TIME   DAYS  DAYS RAIN AVG  HI  TIME    DIR BAROM HUM
---------------------------------------------------------------------------------------
1    27.7  31.0   7:02pm  20.6  12:00am   37    0  0.00   5  25   5:02am  SE 29.91   97
2    22.2  31.1   1:29am  16.5  10:14pm   43    0  0.00   6  25   6:55am   W 29.94   96
3    24.1  33.4   1:49pm  10.0   4:18am   41    0  0.09   2  14   9:30pm  SW 30.13   88
4    33.4  41.9   2:25pm  24.8   4:46am   32    0  0.24   3  14   7:05pm  SW 29.99   73
5    43.2  47.2  11:06pm  38.4   4:49am   22    0  0.34   3  19  10:33am  SW 29.78   84
6    44.8  53.1   1:48pm  30.5  11:46pm   20    0  0.93   7  35   2:41pm   W 29.52   96
7    29.0  33.0   1:28pm  25.1   6:01pm   36    0  0.00   7  33   4:41am   W 30.11   80
8    30.2  33.4   2:01pm  26.3  11:57pm   35    0  0.38   5  29   7:07pm WSW 29.57   95
9    23.5  27.8  12:58pm  18.2  11:57pm   42    0  0.00   6  24  12:47am WSW 29.59   89
10    9.5  18.7  12:24am  -1.2  11:55pm   56    0  0.00   7  28   9:20pm WNW 29.98   89
11    8.5  21.2  11:54pm  -2.7   2:24am   57    0  0.00   4  18   4:20am  SE 30.46   84
12   27.3  34.0  11:32pm  21.2  12:00am   38    0  0.00   3  13   4:00am   S 30.16   88
13   22.4  37.0   4:59am   7.4  10:38pm   43    0  0.11   4  18   9:30am  NW 30.16   95
14   19.4  25.1   1:15pm   9.2  12:00am   46    0  0.00   1   9   9:20am WNW 30.27   94
15   18.5  24.3   5:33pm  12.6   3:00am   46    0  0.00   3  20   4:15pm  SE 29.96   93
16    3.4  17.1  12:00am -10.5  11:54pm   62    0  0.00   8  28  10:24pm WNW 29.99   89
17  -11.9  -5.1  11:59pm -17.1   7:38am   77    0  0.00   5  21   2:05am WNW 30.63   84
18   11.4  20.1   1:19pm  -5.1  12:00am   54    0  0.01   3  15   7:55am   S 30.42   88
19   20.4  22.9   9:41am  14.8   6:56am   45    0  0.00   4  19   3:36pm WNW 29.67   95
20    3.6  18.5  12:00am  -5.6  11:58pm   61    0  0.00  11  37   7:02pm   W 29.80   90
21   -4.1   4.3   1:10pm -10.5   7:23am   69    0  0.00   5  26  12:14am WNW 30.30   87
22    7.9  13.8   3:26pm  -1.0  12:00am   57    0  0.00   0   7   9:10am   S 29.96   88
23   10.8  16.3   2:11pm   0.8   7:10am   54    0  0.00   1   9  11:40am  NW 29.82   89
24   11.4  18.7   8:16am  -7.5  11:59pm   54    0  0.00   4  22   8:49am WNW 29.88   87
25   -7.4  -1.0   1:46pm -14.5   3:30am   72    0  0.00   4  18  11:19am WNW 29.88   83
26  -14.2 -10.7   2:30pm -16.8   7:34am   79    0  0.00   7  24  10:41am WNW 29.91   82
27   -2.3   9.0   2:27pm -18.1   4:59am   67    0  0.00   1  11  12:07am   S 29.82   84
28    7.6  14.4   2:36pm   1.1  11:56pm   55    0  0.00   2  13  12:17pm   N 29.67   86
29   -0.5   6.1   1:25pm  -7.7   7:35am   65    0  0.00   4  22  12:21pm   W 29.79   79
30   -5.1   4.7   2:44pm -13.2   7:05am   70    0  0.00   3  14   1:27am WNW 29.93   75
31    6.6  15.5   2:09pm  -5.6   3:40am   58    0  0.00   4  23   2:12pm   W 29.90   83
---------------------------------------------------------------------------------------
TOT  13.6  53.1   1/6/07 -18.1  1/27/07 1591    0  2.10   4  37  1/20/07   W 29.96   87

HEAT BASE: 65.0
COOL BASE: 65.0