NOAA-Style Climate Reports


Report for 2007 March
                  MONTHLY CLIMATOLOGICAL SUMMARY FOR 3/2007
                                        HEAT  COOL        
     MEAN                               DEG   DEG       WIND SPEED       DOM MEAN  MEAN
DAY  TEMP  HIGH   TIME     LOW   TIME   DAYS  DAYS RAIN AVG  HI  TIME    DIR BAROM HUM
---------------------------------------------------------------------------------------
1    14.9  26.2   3:36pm  -2.6   5:08am   50    0  0.00   2  18  12:38pm WNW 30.15   57
2    20.7  24.4   2:53pm  13.9  11:55pm   44    0  0.00   6  39  12:05pm ESE 29.69   94
3    24.6  35.5  12:17pm  11.6   2:26am   40    0  0.28   3  21   2:49pm   S 29.55   93
4    20.2  25.9   2:17pm  13.7  11:48pm   45    0  0.07   6  23  10:38pm   W 29.51   94
5    12.2  22.4  12:05pm  -4.7  11:59pm   53    0  0.00   7  32   7:26pm   W 29.55   91
6   -14.0  -4.7  12:00am -19.3   8:15am   79    0  0.00  13  34   6:18am WNW 30.15   82
7    -5.7   4.1   3:46pm -18.0   6:29am   71    0  0.00   3  19  12:00am   W 30.23   75
8    -5.6   2.6  12:00am -11.9   7:53pm   71    0  0.00   7  26   1:35pm WNW 30.20   77
9     5.1  23.2   4:36pm -21.0   5:55am   60    0  0.01   2  15   3:06pm   S 30.46   57
10   27.4  36.2   2:39pm  15.2   3:32am   38    0  0.09   4  19   2:05pm  SE 30.10   70
11   29.2  33.9  12:09am  20.8  11:10pm   34    0  0.01   5  22  11:25am   W 30.09   82
12   30.9  43.7   4:48pm  17.4   7:07am   34    0  0.00   3  18   3:20pm WSW 30.14   57
13   38.3  47.4   2:31pm  28.3  12:00am   27    0  0.01   2  15   4:56pm   S 29.99   53
14   48.2  57.4   2:02pm  44.2  12:26am   17    0  0.15   5  20   1:53pm  SW 29.76   77
15   30.8  46.4   1:50am  11.4  11:58pm   34    0  0.50   6  25   3:30pm WNW 29.93   90
16   13.1  20.5   4:12pm   5.0   6:10am   52    0  0.00   4  20   6:04pm WNW 30.34   63
17   13.0  15.8   3:12pm  11.1   9:16am   52    0  0.00   6  23   5:13am  NW 29.69   92
18   12.5  15.7   5:18pm   8.4   7:39am   53    0  0.00   8  32   4:14pm   W 29.70   91
19   17.1  25.2   2:09pm   5.7   6:45am   48    0  0.02   5  27   4:11am   W 30.09   77
20   14.4  25.7   5:02am   4.0  11:28pm   51    0  0.01   8  32  11:14am WNW 30.19   76
21   17.3  32.9   4:29pm  -6.0   6:44am   48    0  0.01   4  20   5:46pm   S 30.63   40
22   38.7  52.2   1:12pm  24.6   3:29am   26    0  0.08   6  26   1:18pm   S 29.96   78
23   33.7  43.3  12:22am  26.8  11:33pm   31    0  0.00   6  25  10:24am WNW 30.02   84
24   29.4  43.0   1:28pm  16.5   6:02am   36    0  0.00   1  13   5:25pm  SE 30.28   75
25   31.5  40.9   3:39pm  25.2  10:30pm   34    0  0.07   2  15   4:18pm WNW 30.37   76
26   32.1  36.2  11:56pm  24.3   1:07am   33    0  0.11   3  17  10:53am  SE 30.17   88
27   39.4  42.3   1:23pm  35.5   4:19am   26    0  0.04   4  20   3:01pm WNW 29.94   99
28   29.1  40.9  12:00am  22.9  11:54pm   36    0  0.01   9  31   4:10pm WNW 30.20   65
29   25.5  34.2   5:56pm  15.5   6:34am   39    0  0.00   9  32  12:39am  NW 30.38   43
30   31.1  39.0  11:42am  24.1  11:57pm   34    0  0.00   7  34  12:49pm WNW 30.21   51
31   26.3  37.2   4:30pm  16.4   6:40am   39    0  0.00   5  21   1:48am  NW 30.24   41
---------------------------------------------------------------------------------------
TOT  22.0  57.4  3/14/07 -21.0   3/9/07 1331    0  1.47   5  39   3/2/07 WNW 30.06   74

HEAT BASE: 65.0
COOL BASE: 65.0