NOAA-Style Climate Reports


Report for 2007 May
                  MONTHLY CLIMATOLOGICAL SUMMARY FOR 5/2007
                                        HEAT  COOL        
     MEAN                               DEG   DEG       WIND SPEED       DOM MEAN  MEAN
DAY  TEMP  HIGH   TIME     LOW   TIME   DAYS  DAYS RAIN AVG  HI  TIME    DIR BAROM HUM
---------------------------------------------------------------------------------------
1    38.5  49.3   4:20pm  31.4   6:00am   27    0  0.00   7  29   2:51pm WNW 29.89   70
2    39.4  47.1  12:17pm  27.9   5:43am   26    0  0.00   5  35   3:35pm  NW 29.90   63
3    39.8  47.9   3:49pm  31.3   1:46am   25    0  0.00   8  37   4:21pm  NW 30.12   48
4    41.4  50.9   4:05pm  29.7  11:59pm   24    0  0.00   7  34   1:35pm  NW 30.13   43
5    37.8  48.0  11:18am  26.5   4:28am   27    0  0.00   6  37   1:10pm  NW 30.15   54
6    38.4  50.2   5:15pm  28.1   5:51am   27    0  0.00   5  29  12:19pm NNE 30.41   62
7    48.1  66.0   4:17pm  27.4   4:24am   17    0  0.00   4  19   2:02pm  SW 30.32   42
8    60.7  73.9   3:43pm  46.2   3:31am    7    2  0.00   5  25  11:50am  SW 30.02   29
9    64.6  76.8   2:27pm  46.9   5:30am    4    3  0.00   2  22   3:23pm  SW 29.93   45
10   65.7  78.7   3:27pm  51.2   4:25am    4    5  0.00   2  22  10:59pm   S 29.85   58
11   59.1  68.5   5:28pm  45.8  11:59pm    6    0  0.09   5  26  11:42pm   W 29.77   77
12   42.5  53.4   4:01pm  31.5   5:55am   22    0  0.00   7  30  12:07am NNW 30.00   56
13   40.3  47.9   4:55pm  29.4  11:58pm   25    0  0.00   7  31   3:47pm  NW 30.11   42
14   47.5  62.0   5:12pm  27.0   1:20am   18    0  0.00   5  31  11:34am   W 30.10   45
15   49.5  61.0   2:56pm  42.4   4:20am   15    0  0.23   4  22   3:17am  SW 29.73   83
16   45.5  51.6   8:00am  38.4  10:35pm   20    0  1.75   4  24   4:27pm ESE 29.63   99
17   35.1  38.9  12:53am  31.1   7:39am   30    0  0.09   3  14   4:28am WNW 30.05   98
18   39.2  44.7   3:09pm  35.1   6:34am   26    0  0.00   2  16  11:56pm   E 30.18   91
19   43.9  52.0  10:22pm  35.7   5:31am   21    0  0.04   6  24   5:38am   N 29.91   90
20   45.2  50.4   1:38am  35.2  10:43pm   20    0  0.14   6  29   9:57pm NNW 29.69   94
21   40.7  51.8   3:54pm  33.4   2:28am   24    0  0.00   7  29   3:00pm  NW 30.02   77
22   45.9  60.3   3:58pm  28.7   4:08am   19    0  0.00   3  23  12:05pm WNW 30.28   57
23   53.9  70.5   4:38pm  35.3   1:40am   12    1  0.00   2  17   2:09pm   S 30.33   59
24   64.1  79.2   2:16pm  45.5   5:06am    6    5  0.00   4  24   1:22pm   W 30.21   63
25   70.0  80.3   3:33pm  58.0   1:53am    1    6  0.00   5  26  12:11pm   W 30.02   55
26   60.0  66.2   1:00am  45.4  11:31pm    5    0  0.00   7  32   2:38pm WNW 29.99   63
27   50.8  61.3  11:19am  39.5   5:00am   14    0  0.13   3  26  11:21am  SE 30.06   85
28   56.4  64.4  11:18am  48.1   9:54pm    9    0  0.02   8  32  12:28pm   W 29.96   80
29   52.6  62.8   4:14pm  42.0  11:46pm   12    0  0.00   6  28   1:51pm WNW 30.14   71
30   54.4  67.4   3:20pm  41.6   2:18am   11    0  0.02   2  22  11:36am   W 30.10   81
31   53.4  54.8   3:00am  52.3  12:55pm   12    0  0.27   2  12  12:07pm ESE 30.05   99
---------------------------------------------------------------------------------------
TOT  49.2  80.3  5/25/07  26.5   5/5/07  513   22  2.78   5  37   5/3/07 WNW 30.03   67

HEAT BASE: 65.0
COOL BASE: 65.0