NOAA-Style Climate Reports


Report for 2007 June
                  MONTHLY CLIMATOLOGICAL SUMMARY FOR 6/2007
                                        HEAT  COOL        
     MEAN                               DEG   DEG       WIND SPEED       DOM MEAN  MEAN
DAY  TEMP  HIGH   TIME     LOW   TIME   DAYS  DAYS RAIN AVG  HI  TIME    DIR BAROM HUM
---------------------------------------------------------------------------------------
1    60.1  66.5   2:20pm  53.9  12:32am    5    0  0.20   4  28   2:34pm   W 29.90   94
2    62.8  71.9   3:51pm  56.0   6:12am    3    1  0.71   2  26   8:57pm  SW 29.82   91
3    57.6  65.8   3:45pm  52.1  11:58pm    7    0  0.01   3  18   3:47pm  SE 29.78   96
4    52.1  58.1   2:23pm  48.0   4:29am   13    0  0.32   5  28  12:23pm ESE 29.54   97
5    58.0  68.8   1:36pm  46.9  11:58pm    7    0  0.07   4  22   4:39pm   S 29.36   93
6    41.1  47.0   4:09pm  34.9   6:34am   24    0  0.00   7  29  12:32pm WNW 29.75   85
7    46.3  57.4   2:50pm  33.9   5:19am   19    0  0.00   3  19   9:57am WNW 30.00   79
8    61.1  75.2   2:33pm  42.9   4:08am    7    3  0.00   3  19   1:15pm  SE 29.86   74
9    63.2  72.9   2:57pm  57.4   3:10am    3    1  0.00   4  25  12:42am  NW 29.86   82
10   59.0  69.0   4:35pm  52.3  11:50pm    6    0  0.00   1  11   3:38pm ESE 29.97   86
11   65.4  76.8   2:30pm  51.7   1:31am    3    3  0.00   4  24  12:45pm   N 29.97   73
12   66.9  76.7  11:51am  54.3   5:26am    2    4  0.06   2  17  11:04am NNE 29.96   71
13   57.6  65.2   4:40pm  43.7  11:53pm    7    0  0.00   3  19   5:49pm ESE 30.03   80
14   56.4  71.9   4:25pm  41.0   5:22am   10    1  0.00   2  19  10:31am NNE 30.07   75
15   60.4  76.4   3:41pm  44.2   5:00am    8    3  0.00   1  14  11:44am NNW 29.99   69
16   61.2  77.1   3:01pm  47.7   5:01am    7    3  0.29   2  14  12:52pm   W 29.87   77
17   58.9  67.2  12:24pm  50.6  11:53pm    6    0  0.02   3  28   5:13pm   W 29.80   90
18   57.6  70.6   4:04pm  41.4   4:45am    8    1  0.00   3  17   2:58pm NNW 29.98   71
19   64.5  78.1   3:26pm  48.5   2:53am    4    4  0.13   4  24   1:03pm  SE 29.91   69
20   59.9  65.8   4:07pm  51.9  11:29pm    5    0  0.26   6  28   2:32pm WNW 29.75   85
21   54.1  61.0   4:02pm  48.5   9:01pm   11    0  0.25   5  26  12:25pm WNW 29.75   83
22   49.0  55.2   1:34pm  45.2  11:51pm   16    0  0.90   6  32   1:55pm WNW 29.67   96
23   48.0  54.7   3:23pm  41.8   4:41am   17    0  0.00   6  32  12:44pm WNW 29.78   81
24   53.1  65.0   4:53pm  37.1   5:43am   12    0  0.00   5  24  10:55am   W 29.95   69
25   61.9  75.6   3:36pm  49.5   2:03am    5    2  0.07   2  18   3:16pm  SW 30.06   83
26   71.3  82.7   5:02pm  56.5  12:04am    1    7  0.00   5  28   4:07pm  SW 30.03   67
27   72.2  84.4   3:47pm  61.4   5:44am    0    7  0.06   3  29   5:29pm  SW 29.86   74
28   64.1  74.6   1:23pm  49.7  11:59pm    3    2  0.31   6  30   4:05pm   W 29.75   86
29   51.9  63.0   2:45pm  42.2   5:39am   13    0  0.00   5  19   2:14am  NW 29.94   71
30    0.0  42.9   5:35am  42.9   5:35am    0    0  0.00   0   1   5:35am ---  0.00    0
---------------------------------------------------------------------------------------
TOT   0.0  42.9   7/1/07  42.9   7/1/07  233   44  0.00   0   1   7/1/07 ---  0.00    0

HEAT BASE: 65.0
COOL BASE: 65.0