NOAA-Style Climate Reports


Report for 2007 July
                  MONTHLY CLIMATOLOGICAL SUMMARY FOR 7/2007
                                        HEAT  COOL        
     MEAN                               DEG   DEG       WIND SPEED       DOM MEAN  MEAN
DAY  TEMP  HIGH   TIME     LOW   TIME   DAYS  DAYS RAIN AVG  HI  TIME    DIR BAROM HUM
---------------------------------------------------------------------------------------
1    46.2  49.1   9:15am  42.3   4:25am   14    0  0.01   4  23   3:51pm WNW 30.00   89
2    49.4  60.6   5:41pm  42.5  11:41pm   16    0  0.16   5  26  12:26pm WNW 30.08   86
3    52.8  66.7   6:04pm  38.9   1:54am   12    0  0.01   3  18   1:32pm WNW 30.12   80
4    56.5  69.3   1:49pm  42.7   1:54am    9    1  0.16   3  25  12:03pm   S 30.00   81
5    59.1  67.9   1:33pm  52.4  10:46pm    6    0  0.18   3  19   1:26pm   W 29.79   91
6    59.0  67.1   3:46pm  51.1   4:15am    6    0  0.57   3  29   9:04pm WNW 29.74   90
7    53.9  64.9  12:37pm  47.7   5:38am   11    0  0.07   3  23   3:08pm WNW 29.75   93
8    55.1  64.1   6:37pm  46.8  11:58pm   10    0  0.41   2  13   4:01pm WNW 29.73   96
9    57.8  66.2   4:53pm  46.8  12:00am    6    0  0.91   3  23   1:06pm  SE 29.80   98
10   68.7  81.4   3:51pm  57.2   5:38am    1    5  0.14   2  18  10:42pm  SE 29.84   90
11   65.7  70.3  11:44am  60.0  11:27pm    1    1  0.88   4  26   2:42pm  SE 29.66   98
12   57.7  68.0   5:04pm  47.4  11:59pm    8    0  0.00   5  25  12:46am WNW 29.73   83
13   53.8  67.8   1:02pm  44.6  11:32pm   11    0  0.08   3  24   7:21am   W 29.81   87
14   56.9  68.3   5:14pm  44.4  12:31am    8    0  0.00   2  19  12:47pm  SW 29.85   77
15   61.1  72.0   2:38pm  51.3  11:50pm    5    1  0.10   3  22   1:02pm  SW 29.70   84
16   57.6  70.3   3:21pm  45.8   5:22am    8    1  0.00   2  17   2:39pm   W 29.88   79
17   58.7  71.3   2:47pm  44.2   5:23am    8    2  0.00   2  22   1:53pm  SW 29.96   76
18   57.3  59.8   9:22am  53.3  12:38am    8    0  0.74   1  16   6:03pm  SE 29.89   97
19   61.0  67.1   3:01pm  56.7  12:00am    2    0  0.35   5  24   1:10pm ESE 29.58   93
20   58.5  67.1   3:01pm  51.3  11:36pm    5    0  0.35   6  29   7:57pm   W 29.63   94
21   57.6  68.6   3:28pm  46.7  11:56pm    7    0  0.00   5  19   8:32am  NW 29.96   82
22   59.2  74.6   4:56pm  44.6   5:48am    8    2  0.00   2  18  10:43am   N 30.17   71
23   61.5  72.1  12:16pm  48.2   3:31am    5    2  0.00   2  14   9:58am   E 30.13   76
24   65.0  76.7   4:42pm  57.1   1:42am    3    3  0.00   2  14   2:54pm  SW 29.97   81
25   65.4  77.7   4:51pm  55.1   2:21am    4    4  0.00   2  17   3:51pm WNW 30.07   79
26   67.4  80.3   3:27pm  54.9   5:43am    3    6  0.00   2  16   2:10pm  SW 30.03   79
27   68.5  82.0   3:21pm  59.9  11:12pm    2    5  0.08   2  19   1:56pm  SW 29.85   85
28   63.1  71.5   2:26pm  58.0   9:41pm    3    1  0.21   1  13   9:44am   S 29.79   94
29   64.3  74.8   3:09pm  53.0  11:55pm    3    3  0.00   3  16  12:03pm  NW 29.90   80
30   62.9  75.6   3:52pm  50.4   5:14am    5    3  0.00   2  14   3:26pm  NW 29.91   77
31   64.2  77.2   3:21pm  50.2   4:36am    4    4  0.00   3  22   3:12pm  NW 29.89   78
---------------------------------------------------------------------------------------
TOT  59.6  82.0  7/27/07  38.9   7/3/07  202   43  5.74   3  29   7/6/07 WNW 29.88   85

HEAT BASE: 65.0
COOL BASE: 65.0