NOAA-Style Climate Reports


Report for 2007 August
                  MONTHLY CLIMATOLOGICAL SUMMARY FOR 8/2007
                                        HEAT  COOL        
     MEAN                               DEG   DEG       WIND SPEED       DOM MEAN  MEAN
DAY  TEMP  HIGH   TIME     LOW   TIME   DAYS  DAYS RAIN AVG  HI  TIME    DIR BAROM HUM
---------------------------------------------------------------------------------------
1    65.5  77.2   3:42pm  55.2   5:04am    4    4  0.00   2  18   2:00pm WNW 29.89   77
2    71.0  84.5   3:01pm  56.7  12:35am    2    8  0.00   3  14  10:59am  SW 29.89   75
3    72.0  83.0   3:38pm  61.8   5:15am    0    7  0.00   3  24   3:38pm  SW 29.81   78
4    64.8  72.6  12:12pm  54.0  10:57pm    2    2  0.00   6  30   3:21pm WNW 29.86   76
5    56.8  70.2   5:43pm  44.6   6:02am    9    1  0.00   3  18  11:50am  NW 29.98   67
6    58.0  63.0   6:48pm  48.2  12:31am    7    0  1.19   4  28   9:51am  SE 29.77   90
7    65.6  76.9   3:44pm  55.8   4:43am    3    3  0.00   1  12   3:07pm WNW 29.81   88
8    62.9  70.8   5:01pm  52.4  11:56pm    3    0  0.32   6  29   5:38am   W 29.61   95
9    55.1  66.7   2:13pm  46.7  11:58pm   10    0  0.00   3  24   3:46am NNW 29.90   79
10   57.2  71.4   4:26pm  44.6   2:27am    9    1  0.00   2  18  12:24pm   S 29.88   80
11   58.9  69.4  12:22pm  47.3   2:58am    7    0  0.00   3  19   3:03pm  NW 29.93   87
12   64.7  77.9   3:48pm  52.4   6:05am    4    4  0.00   3  19   2:07pm  SW 29.91   82
13   62.2  69.8   2:15pm  51.3  11:32pm    3    1  0.26   5  31   4:51pm WNW 29.76   78
14   54.0  64.4   5:03pm  47.1   9:59pm   10    0  0.00   3  17  10:24am WNW 29.87   79
15   55.6  65.7   4:34pm  46.8  12:21am    9    0  0.04   2  24   4:16pm   W 29.79   88
16   58.2  74.5   4:21pm  45.6   3:43am    8    1  0.79   3  29   5:09pm   S 29.81   87
17   56.2  69.0   1:51pm  45.1   5:47am    7    0  0.03   3  24   9:52pm WNW 29.75   79
18   46.6  52.4   1:57pm  42.6  10:01pm   18    0  0.13   6  29  11:16am WNW 29.94   91
19   47.1  57.8   3:51pm  38.1  10:46pm   18    0  0.00   4  23   1:07pm WNW 30.12   82
20   47.5  61.5   2:00pm  35.1   4:28am   17    0  0.00   1  13  10:45am   N 30.19   80
21   51.1  66.1   4:02pm  36.4   4:55am   14    0  0.00   1  16  11:10am  SE 30.21   78
22   53.4  66.1   4:09pm  39.4   4:39am   12    0  0.00   3  19   3:27pm  SE 30.17   70
23   56.3  62.4   2:36pm  51.8   5:47am    9    0  0.03   4  18  11:48am  SE 30.06   89
24   67.3  77.1   4:35pm  59.5  12:00am    1    4  0.09   5  19   2:11pm  SW 29.82   92
25   70.3  83.2   3:54pm  63.0  10:45pm    0    6  0.89   3  49   5:58pm  SW 29.70   88
26   60.9  64.9  12:17am  51.8  10:37pm    4    0  0.02   4  19  10:44am  NW 29.85   95
27   59.4  72.0   3:24pm  48.7   6:27am    7    1  0.01   2  14   2:44pm WNW 30.11   83
28   59.7  75.3   4:32pm  46.7   3:40am    8    3  0.00   1  16   2:43pm  SW 30.11   78
29   65.1  79.3   4:00pm  50.5   4:28am    4    5  0.00   2  18   3:41pm   S 29.99   80
30   63.5  76.8  11:45am  54.3  11:59pm    4    2  0.02   3  18   2:37pm  NW 29.91   91
31   56.2  65.3   2:44pm  50.3  10:32pm    9    0  0.01   3  19   1:05pm NNW 29.98   89
---------------------------------------------------------------------------------------
TOT  59.5  84.5   8/2/07  35.1  8/20/07  223   54  3.83   3  49  8/25/07 WNW 29.92   83

HEAT BASE: 65.0
COOL BASE: 65.0