NOAA-Style Climate Reports


Report for 2007 September
                  MONTHLY CLIMATOLOGICAL SUMMARY FOR 9/2007
                                        HEAT  COOL        
     MEAN                               DEG   DEG       WIND SPEED       DOM MEAN  MEAN
DAY  TEMP  HIGH   TIME     LOW   TIME   DAYS  DAYS RAIN AVG  HI  TIME    DIR BAROM HUM
---------------------------------------------------------------------------------------
1    52.0  60.3   2:14pm  41.0  11:59pm   13    0  0.00   5  25  12:07pm  NW 30.11   77
2    52.2  67.1   5:16pm  37.6   2:45am   13    0  0.00   2  16   4:19pm  SW 30.18   71
3    60.5  73.0   4:42pm  49.3   5:09am    6    2  0.00   4  25   4:42pm  SW 29.89   72
4    51.9  59.8   4:26pm  44.2  11:59pm   13    0  0.00   5  29   3:28pm  NW 29.94   65
5    47.8  61.6   3:23pm  38.2   6:31am   17    0  0.00   2  17   8:34am  NW 30.12   75
6    57.7  73.2   4:27pm  38.8  12:41am    9    1  0.02   3  17   6:32pm  SE 30.15   81
7    69.5  82.2   3:37pm  58.9   5:37am    1    6  0.00   3  22  10:51pm SSW 29.98   77
8    68.2  77.4   3:10pm  57.9  11:59pm    1    4  0.03   5  25   1:20pm  SW 29.90   84
9    54.9  58.6   2:49pm  48.6   4:19am   10    0  0.39   1  10  12:00am  SE 30.01   98
10   56.5  66.0   2:26pm  49.2  11:20pm    9    0  0.06   1  13   3:54pm   N 29.96   92
11   54.3  55.9   5:31pm  48.7  12:49am   11    0  0.28   4  25   3:04pm  SE 29.65   99
12   50.1  56.8   5:10pm  45.9   5:54am   15    0  0.03   8  38   1:43pm   W 29.73   84
13   47.3  59.6   4:35pm  36.7   7:14am   18    0  0.00   2  18  12:52pm   W 30.14   84
14   55.2  66.1   2:08pm  42.1  12:38am   10    0  0.00   5  31   3:32pm  SE 30.01   83
15   46.1  56.1  12:00am  39.2  11:33pm   19    0  1.07   6  29   4:56am WNW 29.87   97
16   38.9  50.6   2:24pm  31.2  11:55pm   19    0  0.00   2  16  12:00am WNW 30.23   87
17   42.2  59.9   4:15pm  30.3   5:52am   23    0  0.00   1  12  12:25pm  SW 30.41   82
18   47.5  63.4   4:22pm  33.8   5:33am   18    0  0.00   1  13   1:12pm  SE 30.38   79
19   52.5  69.5   3:44pm  36.7   6:11am   13    1  0.00   1  16   2:27pm   S 30.21   79
20   54.6  68.4   3:24pm  42.2   3:03am   11    0  0.00   2  22   2:03pm WNW 30.10   86
21   58.5  71.6   4:07pm  44.6   6:27am    8    1  0.01   2  18   2:03pm  SE 30.10   86
22   63.1  73.4   3:45pm  55.0   7:02am    3    2  0.01   4  30  11:53pm  SE 29.90   85
23   53.1  60.3   3:21pm  46.5   6:43am   12    0  0.00   7  29  12:00am   W 30.04   68
24   55.2  68.1   4:57pm  44.7   4:32am   10    0  0.00   4  26   1:02pm WNW 30.11   70
25   61.5  77.3   3:14pm  43.8   5:06am    7    4  0.00   3  18   4:55pm  SW 29.94   72
26   66.0  75.4  12:55pm  59.1   9:20pm    1    2  0.43   4  29  11:20am  SW 29.81   86
27   63.1  72.4  12:39pm  57.0   3:54am    3    1  0.69   2  18  11:27am  SE 29.85   94
28   54.0  59.9  12:54am  47.1  10:32pm   11    0  0.31   4  23  12:08pm WNW 29.74   95
29   46.9  56.0   2:44pm  37.2  11:58pm   18    0  0.01   5  28   2:14pm  NW 30.18   89
30   44.8  58.8   3:23pm  33.4   6:45am   20    0  0.00   1  13  10:08pm  SE 30.46   83
---------------------------------------------------------------------------------------
TOT  54.3  82.2   9/7/07  30.3  9/17/07  341   25  3.34   3  38  9/12/07 WNW 30.04   83

HEAT BASE: 65.0
COOL BASE: 65.0