NOAA-Style Climate Reports


Report for 2007 November
                  MONTHLY CLIMATOLOGICAL SUMMARY FOR 11/2007
                                        HEAT  COOL        
     MEAN                               DEG   DEG       WIND SPEED       DOM MEAN  MEAN
DAY  TEMP  HIGH   TIME     LOW   TIME   DAYS  DAYS RAIN AVG  HI  TIME    DIR BAROM HUM
---------------------------------------------------------------------------------------
1    39.8  46.4   7:12am  32.5  11:57pm   25    0  0.11   5  28  10:20am   W 29.91   81
2    30.5  43.9   3:23pm  21.1   7:37am   34    0  0.00   2  26  12:15am WNW 30.35   71
3    31.0  36.6   1:51pm  25.4   5:35am   29    0  0.00   4  28   8:29pm NNW 29.99   78
4    31.1  40.4   1:58pm  24.9   4:21am   34    0  0.00   5  26  12:07am WNW 29.75   77
5    32.8  42.9   1:09pm  22.6   4:32am   32    0  0.00   3  26   9:34pm  SE 29.90   79
6    33.5  38.5   9:08am  28.3  11:58pm   32    0  0.73   5  38   5:46am  SE 29.64   95
7    26.2  29.6   8:14am  22.8  11:22pm   39    0  0.00   4  25   1:50pm   W 29.89   94
8    22.0  25.1   1:45pm  15.7  11:05pm   43    0  0.00   1  13   8:25am WNW 30.17   88
9    21.1  29.6  10:14am  14.7   6:19am   44    0  0.04   0  10  10:25am ESE 30.19   86
10   20.3  28.0  11:55am  14.6   6:55am   45    0  0.01   3  25   8:38pm NNW 30.17   84
11   21.2  29.1   1:53pm  16.2   9:32pm   44    0  0.00   4  29  10:52am  NW 30.25   76
12   26.9  37.8   1:57pm  14.9   5:45am   38    0  0.02   2  19   7:10pm  SE 30.15   75
13   31.1  35.6   2:42pm  25.3  11:41pm   34    0  0.05   3  29  12:24pm   W 29.88   95
14   39.7  50.1   2:41pm  25.1   1:23am   25    0  0.00   3  26   1:26pm   S 29.75   75
15   33.7  44.9   2:52am  29.0   3:21pm   31    0  0.98   5  29  11:19am NNW 29.46   98
16   24.3  29.9  12:19am  18.2  10:16pm   39    0  0.01   8  32   4:26pm WNW 29.46   97
17   19.0  22.2   1:08pm  16.1  11:57pm   46    0  0.00   4  23   2:29pm   W 29.89   95
18   16.6  25.6  11:20am   9.0   7:03am   48    0  0.11   1  10  12:35pm  NW 30.39   93
19   16.7  26.0  12:56pm   6.3   7:10am   48    0  0.06   2  22  11:42pm  SE 30.50   91
20   23.9  29.2   8:18pm  18.6  12:47am   41    0  0.00   4  31   6:42am  SE 30.09   96
21   28.8  30.2   8:12pm  27.1   3:03am   36    0  0.00   0  16  11:35am ESE 29.98   99
22   29.2  34.7   2:05pm  18.8  11:38pm   36    0  0.01   3  28  11:14pm   W 29.70   99
23   12.6  18.8  12:00am   7.7  11:56pm   52    0  0.00   6  24   1:53am   W 30.04   93
24   10.9  16.7  11:57pm   6.4   3:10am   54    0  0.00   2  16  12:35am WNW 30.34   92
25   22.8  28.5   2:00pm  16.3   3:09am   42    0  0.00   3  25   2:33pm  SW 30.16   94
26   29.7  32.8   2:17pm  25.0   2:29am   35    0  0.01   1  18   8:20pm   S 29.96   95
27   29.0  36.1   4:53am  23.3  11:59pm   36    0  0.15   5  29   8:58am   W 29.73   98
28   16.3  23.4  12:00am  12.3   6:19pm   49    0  0.00   4  24   2:56am WNW 30.30   91
29   25.8  30.6   2:19pm  18.2  12:00am   39    0  0.00   8  42   8:04pm  SE 29.91   90
30   20.4  24.6   1:09pm  16.3  11:50pm   45    0  0.00   8  48  11:04pm   W 29.98   75
---------------------------------------------------------------------------------------
TOT  25.5  50.1 11/14/07   6.3 11/19/07 1176    0  2.29   4  48 11/30/07   W 30.00   88

HEAT BASE: 65.0
COOL BASE: 65.0