NOAA-Style Climate Reports


Report for 2007 December
                  MONTHLY CLIMATOLOGICAL SUMMARY FOR 12/2007
                                        HEAT  COOL        
     MEAN                               DEG   DEG       WIND SPEED       DOM MEAN  MEAN
DAY  TEMP  HIGH   TIME     LOW   TIME   DAYS  DAYS RAIN AVG  HI  TIME    DIR BAROM HUM
---------------------------------------------------------------------------------------
1     2.9  16.3  12:00am  -4.3  11:17pm   62    0  0.00   8  48   7:47am WNW 30.35   86
2     6.8  14.2  10:59pm  -4.2  12:00am   58    0  0.00   2  24  11:54pm  SE 30.34   81
3    17.4  24.0  12:45pm   9.4  11:54pm   48    0  0.00   6  29   5:36pm  SE 29.47   94
4    10.6  13.6  10:42pm   6.8   6:42am   54    0  0.00   6  24   6:01am WNW 29.43   92
5    12.0  16.2  11:24am   5.2   9:38pm   52    0  0.00   2  19   7:45pm WNW 29.69   92
6     8.8  15.0  11:18pm  -3.1   7:44am   56    0  0.00   3  25   1:51am   W 30.11   91
7    13.2  16.6   3:25pm   4.1   5:20am   52    0  0.00   2  24  11:19am  SE 30.23   93
8    18.4  25.2  11:10am  11.2  11:51pm   47    0  0.00   5  33   2:49pm   W 30.15   95
9     9.1  14.7  12:58pm   4.1   6:51am   56    0  0.00   2  17  12:58am WNW 30.40   91
10   15.5  20.8   1:30pm  10.4  12:11am   50    0  0.00   2  19   4:04pm   W 30.27   93
11   20.6  24.6   1:45pm  14.4   7:18am   44    0  0.00   2  15  12:20am   S 30.17   94
12   19.9  28.6   5:46am   4.4  11:56pm   45    0  0.00   9  44   1:27pm   W 29.90   95
13    3.8  10.8  11:37pm  -8.4   6:47am   61    0  0.00   2  25  12:10am  SE 30.22   89
14   17.5  24.8   2:32pm   1.8  11:47pm   48    0  0.00   7  44   7:46pm   W 29.98   95
15   -1.1   2.5   8:32pm  -7.1   7:31am   66    0  0.00   3  27   1:21am  NW 30.48   87
16    7.4  19.3   5:15pm   0.7   4:42am   58    0  0.00   5  31   2:00pm ESE 29.67   91
17    2.2   5.3   3:23pm   0.3   8:26am   63    0  0.00  13  43   8:21am   W 29.64   89
18    7.5  16.4  11:59pm  -1.9   6:11am   58    0  0.00   2  27   3:05am WNW 30.24   91
19   19.9  23.5  11:46am  16.0   5:08am   45    0  0.00   4  24  11:14am  SE 30.17   95
20   23.1  27.7  10:26am  19.1  10:38pm   42    0  0.00   1   9   5:30pm   E 30.14   96
21   18.9  22.2  12:25pm  12.1   8:40pm   46    0  0.00   1   9  12:02pm  SE 30.44   95
22   19.1  24.1  11:54pm  12.4   1:56am   46    0  0.00   4  21   4:13pm  SE 30.51   95
23   32.9  41.8  10:10pm  24.1  12:00am   32    0  0.41   9  56   7:25pm  SE 30.05   99
24   21.9  33.4  12:00am  17.8   6:54am   42    0  0.00   8  36   5:22am WSW 29.69   94
25   24.0  28.6   1:35pm  21.0   7:41pm   41    0  0.00   7  37   9:57am   W 30.07   91
26   23.2  31.1   1:40pm  16.2  10:01pm   41    0  0.03   1  12   9:47am WSW 30.19   92
27   23.1  25.6  12:44pm  17.9   1:31am   42    0  0.00   2  21   6:34am  SE 30.02   94
28   23.9  27.3   3:24am  21.2   8:29pm   41    0  0.00   5  39   7:54am   W 30.19   96
29   27.7  30.9  12:04pm  24.7  12:00am   37    0  0.01   9  41   1:14am   W 29.88   96
30   22.9  26.1   1:41pm  20.7   8:12am   42    0  0.01   5  31   4:02am   W 30.05   86
31   19.4  24.9  11:34am  14.6   6:19pm   46    0  0.00   3  35   2:45pm   W 29.85   94
---------------------------------------------------------------------------------------
TOT  15.9  41.8 12/23/07  -8.4 12/13/07 1519    0  0.46   4  56 12/23/07   W 30.06   92

HEAT BASE: 65.0
COOL BASE: 65.0