NOAA-Style Climate Reports


Report for 2008 January
                  MONTHLY CLIMATOLOGICAL SUMMARY FOR 1/2008
                                        HEAT  COOL        
     MEAN                               DEG   DEG       WIND SPEED       DOM MEAN  MEAN
DAY  TEMP  HIGH   TIME     LOW   TIME   DAYS  DAYS RAIN AVG  HI  TIME    DIR BAROM HUM
---------------------------------------------------------------------------------------
1    19.0  21.8   6:04pm  15.8   4:46am   46    0  0.00   2  16   1:28pm ESE 29.86   95
2     3.3  20.4  12:00am  -9.1  11:49pm   62    0  0.00   6  31   2:06pm  NW 29.90   89
3   -12.3  -4.6   1:37pm -18.7   8:38pm   77    0  0.00   3  21   1:33am WNW 30.56   84
4     8.5  15.9  11:20pm -12.9  12:00am   57    0  0.00   2  20  10:03am  SW 30.39   91
5    19.5  25.0  11:55pm  13.0   7:52am   46    0  0.00   1  16   8:55pm   S 30.23   91
6    30.1  34.7  11:47pm  25.0  12:00am   35    0  0.00   1  15  11:42pm   S 30.11   97
7    40.6  45.1  10:15pm  34.2  12:04am   24    0  0.32   3  19  12:41pm   S 30.05  100
8    47.8  55.4   1:38pm  43.9   5:05pm   17    0  0.00   3  21  12:18am   S 29.90   91
9    38.8  44.8   2:48am  30.9  11:53pm   26    0  0.16  11  57   1:48pm WSW 29.59   82
10   25.8  30.9  12:00am  18.7   9:45pm   39    0  0.00   6  44  12:02am   W 30.01   82
11   28.5  31.9   8:48pm  21.3  12:00am   36    0  0.22   3  33   6:34am  SE 29.75   95
12   28.6  32.5   3:03pm  22.0   7:16pm   36    0  0.12   5  28  12:01pm WSW 29.90   84
13   23.9  31.4   1:17pm  13.8   8:07am   41    0  0.07   1  25   1:54am WNW 30.17   76
14   19.5  25.0  12:16am  12.6  11:08pm   46    0  0.00   2  19   2:39pm  NE 29.89   85
15   11.8  17.7   1:31pm   8.5   5:30am   53    0  0.00   4  24   4:37pm  NW 29.78   90
16    8.9  16.5   2:30pm  -0.4  11:34pm   55    0  0.00   4  20  10:04am WNW 30.17   86
17   10.9  20.0   2:18pm  -1.0   1:44am   54    0  0.00   3  27  10:04pm  SE 30.29   84
18   22.0  29.5  12:20pm  14.6  11:57pm   43    0  0.00   7  35   2:13pm WSW 29.79   90
19   15.5  21.4   2:24pm   7.5   4:50am   49    0  0.00   4  27   8:10pm  SW 29.87   81
20    1.8  12.1  12:00am  -4.4   7:57am   63    0  0.00   5  32  10:59pm   W 29.98   80
21   -2.0   7.1   2:22pm -13.2   5:13am   67    0  0.00   3  28  11:22am   W 30.49   80
22   11.9  22.1  11:34pm   3.9   2:54am   53    0  0.00   4  31  11:54pm   S 30.06   82
23   12.2  22.0  12:00am   2.7  11:59pm   53    0  0.00   5  39   1:16am   W 29.85   88
24    4.1  11.4  12:16pm  -3.7  11:59pm   60    0  0.00   1  16  10:01pm WNW 30.02   88
25    5.4  13.4   8:52pm  -5.9   2:50am   60    0  0.00   4  27   2:01pm   W 30.12   85
26   10.3  16.6   1:38pm   2.0   8:04pm   55    0  0.00   2  29  12:38am   W 30.18   90
27   14.5  22.5   1:33pm   4.9  11:43pm   51    0  0.00   1  15  12:12pm ESE 30.16   88
28   14.1  20.0   3:10pm   5.2  12:00am   51    0  0.00   4  28  12:34pm   N 30.07   86
29   23.0  34.7  10:45am   6.4   4:53am   42    0  0.03   2  19   9:45pm  SE 29.78   73
30   23.2  31.4  10:39am  10.6  11:56pm   42    0  0.00   9  33   3:22pm  SE 29.52   94
31    7.6  15.0   3:01pm   0.7   9:24pm   57    0  0.00   3  29  10:04am   W 30.46   85
---------------------------------------------------------------------------------------
TOT  16.7  55.4   1/8/08 -18.7   1/3/08 1495    0  0.92   4  57   1/9/08   W 30.03   87

HEAT BASE: 65.0
COOL BASE: 65.0