NOAA-Style Climate Reports


Report for 2008 March
                  MONTHLY CLIMATOLOGICAL SUMMARY FOR 3/2008
                                        HEAT  COOL        
     MEAN                               DEG   DEG       WIND SPEED       DOM MEAN  MEAN
DAY  TEMP  HIGH   TIME     LOW   TIME   DAYS  DAYS RAIN AVG  HI  TIME    DIR BAROM HUM
---------------------------------------------------------------------------------------
1    18.4  26.9  12:29pm   9.2  12:00am   47    0  0.00   6  35   7:52pm  SE 29.89   93
2    12.4  19.7   2:40pm   0.8  11:58pm   53    0  0.00   8  33   8:39am WNW 30.11   89
3    23.4  39.6  11:59pm  -1.1   1:05am   42    0  0.02   3  19   1:32pm  SE 30.04   78
4    31.2  41.8   4:12am  20.9  10:45pm   34    0  0.05   6  33  10:27am WNW 29.87   83
5    25.5  35.1   2:36pm  16.5  11:49pm   40    0  0.03   9  37   4:50pm ESE 29.62   95
6    23.4  38.6   4:06pm   8.2   6:51am   42    0  0.19   2  24  12:03am   S 30.11   76
7    28.2  42.1   2:02pm  14.0   6:48am   37    0  0.02   3  24   2:40pm  SE 30.16   75
8    31.6  34.8  11:45pm  29.2   1:13am   33    0  1.65   3  37  11:57pm   E 29.56   98
9    13.1  34.7  12:00am   5.5  11:44pm   50    0  0.01  13  49   3:05am   W 29.73   90
10    8.4  15.8   1:51pm   1.6  11:58pm   57    0  0.00   4  27   3:14pm WNW 30.25   85
11   14.6  29.5   4:03pm  -0.6   1:25am   50    0  0.01   2  21  12:23pm  SW 30.03   72
12   22.2  28.6  11:00am  14.3  11:58pm   43    0  0.04   5  29   6:28pm WNW 29.63   85
13   14.6  26.9   2:51pm  -0.3   7:45am   50    0  0.05   3  24  12:14am  SE 29.92   69
14   28.6  37.7   3:26pm  21.2  12:08am   36    0  0.05   2  20   1:42pm WNW 29.78   80
15   30.7  34.3   2:06pm  28.3   6:31am   34    0  0.06   2  13   9:20am   S 29.72   94
16   25.9  30.3  12:42pm  17.3  11:57pm   39    0  0.05   5  25   7:06pm WNW 29.94   95
17   15.7  25.5   4:15pm   9.4   6:59am   49    0  0.01   7  31   1:26am  NW 30.45   74
18   23.1  37.4   1:23pm   1.9   6:50am   42    0  0.02   2  25  11:00pm  SE 30.38   49
19   26.5  29.4  11:04pm  23.7   7:24am   38    0  0.01   8  39   3:22pm  SE 29.82   95
20   27.0  30.7   2:36am  17.4  11:58pm   38    0  0.30   0   7  12:11am   E 29.42   98
21   10.3  17.4  12:00am   5.0   8:44am   55    0  0.00   0   0  12:00am   N 29.72   92
22   12.3  19.8   3:29pm   5.1   7:05am   53    0  0.01   6  36   1:06pm   W 29.82   85
23   11.4  19.2   4:27pm   5.4   7:06am   54    0  0.00   7  33   1:45pm WNW 30.07   59
24   12.6  25.7   2:33pm  -1.8   4:17am   52    0  0.01   3  21   1:26pm   W 30.25   69
25   18.2  32.2   2:48pm  -5.3   6:55am   47    0  0.03   3  29   8:50pm   S 30.17   56
26   29.4  38.4   3:41pm  22.0  11:32pm   36    0  0.05   7  39   3:52pm   W 29.83   79
27   28.6  37.2   4:13pm  15.0   7:03am   36    0  0.00   4  32   2:30pm WSW 29.95   67
28   23.9  28.7  10:57am  16.6  11:56pm   41    0  0.07   2  24   7:23pm  NW 29.91   91
29   13.3  18.7   3:23pm   5.5   7:42am   52    0  0.00   8  39  12:28pm WNW 30.28   74
30   22.0  37.8   5:49pm   9.8   1:21am   43    0  0.05   3  21  12:06pm  NW 30.62   53
31   27.1  33.5  11:59pm  23.0   5:26am   38    0  0.01   4  29   9:23am  SE 30.36   78
---------------------------------------------------------------------------------------
TOT  21.1  42.1   3/7/08  -5.3  3/25/08 1359    0  2.80   4  49   3/9/08 WNW 29.98   80

HEAT BASE: 65.0
COOL BASE: 65.0