NOAA-Style Climate Reports


Report for 2008 April
                  MONTHLY CLIMATOLOGICAL SUMMARY FOR 4/2008
                                        HEAT  COOL        
     MEAN                               DEG   DEG       WIND SPEED       DOM MEAN  MEAN
DAY  TEMP  HIGH   TIME     LOW   TIME   DAYS  DAYS RAIN AVG  HI  TIME    DIR BAROM HUM
---------------------------------------------------------------------------------------
1    43.3  51.2  12:53pm  33.5  12:00am   22    0  0.30   5  40  10:38pm   S 29.73   98
2    22.4  33.9  12:00am  15.9   7:55am   43    0  0.00  14  48   1:51am   W 30.04   65
3    28.4  40.8   5:14pm  12.8   5:40am   37    0  0.00   6  31  12:02am   W 30.30   52
4    30.1  32.4   9:59am  27.6   6:06am   35    0  0.03   2  19  11:26am ESE 29.94   75
5    30.5  32.3   6:49pm  27.3  10:22pm   35    0  0.22   3  27   1:21pm WNW 29.92   99
6    34.1  44.9   3:02pm  25.1   6:33am   31    0  0.22   2  20   9:58am ESE 30.30   87
7    35.9  47.5   3:24pm  24.4   6:32am   29    0  0.01   4  25   3:18pm  SE 30.34   63
8    37.0  48.3   3:24pm  25.0   6:45am   28    0  0.00   5  33  10:24am  SE 30.30   39
9    42.2  54.0   3:09pm  28.2   4:34am   23    0  0.00   4  28   3:46pm  SE 30.12   50
10   38.3  43.0   3:19am  29.5  11:59pm   27    0  0.00   8  39   1:46pm WNW 30.02   74
11   31.2  36.8  11:44am  23.8   5:46am   34    0  0.22   2  21  11:50pm  SE 29.96   87
12   37.8  53.9   1:26pm  27.8  11:53pm   27    0  0.27   6  33   6:14am WNW 29.50   92
13   27.0  29.4   4:51pm  25.6  10:36pm   38    0  0.01   6  28   4:26pm WNW 29.64   92
14   29.3  36.3   3:07pm  24.7   6:04am   36    0  0.03   6  32  11:55am WNW 29.90   73
15   32.8  43.2   4:24pm  24.1   6:39am   32    0  0.00   3  24  11:13am WNW 30.11   53
16   39.7  55.4   4:16pm  23.2   6:20am   25    0  0.00   1  17   3:43pm   S 30.18   45
17   48.8  67.3   4:58pm  31.4   5:17am   16    0  0.00   1  19   2:54pm   S 30.07   37
18   52.6  66.8   5:08pm  36.0   3:51am   13    0  0.00   2  17  11:55am NNW 29.96   42
19   54.5  70.6   3:30pm  36.5   5:22am   11    1  0.00   3  20   4:10pm  SE 29.98   45
20   51.4  62.7   5:17pm  43.3   4:32am   14    0  0.00   5  27   9:25am  SE 30.12   48
21   52.1  68.8   3:44pm  35.2   5:39am   13    0  0.00   1  16   1:42pm  SE 30.23   63
22   53.5  71.7   4:28pm  38.2   3:57am   12    1  0.00   1  20  10:52am   W 30.16   60
23   54.4  69.8   2:11pm  40.8  12:11am   11    1  0.08   3  31   2:41pm   W 30.01   68
24   46.2  55.0   2:31pm  32.1  11:17pm   19    0  0.00   6  40   1:56pm  NW 30.09   63
25   46.8  63.3   4:12pm  30.3   4:58am   18    0  0.00   2  24  11:39am WNW 30.08   53
26   46.5  55.4   3:13pm  37.6   5:56am   19    0  0.00   6  33   2:51pm  SE 30.07   53
27   44.5  56.1   4:30pm  37.0   7:49am   21    0  0.02   3  21  12:16am  SE 30.12   72
28   39.3  41.4  11:29am  37.5  11:53pm   26    0  0.74   6  29  12:28pm  SE 29.91   97
29   33.8  39.1   7:33am  27.9  11:51pm   31    0  0.83   4  27   9:37am WNW 29.67   99
30   28.6  37.3   5:01pm  21.1   5:46am   36    0  0.11   6  33  12:07pm   W 29.95   79
---------------------------------------------------------------------------------------
TOT  39.8  71.7  4/22/08  12.8   4/3/08  760    3  3.09   4  48   4/2/08 WNW 30.02   67

HEAT BASE: 65.0
COOL BASE: 65.0