NOAA-Style Climate Reports


Report for 2008 May
                  MONTHLY CLIMATOLOGICAL SUMMARY FOR 5/2008
                                        HEAT  COOL        
     MEAN                               DEG   DEG       WIND SPEED       DOM MEAN  MEAN
DAY  TEMP  HIGH   TIME     LOW   TIME   DAYS  DAYS RAIN AVG  HI  TIME    DIR BAROM HUM
---------------------------------------------------------------------------------------
1    32.6  44.5   4:23pm  22.0   4:44am   32    0  0.01   3  24  12:11pm WNW 30.12   73
2    39.5  49.7   1:58pm  25.8   1:25am   26    0  0.00   2  27   2:28pm   S 30.10   65
3    35.9  39.8  12:00am  33.9  12:06pm   29    0  0.09   7  28   5:58pm  SE 30.05   95
4    38.7  44.5   5:58pm  34.2   1:02am   26    0  0.10   4  31  12:08am  SE 29.96   98
5    44.8  59.8   4:28pm  31.6   6:41am   20    0  0.01   3  20   4:33pm WNW 30.00   69
6    49.4  63.7   2:30pm  33.4   3:10am   16    0  0.00   4  27   5:01pm WNW 29.89   55
7    48.0  59.2   3:48pm  31.8   4:48am   17    0  0.00   3  21   9:53am WNW 29.81   53
8    51.4  63.1   2:01pm  40.6  10:49pm   14    0  0.01   8  39   1:27pm WNW 29.54   71
9    46.6  59.0   2:45pm  34.9   5:49am   18    0  0.00   4  24   2:43am   N 29.73   61
10   49.6  57.7   4:25pm  42.3   4:44am   15    0  0.00   4  31   2:25pm   N 29.70   53
11   49.5  62.7   4:06pm  31.2   5:44am   15    0  0.00   3  20  12:15pm  SE 29.77   54
12   46.9  57.2   4:37pm  32.7   4:11am   18    0  0.00   3  28  12:19pm  NE 29.79   53
13   51.2  61.8   3:57pm  39.8   3:41am   14    0  0.00   4  27   1:56pm NNE 29.99   47
14   54.9  69.9   4:09pm  36.0   4:51am   11    1  0.00   3  25   5:07pm  SE 29.95   50
15   48.8  56.6   5:51pm  43.9   7:42am   16    0  0.16   3  31   2:23pm WNW 29.85   75
16   48.0  57.3   3:25pm  37.7   5:26am   17    0  0.00   3  17   1:12am  NW 29.73   57
17   52.2  64.0   5:01pm  43.0   5:48am   13    0  0.01   6  28   1:35pm  NW 29.37   51
18   47.9  59.7   2:48pm  40.7   6:08am   17    0  0.01   4  28   3:50pm   W 29.26   72
19   37.2  41.3  12:00am  31.2   5:48pm   28    0  0.29   6  33   1:13pm WSW 29.24   93
20   42.8  54.5   3:15pm  34.3   1:17am   22    0  0.10   4  25  11:12am WSW 29.40   81
21   43.3  55.3   1:00pm  33.4   5:57am   22    0  0.20   3  25   2:15pm  SW 29.35   77
22   41.2  50.8   3:04pm  34.3   5:41am   24    0  0.02   3  20   2:07pm WNW 29.48   81
23   42.8  49.8  12:37pm  39.7   4:14am   22    0  0.20   6  35   3:04pm WNW 29.69   95
24   47.3  57.1   5:56pm  38.9  11:59pm   18    0  0.00   5  28   2:14pm   W 29.84   75
25   50.9  65.5   5:42pm  32.9   5:30am   14    0  0.00   3  27   2:05pm   W 29.95   58
26   55.2  63.5   2:39pm  45.1   1:16am   10    0  0.14   2  37   3:55pm  SW 29.75   67
27   50.9  63.1  10:03am  37.8  11:58pm   14    0  0.03   7  32   4:24pm WNW 29.74   86
28   41.6  51.6   4:22pm  30.9   5:28am   23    0  0.00   7  32   9:38am WNW 30.10   61
29   51.1  64.7   3:07pm  33.1   3:24am   14    0  0.00   7  44   2:54pm   W 29.93   56
30   53.1  65.9   3:55pm  34.1   5:21am   12    0  0.00   2  25   2:41pm   W 29.99   54
31   53.5  60.6   7:12pm  48.6   7:28am   12    0  0.74   3  25   2:49pm  SE 29.62   94
---------------------------------------------------------------------------------------
TOT  46.7  69.9  5/14/08  22.0   5/1/08  569    1  2.12   4  44  5/29/08 WNW 29.76   69

HEAT BASE: 65.0
COOL BASE: 65.0