NOAA-Style Climate Reports


Report for 2008 June
                  MONTHLY CLIMATOLOGICAL SUMMARY FOR 6/2008
                                        HEAT  COOL        
     MEAN                               DEG   DEG       WIND SPEED       DOM MEAN  MEAN
DAY  TEMP  HIGH   TIME     LOW   TIME   DAYS  DAYS RAIN AVG  HI  TIME    DIR BAROM HUM
---------------------------------------------------------------------------------------
1    51.8  58.9   9:26am  47.5   6:10pm   13    0  0.07   4  25   5:00pm WSW 29.59   94
2    53.1  64.3   5:10pm  47.5   5:41am   12    0  0.04   6  28   7:50am   W 29.75   87
3    52.5  61.2  10:42am  43.4   4:22am   13    0  0.07   2  17   2:37pm  SW 29.85   91
4    52.2  58.0   3:17pm  49.6  11:42pm   13    0  0.56   3  17  10:13am ESE 29.85   97
5    55.4  62.3   1:16pm  47.8   1:32am   10    0  0.00   2  19  10:59pm   E 29.99   90
6    52.4  54.4   5:06pm  50.1   7:36am   13    0  0.52   5  29   4:44am  SE 30.03   99
7    68.9  83.5   3:00pm  54.2  12:00am    3    7  0.01   5  37   5:34pm  SW 29.87   79
8    69.9  82.6   3:28pm  53.4   4:51am    2    7  0.02   4  29   7:13pm  SW 29.73   76
9    70.3  81.9   5:23pm  60.2   2:59am    1    6  0.00   2  20   2:35pm   W 29.72   85
10   71.9  88.6   2:39pm  60.6  11:54pm    1    7  0.48   3  37   8:44pm  SW 29.73   79
11    0.0  62.7  10:27am  62.7  10:27am    0    0  0.00   0   5  10:27am ---  0.00    0
12
13
14
15
16
17   55.8  65.9  10:58am  49.1   5:30am    5    0  0.21   4  27   3:43pm   W 29.61   87
18   51.9  63.8   5:38pm  42.5   6:08am   13    0  0.02   3  20   3:18pm  SW 29.65   83
19   53.1  61.9   1:55pm  46.6  12:00am   12    0  0.19   3  24   1:16pm  SW 29.77   87
20   51.8  61.5   5:15pm  41.1   5:17am   13    0  0.03   2  17   4:32pm   S 29.90   91
21   56.4  67.4   2:45pm  44.3   3:56am    9    0  0.01   2  16   3:46pm  SW 29.95   84
22   57.6  64.6   9:59am  49.0  12:59am    7    0  0.31   3  27   1:00pm  SE 29.90   92
23   60.2  69.0   2:32pm  50.9  11:59pm    5    0  0.51   3  25   3:49pm  SE 29.86   93
24   56.0  66.1   1:19pm  47.5   4:40am    9    0  0.13   4  28   5:06pm WNW 29.91   92
25   59.3  71.6   5:22pm  44.8   4:43am    7    1  0.01   4  25   2:21pm   W 30.00   74
26   61.3  69.1  10:00am  50.7   4:26am    4    0  0.00   3  21  10:45am  SW 29.77   82
27   64.0  76.1   2:23pm  55.5  12:34am    3    2  0.00   1  17   2:48pm  SW 29.74   89
28   61.4  67.1   2:12pm  56.4  12:00am    4    0  0.34   4  24   6:17pm  SE 29.78   97
29   64.5  76.6   3:26pm  56.6   3:52am    3    3  0.21   4  25   9:52pm  SE 29.69   92
30   63.6  73.4   5:28pm  53.4  11:41pm    3    1  0.05   3  24  11:51pm   W 29.62   87
---------------------------------------------------------------------------------------
TOT  59.0  88.6  6/10/08  41.1  6/20/08  176   36  4.49   3  37   6/7/08  SW 29.81   88

HEAT BASE: 65.0
COOL BASE: 65.0