NOAA-Style Climate Reports


Report for 2008 July
                  MONTHLY CLIMATOLOGICAL SUMMARY FOR 7/2008
                                        HEAT  COOL        
     MEAN                               DEG   DEG       WIND SPEED       DOM MEAN  MEAN
DAY  TEMP  HIGH   TIME     LOW   TIME   DAYS  DAYS RAIN AVG  HI  TIME    DIR BAROM HUM
---------------------------------------------------------------------------------------
1    61.3  71.9   4:41pm  51.8  11:55pm    5    1  0.00   3  17  11:28am WNW 29.80   84
2    62.1  75.1   3:47pm  48.8   5:33am    6    3  0.00   2  24   3:08pm  SW 29.86   75
3    58.5  66.6   9:28am  48.4  11:59pm    7    0  0.57   4  27   1:15pm  SW 29.80   87
4    55.8  69.5   4:29pm  42.9   3:38am   10    1  0.01   2  17   2:01pm WNW 30.00   78
5    60.0  74.9   3:19pm  43.1   5:13am    8    3  0.00   2  21  12:10pm  SW 29.99   75
6    64.9  78.2   2:51pm  52.0   4:58am    5    4  0.00   2  16  11:25am  SW 29.97   78
7    67.9  81.4   3:26pm  53.5   3:31am    3    6  0.00   2  17  11:25am  SW 29.93   78
8    70.2  82.1   4:11pm  57.6   5:26am    2    7  0.00   3  20  12:38pm  SW 29.79   82
9    68.9  82.1   1:31pm  62.8  11:40pm    0    4  0.31   3  21  12:41pm  SW 29.63   89
10   59.2  65.9   4:36pm  51.6  10:16pm    6    0  0.00   5  27   2:53am   W 29.80   85
11   55.5  63.8   6:50pm  46.7   5:29am    9    0  0.00   2  13  10:43am WNW 30.03   86
12   64.0  78.2   4:30pm  49.3  12:00am    4    3  0.00   3  20  10:47pm  SE 30.01   84
13   62.3  64.9  12:59pm  60.4   5:39am    3    0  0.35   5  24   8:36am  SE 29.73   94
14   63.3  70.5   5:48pm  51.7  11:55pm    3    1  0.23   4  21  12:00am  SW 29.71   86
15   60.0  71.6   4:08pm  47.8   5:04am    6    1  0.00   3  24  10:22am   W 29.98   78
16   63.0  77.8   2:33pm  48.7   4:52am    6    4  0.00   3  24   1:57pm  SW 30.06   77
17   65.3  77.1   4:13pm  54.6   5:21am    3    4  0.00   2  19   3:56pm WNW 30.04   79
18   61.4  73.7   2:44pm  53.0   3:26am    5    1  0.81   2  29   8:48am  SW 29.92   93
19   66.5  75.4   2:11pm  58.9  11:18pm    2    3  0.22   4  32  12:37am   W 29.84   90
20   61.1  65.3   9:28am  55.2   5:30am    4    0  1.74   2  19   9:27pm ESE 29.83   98
21   62.5  74.4  12:51pm  55.4  11:57pm    4    1  0.42   2  20   3:16pm NNE 29.77   92
22   63.2  74.2   2:28pm  52.8   3:12am    4    2  0.05   2  19  10:44pm   S 29.86   91
23   59.9  61.7  12:00am  57.9  11:05pm    5    0  0.66   5  24   6:34am  SE 29.95   99
24   60.8  64.6   1:35pm  57.3   1:31am    4    0  1.36   6  36   2:13pm  SE 29.90   99
25   62.5  74.0   3:45pm  53.8  11:56pm    5    2  0.01   3  20   1:52pm  SW 29.98   83
26   63.6  76.6   3:31pm  52.0   3:19am    5    3  0.41   3  39   7:02pm   S 29.86   81
27   63.1  72.9   3:06pm  54.3  11:57pm    4    2  0.39   3  24  12:42pm  SW 29.71   85
28   60.9  71.5   3:29pm  51.2   4:06am    5    1  0.00   2  20  11:55am  SW 29.74   88
29   61.0  70.0   4:08pm  55.6  11:59pm    4    0  0.07   5  25   2:22pm WNW 29.78   89
30   62.1  73.6   3:25pm  52.7   3:25am    4    1  0.03   2  16   3:19pm WNW 29.75   86
31   62.9  74.6   5:57pm  57.0   3:44am    4    2  0.82   2  31   6:28pm  SE 29.56   93
---------------------------------------------------------------------------------------
TOT  62.4  82.1   7/8/08  42.9   7/4/08  142   61  8.46   3  39  7/26/08  SW 29.86   86

HEAT BASE: 65.0
COOL BASE: 65.0