NOAA-Style Climate Reports


Report for 2008 August
                  MONTHLY CLIMATOLOGICAL SUMMARY FOR 8/2008
                                        HEAT  COOL        
     MEAN                               DEG   DEG       WIND SPEED       DOM MEAN  MEAN
DAY  TEMP  HIGH   TIME     LOW   TIME   DAYS  DAYS RAIN AVG  HI  TIME    DIR BAROM HUM
---------------------------------------------------------------------------------------
1    63.8  72.9   6:56pm  57.3   1:03am    3    2  0.02   2  17  12:31pm   W 29.61   90
2    61.7  73.4  11:45am  53.9   3:35am    5    1  0.72   1  15  12:22pm ESE 29.66   91
3    58.8  63.8   1:46pm  56.9   2:53am    6    0  0.60   4  24   6:30pm WNW 29.71   98
4    58.5  62.2   4:44pm  56.2   5:40am    7    0  0.07   4  19  12:21pm WNW 29.83   99
5    61.3  72.6   3:36pm  54.1   5:51am    5    1  0.00   1  17  10:58pm NNW 29.90   91
6    56.3  59.8  12:00am  55.0   9:46am    9    0  1.43   4  29  11:27am  SE 29.75   99
7    57.8  69.9   2:01pm  53.1  11:18pm    7    0  0.21   2  16  12:48pm  SW 29.68   95
8    56.8  64.6  11:15am  50.4   9:15pm    8    0  0.27   1  13   3:57pm ESE 29.61   94
9    57.3  67.1   4:08pm  46.9  11:56pm    8    0  0.04   4  24  12:12pm   W 29.74   89
10   57.4  71.3   2:52pm  45.3   1:53am    9    1  0.00   1  16  10:56am  SE 29.85   85
11   57.0  65.4   3:49pm  49.7  12:57am    8    0  0.41   1  12  11:09am   E 29.79   93
12   58.0  66.9   4:33pm  52.5   1:36am    7    0  0.01   4  25   1:15pm  NW 29.66   92
13   57.8  69.8   4:30pm  45.4   6:11am    8    0  0.00   2  19  11:04am   W 29.73   82
14   57.8  69.9   2:33pm  47.8   6:09am    8    1  0.00   2  21  11:31am  NW 29.77   84
15   57.2  71.7   1:10pm  45.5   5:26am    8    1  0.00   1  11  10:50am   W 29.94   85
16   57.3  67.6   5:18pm  49.4   4:31am    8    0  0.26   1  16   2:11pm   W 29.86   90
17   59.1  68.4  11:33am  50.2   1:01am    6    0  0.01   3  24  11:09am   W 29.80   89
18   62.8  76.0   2:30pm  51.3   3:02am    5    3  0.23   4  35   8:38pm  SW 29.79   87
19   51.9  57.6  12:00am  44.5  11:26pm   13    0  0.39   5  29   7:07am  NW 29.88   89
20   50.9  61.3   2:54pm  40.2   6:16am   14    0  0.00   5  35   1:51pm WNW 30.11   80
21   57.2  71.0   4:34pm  45.2   5:16am    9    1  0.00   2  16  10:01am WNW 30.21   81
22   62.5  80.0   4:53pm  48.2   6:03am    7    4  0.00   1  12   1:39pm   S 30.27   81
23   64.2  78.0   3:14pm  51.8   5:49am    5    4  0.00   2  17   2:06pm   S 30.18   79
24   64.5  76.2   2:18pm  51.9   6:47am    4    3  0.00   2  16   9:21am   S 29.92   81
25   56.7  63.6  12:10am  47.5  11:55pm    8    0  0.32   6  29   2:34pm WNW 29.80   92
26   51.1  60.8   5:05pm  40.6   6:35am   14    0  0.00   6  31  11:51am  NW 30.00   79
27   57.3  73.4   4:36pm  40.1   5:35am    9    2  0.00   1  15   1:51pm   N 30.08   75
28   60.3  73.8   4:31pm  49.5   5:36am    6    2  0.00   2  16  10:07am ESE 30.03   82
29   60.3  70.8  12:53pm  48.2   6:08am    6    1  0.00   2  19  12:27pm  SW 29.94   83
30   61.4  71.3   3:58pm  56.5   8:24pm    4    1  0.01   3  19   5:07pm WNW 29.91   89
31   58.1  67.0   3:10pm  49.0   5:30am    7    0  0.01   5  31  10:39am WNW 30.04   79
---------------------------------------------------------------------------------------
TOT  58.5  80.0  8/22/08  40.1  8/27/08  230   29  5.01   3  35  8/18/08 WNW 29.87   87

HEAT BASE: 65.0
COOL BASE: 65.0