NOAA-Style Climate Reports


Report for 2008 September
                  MONTHLY CLIMATOLOGICAL SUMMARY FOR 9/2008
                                        HEAT  COOL        
     MEAN                               DEG   DEG       WIND SPEED       DOM MEAN  MEAN
DAY  TEMP  HIGH   TIME     LOW   TIME   DAYS  DAYS RAIN AVG  HI  TIME    DIR BAROM HUM
---------------------------------------------------------------------------------------
1    60.3  70.5   2:24pm  51.4   4:34am    6    1  0.00   5  31  11:17am  NW 30.09   72
2    64.2  76.5   2:27pm  53.9   3:34am    3    3  0.00   3  19  12:29pm NNW 30.00   75
3    62.7  76.9   3:03pm  51.3   5:35am    5    3  0.00   1  13   1:05pm   E 29.86   82
4    62.7  73.1  12:30pm  55.0   3:01am    4    2  0.00   2  19  11:32am   W 29.88   91
5    68.1  79.2   3:37pm  56.7  12:00am    2    5  0.00   4  31   1:35pm  SE 29.93   84
6    63.1  72.7  12:38pm  58.2   4:48am    3    1  0.10   2  17  11:30am   S 29.83   94
7    53.8  60.6   2:15am  47.2   9:17pm   11    0  0.03   6  29   1:42pm WNW 29.80   95
8    55.4  66.7   2:54pm  47.9   6:28am   10    0  0.00   3  24   1:28pm   W 30.01   86
9    53.1  58.4   1:26pm  48.6   7:31pm   12    0  0.71   4  33   2:20pm   W 29.88   97
10   46.7  56.6   2:59pm  36.1  11:58pm   18    0  0.00   4  28  12:37pm WNW 30.18   84
11   46.3  61.4   4:32pm  33.8   5:29am   19    0  0.01   1  16   1:14pm SSW 30.33   81
12   51.9  56.5  11:23pm  43.2   1:29am   13    0  0.24   2  20   6:55pm   S 30.00   96
13   61.1  70.6   5:16pm  56.4  12:00am    5    1  0.01   1  11  12:39pm  SW 29.85   92
14   63.3  69.8   5:47pm  58.5   8:16am    3    1  0.28   5  31   8:23am  SE 29.62  100
15   57.3  70.3   5:50am  46.0  11:53pm    9    1  0.04   9  43   7:54am   W 29.56   95
16   48.5  60.3   3:56pm  41.2  10:38pm   17    0  0.00   2  19  12:06am   W 30.08   86
17   50.8  64.9   4:52pm  36.2   5:38am   14    0  0.00   2  20   4:10pm  SW 30.07   82
18   44.8  53.5  12:37am  32.5  11:58pm   20    0  0.08   5  27   2:27pm  NW 30.21   81
19   41.6  55.8   3:37pm  27.1   6:40am   23    0  0.01   3  19  11:44am   S 30.43   79
20   48.0  64.6   4:06pm  33.0   4:10am   17    0  0.00   2  16   1:53pm   S 30.22   83
21   49.0  55.9   4:56pm  38.9  11:57pm   16    0  0.00   2  15   9:47am WNW 30.19   90
22   44.4  58.0   4:12pm  33.3   6:01am   21    0  0.00   2  17   2:22pm NNE 30.41   72
23   44.4  59.1   3:37pm  29.4   6:31am   21    0  0.00   2  17   2:58pm WNW 30.46   75
24   54.9  67.8   2:38pm  42.4   6:51am   10    0  0.00   1  12  10:31am WNW 30.38   81
25   53.1  68.9   3:16pm  45.3   5:03am    9    0  0.01   1  10   2:29pm   S 30.41   90
26   48.9  53.6   3:23pm  39.6   6:46am   14    0  0.21   2  18   6:53pm   E 30.35   90
27   57.6  62.5   1:09pm  53.2  12:36am    7    0  0.05   2  14  12:32am  SE 30.06   99
28   60.0  64.7  12:05pm  55.7  11:47pm    5    0  0.09   2  18   6:44pm NNW 29.85   97
29   50.9  55.7  12:00am  48.5  10:18pm   14    0  0.22   2  18   2:33am NNW 29.91   99
30   51.9  59.5   3:17pm  48.5   6:54am   12    0  0.01   2  14  10:36pm  SE 29.82   95
---------------------------------------------------------------------------------------
TOT  54.0  79.2   9/5/08  27.1  9/19/08  341   17  2.10   3  43  9/15/08 WNW 30.05   87

HEAT BASE: 65.0
COOL BASE: 65.0