NOAA-Style Climate Reports


Report for 2008 October
                  MONTHLY CLIMATOLOGICAL SUMMARY FOR 10/2008
                                        HEAT  COOL        
     MEAN                               DEG   DEG       WIND SPEED       DOM MEAN  MEAN
DAY  TEMP  HIGH   TIME     LOW   TIME   DAYS  DAYS RAIN AVG  HI  TIME    DIR BAROM HUM
---------------------------------------------------------------------------------------
1    50.1  53.9   1:01pm  45.8  10:26pm   15    0  0.62   2  15   2:12am  SE 29.59   99
2    41.0  46.9   3:17am  32.5  11:09pm   24    0  0.25   3  21  10:40am   W 29.48   98
3    39.0  45.2   2:58pm  32.7  12:00am   26    0  0.13   4  30  11:31pm  SW 29.74   88
4    39.4  47.1   3:10pm  30.9  11:35pm   26    0  0.00   4  26  10:29am   W 30.06   84
5    36.8  47.0  11:59am  29.2   6:37am   28    0  0.00   1  14   4:13pm WNW 30.24   90
6    35.3  44.1   2:36pm  27.4   3:23am   30    0  0.03   2  19   4:22pm  NW 30.30   86
7    40.2  52.1   2:33pm  31.2   6:17am   25    0  0.00   5  20  11:57am WNW 30.27   65
8    47.9  62.6   3:31pm  33.1   7:34am   17    0  0.00   2  13   8:12pm WNW 30.03   59
9    51.8  61.3   3:50pm  44.5   2:05am   13    0  0.20   4  23   2:57pm WSW 29.76   83
10   48.0  55.0   2:34pm  39.7  10:48pm   17    0  0.00   5  24  10:11am   W 30.07   69
11   45.2  56.8   3:31pm  36.6   4:52am   20    0  0.00   2  18   2:16pm  NW 30.37   78
12   44.9  59.4   1:38pm  32.9   6:38am   20    0  0.00   1  13  10:09am WNW 30.45   79
13   52.2  61.2   1:16pm  40.5  12:00am   13    0  0.00   1  14  10:20am WNW 30.25   80
14   52.9  61.1   2:49pm  45.8   7:32am   12    0  0.00   3  25   8:31pm  SE 30.04   85
15   42.8  54.6   3:09pm  33.5   7:11am   21    0  0.00   1  13  12:36am WNW 30.04   80
16   45.8  49.0  10:36am  40.3  11:57pm   19    0  0.46   2  19   3:57pm WNW 29.86   93
17   36.5  42.9   3:04pm  31.2  10:07pm   29    0  0.00   3  18   6:08am  NW 30.08   80
18   33.2  40.8  12:38pm  25.4  11:52pm   32    0  0.00   2  14  12:38pm NNE 30.25   75
19   31.7  47.9   3:40pm  21.1   6:52am   33    0  0.00   1   9  10:16am  NE 30.38   71
20   35.7  47.5  12:17pm  23.5   6:05am   29    0  0.00   1   9  12:18pm WNW 30.17   63
21   37.7  40.0  11:14am  31.3  11:59pm   27    0  0.50   1  11   1:03pm  SE 29.83   86
22   28.7  31.3  12:00am  24.7  11:38pm   36    0  0.04   5  21   9:24am NNW 30.24   98
23   26.2  38.8   3:47pm  16.7   6:31am   39    0  0.06   1  22  12:35am NNW 30.62   84
24   36.5  54.3   3:35pm  21.0   3:39am   28    0  0.00   1  12   8:56pm  SE 30.41   63
25   44.2  51.5  11:18pm  36.4   1:35am   21    0  1.20   6  39  10:16pm  SE 30.02   80
26   44.9  53.4   4:24pm  38.4  11:43pm   20    0  0.31   3  20  12:13am WNW 29.72   83
27   42.0  52.5  11:25am  33.4   5:41am   23    0  0.01   2  19  11:13pm NNW 29.86   85
28   36.2  40.8   5:11pm  27.1  11:51pm   29    0  0.41   5  23   9:15pm   N 29.40   98
29   24.3  27.1  12:00am  22.8  11:08pm   41    0  0.00   7  26   8:07am WSW 29.43   96
30   22.3  24.9   3:33pm  16.3  11:55pm   43    0  0.00   5  22   5:31am   W 30.19   96
31   30.9  44.7   3:58pm  15.4   2:30am   33    0  0.33   2  14   8:27pm  SW 30.24   89
---------------------------------------------------------------------------------------
TOT  39.5  62.6  10/8/08  15.4 10/31/08  789    0  4.55   3  39 10/25/08 WNW 30.04   83

HEAT BASE: 65.0
COOL BASE: 65.0