NOAA-Style Climate Reports


Report for 2008 November
                  MONTHLY CLIMATOLOGICAL SUMMARY FOR 11/2008
                                        HEAT  COOL        
     MEAN                               DEG   DEG       WIND SPEED       DOM MEAN  MEAN
DAY  TEMP  HIGH   TIME     LOW   TIME   DAYS  DAYS RAIN AVG  HI  TIME    DIR BAROM HUM
---------------------------------------------------------------------------------------
1    30.8  41.7  12:00am  23.7  11:26pm   34    0  0.00   3  20  10:54am  NW 30.20   79
2    25.2  33.9   2:56pm  17.5   7:00am   40    0  0.00   2  15  12:22am  NW 30.49   62
3    32.6  38.9  10:01pm  24.5   6:58am   32    0  0.00   2  15   1:50am  SE 30.40   75
4    46.9  59.3   2:28pm  35.4  12:14am   18    0  0.00   1  13   2:30pm   S 30.27   84
5    50.0  62.1   1:22pm  40.7   7:00am   15    0  0.00   1   9   1:14am   S 30.15   82
6    50.0  58.5  12:24pm  39.4   6:08am   15    0  0.04   1  12  10:32pm  NE 30.07   88
7    50.9  53.4  11:15am  48.3   5:33am   14    0  0.06   1  14  12:46am SSE 29.82   98
8    50.1  52.4   1:49pm  38.4  11:54pm   15    0  0.32   4  16   9:49pm  SE 29.57   99
9    36.4  40.6   1:21pm  32.2   7:53pm   29    0  0.11   2  18  12:40am WNW 29.61   94
10   31.6  34.1  12:00am  29.6  10:04am   33    0  0.18   2  13  11:18am WSW 29.80   92
11   27.0  29.8  12:00am  24.8   7:51am   38    0  0.00   5  20  10:39am  SW 30.06   95
12   25.3  30.0  12:53pm  18.9   9:57pm   40    0  0.11   3  12  10:51am  SW 30.29   92
13   28.0  34.8  11:53pm  18.3   1:04am   36    0  0.13   3  20   2:31pm  SE 30.18   94
14   41.8  47.8  11:15pm  34.6   4:01am   23    0  0.07   2  14   5:42pm  SE 29.90  100
15   50.8  58.1   9:32pm  46.2   7:12am   14    0  0.12   5  30   6:18pm  SE 29.52  100
16   37.3  53.2  12:00am  26.4   8:01pm   28    0  0.03   7  30   4:15pm WSW 29.28   92
17   24.4  30.5   1:51pm  15.6  11:40pm   41    0  0.00   4  22  12:55pm   W 29.84   84
18   16.6  19.3   3:57am  12.0  11:59pm   48    0  0.00   2  15   3:22pm WNW 30.06   90
19   11.3  16.9   2:13pm   7.5   8:53pm   54    0  0.00   3  23  11:16am  NW 30.04   80
20   12.0  15.5  10:54am   7.9  12:00am   53    0  0.00   4  25  11:04am WNW 29.79   83
21   11.4  15.7   1:33pm   9.7   7:51am   54    0  0.00   4  22   9:59am   W 30.00   87
22    9.7  11.7  12:24pm   8.2   6:56am   55    0  0.00   5  24   2:50pm WNW 30.12   91
23    9.9  14.9   1:17pm   5.7   5:33pm   55    0  0.00   5  24  12:27am   W 30.23   90
24   19.9  25.9  10:30am   7.7  12:26am   45    0  0.03   2  19   6:39pm  SE 30.23   86
25   30.3  36.0   9:51pm  24.8  12:00am   35    0  0.77   6  29   6:34am   E 29.74   99
26   28.1  31.8  12:00am  25.7   7:36am   37    0  0.15   3  19  12:34pm ESE 29.75   96
27   26.5  28.9   9:12am  23.4   7:20am   39    0  0.01   1  11   7:00pm SSE 29.85   93
28   26.8  30.7   1:06pm  23.7   1:14am   38    0  0.00   2  14   6:02am  SE 29.68   94
29   22.1  27.6  12:30pm   9.6  11:56pm   43    0  0.00   2  21  11:57am   W 29.81   94
30   19.6  28.0  11:47am   9.4  12:38am   45    0  0.00   2  18  11:49pm  SE 29.89   90
---------------------------------------------------------------------------------------
TOT  29.4  62.1  11/5/08   5.7 11/23/08 1066    0  2.13   3  30 11/15/08   W 29.96   89

HEAT BASE: 65.0
COOL BASE: 65.0