NOAA-Style Climate Reports


Report for 2008 December
                  MONTHLY CLIMATOLOGICAL SUMMARY FOR 12/2008
                                        HEAT  COOL        
     MEAN                               DEG   DEG       WIND SPEED       DOM MEAN  MEAN
DAY  TEMP  HIGH   TIME     LOW   TIME   DAYS  DAYS RAIN AVG  HI  TIME    DIR BAROM HUM
---------------------------------------------------------------------------------------
1    32.4  38.4   1:28pm  26.6  12:00am   33    0  0.18   4  21  11:37am  SE 29.44   96
2    28.6  31.3   1:35am  24.5  11:49pm   36    0  0.00   5  25   4:58am  SW 29.83   78
3    25.8  32.1   1:38pm  17.8   7:39am   39    0  0.03   2  14  12:50pm   S 30.07   78
4    29.2  32.4   2:37pm  20.3  11:59pm   36    0  0.00   3  22   3:22pm   W 29.90   84
5    15.7  20.3  12:00am  10.9   7:48am   49    0  0.00   2  19   1:42am   W 30.09   87
6    15.0  20.4  11:50am   4.2   6:10am   50    0  0.00   2  21  12:16pm  SE 30.02   78
7    15.9  23.0  12:17pm  -4.5  11:57pm   49    0  0.00   4  33  11:13pm WNW 29.64   89
8    -8.4  -0.9   1:58pm -13.0   7:11am   73    0  0.00   4  28   1:06am   W 30.30   84
9    15.8  34.5  11:59pm  -9.5  12:00am   49    0  0.00   3  26  10:47am  SE 30.24   91
10   30.4  45.5   8:37am  13.3  10:41pm   35    0  1.00   4  24   9:27am   S 29.88   98
11   17.7  21.8  11:51pm  12.7   5:39am   47    0  0.00   0   0  12:00am   N 30.07   95
12   19.1  28.3   5:00am  10.3  11:37pm   46    0  0.00   0   0  12:00am   N 29.61   95
13   -0.5  10.4  12:00am  -6.6   7:55am   66    0  0.00   0   0  12:00am   N 30.25   88
14   16.6  26.0  11:12pm   1.9   3:10am   48    0  0.00   1  14   2:51pm  SE 30.38   94
15   35.3  44.6   6:29pm  26.0  12:00am   30    0  0.95   3  25   8:31pm  SE 30.07   99
16   15.2  31.6  12:00am   4.3   7:45pm   50    0  0.00   5  33   8:04am   W 30.39   81
17   16.2  21.5   6:06pm   9.4   2:02am   49    0  0.00   2  19  10:35pm  SE 30.11   93
18   18.3  20.4   9:26am  16.2  11:38pm   47    0  0.00   2  19   3:06am   W 30.19   95
19    6.7  16.5  12:39am   2.5   8:48am   58    0  0.00   1  15   5:42am WNW 30.18   90
20    2.9  13.6  12:30pm  -4.8   6:56pm   62    0  0.00   0   5  12:30pm WNW 30.17   89
21    7.2  13.0   4:05pm   1.3  12:00am   58    0  0.00   1  24  11:34pm   E 29.75   91
22    3.1  12.0  12:00am  -5.7  11:59pm   62    0  0.00   9  32  12:29am   W 29.73   89
23    2.8  13.2   1:40pm  -9.6   7:06am   62    0  0.00   1  19   2:28am WNW 30.49   89
24   22.7  38.6  11:38pm  12.6  12:00am   42    0  0.19   3  23  11:57pm   S 30.01   96
25   22.2  38.5  12:00am   6.9  11:46pm   43    0  0.28  11  53   7:27am   W 30.01   87
26   12.5  21.0  11:48pm  -1.5   6:55am   53    0  0.00   3  29   9:41pm  SE 30.51   83
27   31.4  44.5  11:57pm  21.0  12:00am   34    0  0.32   4  25   1:41am   S 30.14   97
28    0.0  27.6   5:07am  27.6   5:07am    0    0  0.00   0   8   5:07am ---  0.00    0
29   24.1  27.6   5:07am  18.7   8:56pm   32    0  0.00   6  46   7:09am   W 29.75   88
30   14.7  24.2   7:34am  -0.1  11:58pm   50    0  0.00   8  49   9:02am   W 29.64   91
31   -1.5   5.1   8:33am  -9.5  11:53pm   67    0  0.00   5  38   6:01pm  NW 29.79   86
---------------------------------------------------------------------------------------
TOT  17.0  49.9 12/28/08 -13.0  12/8/08 1454    0  2.98   3  53 12/25/08   W 30.01   89

HEAT BASE: 65.0
COOL BASE: 65.0