NOAA-Style Climate Reports


Report for 2009 January
                  MONTHLY CLIMATOLOGICAL SUMMARY FOR 1/2009
                                        HEAT  COOL        
     MEAN                               DEG   DEG       WIND SPEED       DOM MEAN  MEAN
DAY  TEMP  HIGH   TIME     LOW   TIME   DAYS  DAYS RAIN AVG  HI  TIME    DIR BAROM HUM
---------------------------------------------------------------------------------------
1    -7.8  -2.9   9:52pm -12.7   7:21am   73    0  0.00   9  41  11:36am WNW 30.13   84
2     6.3  16.5  12:06pm  -9.4   5:20am   59    0  0.00   1  20   1:01am  SW 29.86   82
3     8.7  16.0  12:01am   4.2  11:56pm   56    0  0.00  12  52   3:37pm   W 29.79   89
4     5.5  15.9  11:59pm   0.2   8:07am   59    0  0.00   6  39   1:55am WNW 30.03   89
5    19.3  23.8   4:17am  14.8  11:56pm   46    0  0.00   6  39  12:26pm   W 29.83   94
6    13.0  20.6   1:39pm   4.5   7:34pm   52    0  0.00   4  34   5:07am   W 29.93   89
7    18.6  23.9   6:22pm  14.0   6:07am   46    0  0.00   3  21   1:52pm  SE 29.41   94
8    15.0  22.7   5:27am   3.5  11:55pm   50    0  0.00   8  42  10:12pm   W 29.16   94
9     1.0   3.5  12:00am  -1.9  11:57pm   64    0  0.00   8  36  12:37am WNW 29.87   89
10    1.3  10.0   1:54pm  -4.2   7:19am   64    0  0.00   2  21  12:48am WNW 30.23   89
11    8.6  16.3   1:57pm  -3.5   9:54pm   56    0  0.00   1  14   2:09pm  NW 29.95   91
12    4.5  13.3   1:29pm  -1.7   2:53am   60    0  0.00   1  15  12:10pm WNW 30.12   90
13   14.8  23.6  11:10pm   0.6  12:37am   50    0  0.00   4  29   4:05pm  SE 29.95   93
14   -6.1  23.4  12:00am -13.7   8:00am   71    0  0.00   6  39   2:23am WNW 29.95   85
15  -11.0  -2.0   1:22pm -20.0  11:16pm   76    0  0.00   2  29   2:26pm WNW 30.26   83
16  -11.8  -1.3   2:18pm -24.0   4:17am   77    0  0.00   1  31   7:21pm WNW 30.37   84
17   -2.8   6.0   1:43pm -17.4   2:27am   68    0  0.00   2  25   9:06am  SW 30.37   85
18   10.4  15.4   6:29pm   2.3  12:00am   55    0  0.00   3  22   4:38am  SE 30.00   91
19   15.9  21.8  11:39am  11.8  11:58pm   49    0  0.01   1  11   7:41pm WNW 29.60   94
20    7.5  12.0   1:35pm  -1.0   9:52pm   58    0  0.00   3  18   5:45pm WNW 29.68   91
21    3.6   9.4  11:51pm  -1.9   5:35am   61    0  0.00   3  20   7:15am WNW 29.78   89
22   16.4  20.1   2:18pm   9.4  12:00am   49    0  0.00   6  25   3:28pm WSW 29.76   94
23   20.4  26.5  11:58pm  15.6   3:14am   45    0  0.00   4  27  12:49pm  SE 29.80   95
24    1.2  27.5   1:09am -14.3  11:44pm   64    0  0.00   9  41   5:00am   W 29.91   87
25   -0.8  12.2   1:58pm -13.2  12:00am   66    0  0.00   3  32   1:22pm WSW 30.19   86
26   -0.1   9.8   1:31pm -15.3   6:55am   65    0  0.00   1  15   1:45pm  SW 30.35   85
27    4.6  12.9   1:55pm  -5.6   8:25pm   60    0  0.00   4  35  10:47am   W 30.39   87
28   11.9  20.9   8:17pm  -0.8  12:03am   53    0  0.00   3  29  11:54pm  SE 29.94   91
29   11.0  19.2  12:00am   0.6   7:00pm   54    0  0.00   7  48   2:01am   W 29.75   92
30   16.0  22.0   2:04pm   9.6   3:10am   49    0  0.00   2  21  12:32pm  SW 29.77   94
31    4.9  14.4  12:00am -11.0  11:30pm   60    0  0.00   4  34   1:12pm   W 29.80   89
---------------------------------------------------------------------------------------
TOT   6.5  27.5  1/24/09 -24.0  1/16/09 1814    0  0.01   4  52   1/3/09 WNW 29.93   89

HEAT BASE: 65.0
COOL BASE: 65.0