NOAA-Style Climate Reports


Report for 2009 March
                  MONTHLY CLIMATOLOGICAL SUMMARY FOR 3/2009
                                        HEAT  COOL        
     MEAN                               DEG   DEG       WIND SPEED       DOM MEAN  MEAN
DAY  TEMP  HIGH   TIME     LOW   TIME   DAYS  DAYS RAIN AVG  HI  TIME    DIR BAROM HUM
---------------------------------------------------------------------------------------
1    11.0  26.2   1:31pm  -6.2  12:00am   54    0  0.04   2  21  10:51pm  NW 30.19   74
2     6.0   8.7  12:00am   2.1  11:53pm   59    0  0.00   9  36  10:23pm  NW 30.02   87
3     1.5   8.4   2:06pm  -3.9   7:20am   63    0  0.00   7  34   2:17pm WNW 30.14   82
4     5.9  16.2   3:43pm  -5.5   1:40am   59    0  0.00   5  39   1:30pm WNW 30.27   77
5    13.9  25.6   3:45pm  -6.4   3:31am   51    0  0.01   2  22  11:57pm  SE 30.35   67
6    31.7  42.6  11:31pm  23.9   4:37am   33    0  0.01   6  45  11:38pm  SE 29.88   85
7    35.2  42.1  12:00am  31.4  11:54pm   30    0  0.06   6  35   8:19am   W 29.92   84
8    30.4  36.3   3:31pm  21.7  11:30pm   33    0  0.31   4  36   2:44pm WNW 29.85   89
9    25.0  28.2   1:57pm  21.8  12:00am   40    0  0.00   2  18  11:04am ESE 30.00   88
10   28.5  33.4   2:12pm  25.0   7:40am   37    0  0.14   3  21   8:06pm  SE 30.26   92
11   30.5  39.6   5:06pm  22.7  11:58pm   35    0  0.07   9  52  10:17pm  SE 29.86   90
12   10.8  22.7  12:00am   2.3  11:56pm   54    0  0.00  13  50  12:54am WNW 30.29   65
13   10.5  25.4   4:53pm  -5.9   7:44am   54    0  0.00   2  21   1:55pm  SW 30.44   56
14   23.5  36.8   6:00pm   8.8   3:12am   40    0  0.00   3  25   2:07pm   W 30.19   55
15   31.8  43.6   4:20pm  21.8   1:43am   33    0  0.00   3  20  11:56am WNW 30.15   56
16   31.8  46.2   4:09pm  20.3   6:59am   33    0  0.00   1  17   2:24pm   S 30.29   69
17   35.3  49.1   5:02pm  22.0   7:17am   30    0  0.00   1  15  11:42am   S 30.18   70
18   38.6  42.6  10:11am  32.1  12:21am   26    0  0.02   4  34  11:56pm  SW 29.93   79
19   33.3  41.9  12:00am  18.9  11:56pm   32    0  0.00   9  36   3:21pm   W 29.95   54
20   17.5  27.2   3:12pm   8.2   7:20am   47    0  0.00   3  20  12:18am NNW 30.32   56
21   22.0  37.0   4:30pm   3.3   6:31am   43    0  0.00   2  25   2:46pm  SW 30.44   49
22   22.1  28.3  12:00am  14.4  10:47pm   43    0  0.02   6  35   3:02pm   W 30.21   73
23    9.2  14.5  12:00am   2.0   7:14am   56    0  0.00   7  38   1:27pm  NW 30.32   68
24   20.8  32.0   5:18pm   9.4   6:43am   44    0  0.00   7  32   2:17am NNW 30.46   65
25   29.8  47.7   4:38pm  12.4   6:21am   34    0  0.00   1  14   3:11pm  SE 30.31   57
26   35.3  42.6   1:31pm  28.9  12:00am   30    0  0.29   6  27  12:32pm  SE 29.97   60
27   34.4  44.2   4:15pm  27.8  10:17pm   31    0  0.05   3  20  12:43pm   W 29.90   90
28   41.5  57.2   4:04pm  27.6   1:58am   24    0  0.00   2  20   2:59pm  SE 29.93   73
29   38.0  40.5  12:00am  35.0  11:32pm   27    0  0.18   5  22   1:36pm  SE 29.57   94
30   32.7  35.3  12:40am  28.7  11:44pm   32    0  0.17   7  41   4:12pm WNW 29.49   99
31   27.7  29.2   4:43pm  24.9  11:42pm   37    0  0.01   4  27   4:09am WNW 30.11   98
---------------------------------------------------------------------------------------
TOT  24.7  57.2  3/28/09  -6.4   3/5/09 1244    0  1.38   5  52  3/11/09 WNW 30.10   74

HEAT BASE: 65.0
COOL BASE: 65.0