NOAA-Style Climate Reports


Report for 2009 May
                  MONTHLY CLIMATOLOGICAL SUMMARY FOR 5/2009
                                        HEAT  COOL        
     MEAN                               DEG   DEG       WIND SPEED       DOM MEAN  MEAN
DAY  TEMP  HIGH   TIME     LOW   TIME   DAYS  DAYS RAIN AVG  HI  TIME    DIR BAROM HUM
---------------------------------------------------------------------------------------
1    52.4  63.7   5:51pm  40.7   1:01am   13    0  0.63   8  35   2:57pm  SW 29.66   88
2    43.5  51.5   4:47pm  36.3   7:42am   21    0  0.21   7  36   7:04am   W 29.76   72
3    45.7  57.1   4:57pm  33.3   4:11am   19    0  0.00   3  28  12:10pm  SW 29.89   61
4    49.6  61.2   2:40pm  34.3   5:24am   15    0  0.00   4  31  12:22pm WNW 30.00   56
5    47.3  55.9  11:04am  41.1  11:57pm   18    0  0.01   4  28   8:34am   E 30.13   64
6    44.6  51.0   3:59pm  40.5  12:50am   20    0  0.19   1  13  10:36am   W 29.99   93
7    46.8  49.8   7:20pm  43.9  12:12am   18    0  0.68   5  31  10:32pm  SE 29.71   99
8    51.7  65.0   4:38pm  44.0   1:16am   13    0  0.01   3  29   3:31pm WSW 29.69   87
9    52.1  62.2  10:00am  43.8   4:31am   13    0  0.82   3  32   2:08pm  SW 29.52   90
10   37.0  48.3  12:00am  31.5   9:43pm   28    0  0.28  12  48   9:22am   W 29.65   98
11   39.6  51.4   5:01pm  30.6   5:58am   25    0  0.03   3  22  12:39pm WNW 29.99   77
12   43.3  56.8   5:29pm  28.4   4:37am   22    0  0.00   2  18   1:02pm WNW 30.11   62
13   48.9  63.0   3:08pm  31.4   4:14am   16    0  0.00   3  25  12:28pm   S 30.27   56
14   48.5  53.8  10:56am  42.0   5:51am   16    0  0.19   9  53   2:18pm   S 30.08   82
15   51.9  61.2   1:59pm  39.9  11:44pm   13    0  0.01   5  31  10:15am   W 30.16   70
16   50.2  62.7  12:03pm  37.4   3:03am   15    0  0.42   6  38  12:22pm  SE 29.99   79
17   42.4  54.3   4:06am  32.9  10:48pm   23    0  0.35   8  38   4:11am WNW 29.90   79
18   37.2  45.2   5:47pm  29.6  11:56pm   28    0  0.00   3  22   2:51pm WNW 30.20   69
19   46.8  63.5   4:14pm  26.5   4:21am   18    0  0.00   4  29   1:08pm  SW 30.27   55
20   55.8  67.6   6:06pm  45.6   6:00am    9    0  0.00   4  25   4:01pm  SW 30.20   60
21   68.7  81.3   3:56pm  53.1   6:00am    2    6  0.00   7  36   4:38pm WSW 30.00   42
22   58.9  65.5  12:31am  47.2  10:12pm    6    0  0.00   8  31   9:07am   W 29.99   60
23   50.1  58.1   1:45pm  36.9   6:01am   15    0  0.00   4  28   2:16pm  SE 30.12   68
24   55.0  66.5   4:30pm  46.8   1:28am   10    0  0.06   5  29   4:13pm  SW 29.90   75
25   46.8  56.0  10:29am  34.5   5:41am   18    0  0.00   6  36   3:32pm WNW 30.00   56
26   45.2  61.4   4:20pm  27.5   5:08am   20    0  0.00   2  21   1:19am NNE 30.20   54
27   42.5  45.0   5:32am  40.8   9:14pm   22    0  0.46   3  25   9:32am  SE 29.98   91
28   42.6  45.0  12:28pm  40.6   4:13am   22    0  0.64   4  21  11:30pm  SE 29.89   99
29   48.4  56.4   6:55pm  42.6  12:21am   17    0  0.59   4  22   4:12am  SE 29.66  100
30   51.8  60.4  12:01pm  41.2  10:49pm   13    0  0.03   5  34   2:27pm   W 29.60   89
31   43.2  57.9  12:27pm  30.0  10:28pm   22    0  0.03   6  50   4:58pm   W 29.65   84
---------------------------------------------------------------------------------------
TOT  48.0  81.3  5/21/09  26.5  5/19/09  532    6  5.64   5  53  5/14/09   W 29.94   75

HEAT BASE: 65.0
COOL BASE: 65.0