NOAA-Style Climate Reports


Report for 2009 June
                  MONTHLY CLIMATOLOGICAL SUMMARY FOR 6/2009
                                        HEAT  COOL        
     MEAN                               DEG   DEG       WIND SPEED       DOM MEAN  MEAN
DAY  TEMP  HIGH   TIME     LOW   TIME   DAYS  DAYS RAIN AVG  HI  TIME    DIR BAROM HUM
---------------------------------------------------------------------------------------
1    43.0  55.6   2:16pm  30.6   3:53am   22    0  0.01   5  31   1:27am   W 29.93   77
2    47.6  55.4   5:41pm  40.9  11:56pm   17    0  0.00   5  27   3:22pm WNW 29.91   80
3    49.1  59.9   5:09pm  37.6   3:40am   16    0  0.04   4  28  11:32am WNW 29.95   73
4    50.6  62.8   3:48pm  38.3   2:32am   14    0  0.00   3  21   3:49pm  NW 29.94   69
5    53.4  66.8   2:24pm  36.0   4:32am   12    0  0.00   3  25   4:02pm  SE 29.92   65
6    54.8  69.4   2:30pm  37.1   5:10am   11    0  0.00   4  25   5:49pm   W 29.81   67
7    50.2  60.4   1:30pm  42.9  11:53pm   15    0  0.11   4  31  11:26am WNW 29.92   72
8    49.4  62.4   3:45pm  35.1   4:26am   16    0  0.01   3  25  12:30pm WNW 29.98   77
9    45.4  47.8   3:09am  43.6   6:12am   20    0  0.55   5  36   3:53pm  SE 29.90   93
10   52.6  65.2   5:44pm  44.7  12:02am   12    0  0.01   2  15  12:22am   S 29.90   90
11   57.0  66.6   4:44pm  50.9   5:12am    8    0  0.00   4  18   2:16pm  SE 29.84   93
12   56.9  66.7   3:49pm  46.8  11:52pm    8    0  0.70   3  21   2:43pm NNW 29.70   93
13   56.4  69.3  12:22pm  43.5   5:13am    9    0  0.03   2  22  11:56am   W 29.86   79
14   54.8  67.1   3:46pm  45.8   4:18am   10    0  0.06   1  17   4:01pm  SE 29.91   87
15   51.0  59.0   1:10pm  49.0   1:16am   14    0  0.80   2  15   3:24pm ESE 30.00   98
16   55.0  67.9   4:39pm  45.6   6:12am   10    0  0.00   2  17  12:35pm  SE 30.15   82
17   56.9  71.7   4:35pm  41.2   5:08am    9    1  0.00   2  21   3:55pm   S 30.11   70
18   50.7  56.6  10:53am  46.9   5:15am   14    0  0.11   5  34   3:40pm  SE 29.95   88
19   56.2  66.5   3:16pm  49.9  12:00am    9    0  0.15   2  18   1:12am ESE 29.75   96
20   59.0  64.6   3:29pm  55.3   5:27am    6    0  0.00   1  11   1:23am NNE 29.60   92
21   63.3  73.1   3:46pm  56.7   2:10am    3    1  0.03   5  29  10:02pm NNE 29.58   85
22   57.1  62.9   4:32pm  54.0   7:20am    8    0  0.00   7  34   7:50am NNE 29.68   89
23   59.6  67.4  12:43pm  51.2   5:50am    5    0  0.00   6  29   5:03am   N 29.74   86
24   65.7  76.9   5:06pm  57.1   4:37am    3    3  0.00   3  18  10:55am  NE 29.73   84
25   68.4  80.1   5:21pm  58.5   1:37am    2    5  0.00   2  20  11:20pm   S 29.66   83
26   65.6  76.7  11:32am  56.3  11:42pm    3    4  0.00   3  39   7:00pm  SW 29.55   80
27   59.6  70.0   1:52pm  53.4   2:05am    6    0  0.14   2  14   4:32pm WNW 29.65   93
28   61.7  73.3   2:45pm  54.2   2:46am    4    1  0.01   2  22   5:39pm   E 29.61   90
29   58.4  60.3   9:54am  54.5   9:56pm    7    0  1.37   2  18   2:31pm WNW 29.39   99
30   61.1  74.1   4:18pm  54.4  12:39am    5    1  0.18   3  22   5:05pm  SE 29.55   91
---------------------------------------------------------------------------------------
TOT  55.7  80.1  6/25/09  30.6   6/1/09  298   18  4.31   3  39  6/26/09 WNW 29.80   84

HEAT BASE: 65.0
COOL BASE: 65.0