NOAA-Style Climate Reports


Report for 2009 July
                  MONTHLY CLIMATOLOGICAL SUMMARY FOR 7/2009
                                        HEAT  COOL        
     MEAN                               DEG   DEG       WIND SPEED       DOM MEAN  MEAN
DAY  TEMP  HIGH   TIME     LOW   TIME   DAYS  DAYS RAIN AVG  HI  TIME    DIR BAROM HUM
---------------------------------------------------------------------------------------
1    57.5  62.0   4:13pm  54.0  12:42am    7    0  0.02   4  22  12:57pm  SE 29.73   97
2    56.1  58.5   8:28am  54.0  12:48am    9    0  0.47   4  22   2:08pm ESE 29.76   99
3    58.4  70.2   2:35pm  54.5  10:52pm    7    0  0.30   2  18   2:46pm  SW 29.69   96
4    54.6  61.3  12:47pm  47.3  11:28pm   10    0  0.87   8  32  12:21pm   W 29.65   98
5    54.2  65.4   5:21pm  45.4  11:57pm   11    0  0.00   8  35   9:55am WNW 29.73   84
6    56.3  71.2   3:27pm  43.9   4:35am    9    1  0.04   1  36   7:02pm   S 29.72   83
7    53.1  59.8  12:23pm  47.6   2:59am   12    0  0.41   2  20  12:44pm  SE 29.72   96
8    52.7  58.7   3:38pm  50.2   5:32am   12    0  0.11   1  14  12:24am ESE 29.86   97
9    56.8  69.3   6:40pm  49.8   4:28am    8    0  0.01   1  17  12:28pm  SE 30.13   88
10   59.6  74.4   4:33pm  45.8   5:02am    7    2  0.00   1  15   3:51pm  SW 30.20   78
11   61.7  72.2   1:20pm  53.6   1:55am    5    2  0.51   4  32  12:27pm   S 29.94   82
12   57.4  68.6   3:16pm  47.7  11:58pm    8    0  0.46   4  34  12:52am WNW 29.79   84
13   50.8  62.2  12:26pm  39.9   5:16am   14    0  0.11   3  27   5:11pm   W 29.78   85
14   49.4  56.2  10:18am  44.5   2:29am   16    0  0.14   3  21   2:53pm   W 29.91   94
15   54.2  65.6   5:04pm  46.2   5:48am   11    0  0.00   6  32  10:46am   W 29.97   83
16   58.8  72.5   4:51pm  48.2  12:00am    7    1  0.04   2  25   8:53pm  SE 29.74   90
17   60.7  74.4   2:25pm  50.4   5:24am    6    2  0.17   2  27   5:52pm   S 29.73   87
18   60.7  71.9   1:46pm  53.7  11:58pm    5    1  0.56   3  25   3:08pm   E 29.68   92
19   55.9  66.5   4:48pm  45.6   4:32am    9    0  0.00   3  29   2:01pm  SW 29.93   86
20   59.0  73.3   5:09pm  46.2   5:03am    7    1  0.00   1  15   3:55pm   W 30.13   82
21   60.7  71.4  11:36am  52.5  12:00am    5    1  0.49   1  15  11:11pm   E 30.14   90
22   58.7  67.6   4:48pm  52.7  11:59pm    6    0  0.09   2  17   4:24pm   W 30.07   96
23   60.6  72.0   3:12pm  51.7   1:06am    6    1  0.00   3  21   4:32pm  SE 30.02   91
24   58.0  65.5   1:20pm  53.6   5:41am    7    0  0.32   2  17   3:20am   E 29.83   94
25   62.8  73.7   3:42pm  56.0  12:03am    4    2  0.03   2  17   1:18pm   W 29.82   89
26   65.0  75.1   1:51pm  59.8  11:58pm    2    2  0.03   4  27   7:53am  SE 29.78   91
27   66.4  75.5   1:56pm  58.5  12:16am    2    3  0.01   4  31   2:06pm  SW 29.78   82
28   65.5  78.7   4:57pm  51.7   5:07am    4    4  0.00   2  20   3:09pm  SW 29.83   78
29   68.0  81.5   2:58pm  58.9   5:59am    1    4  1.37   3  28  12:36pm   S 29.73   84
30   64.5  73.6   1:49pm  53.5  11:54pm    3    2  0.04   3  28   9:03am WNW 29.71   88
31   56.8  61.1   3:03pm  52.5   4:22am    8    0  0.44   1  17   9:51am WNW 29.82   99
---------------------------------------------------------------------------------------
TOT  58.5  81.5  7/29/09  39.9  7/13/09  229   29  7.04   3  36   7/6/09   W 29.85   89

HEAT BASE: 65.0
COOL BASE: 65.0