NOAA-Style Climate Reports


Report for 2009 August
                  MONTHLY CLIMATOLOGICAL SUMMARY FOR 8/2009
                                        HEAT  COOL        
     MEAN                               DEG   DEG       WIND SPEED       DOM MEAN  MEAN
DAY  TEMP  HIGH   TIME     LOW   TIME   DAYS  DAYS RAIN AVG  HI  TIME    DIR BAROM HUM
---------------------------------------------------------------------------------------
1    64.1  75.9   4:13pm  54.7   6:03am    4    3  0.01   1  15   1:16pm  NW 29.94   85
2    61.0  70.1  12:08pm  55.7   1:31am    4    0  0.48   4  32   1:13pm  SE 29.83   94
3    60.5  71.3   4:35pm  50.4  11:59pm    6    1  0.01   2  25  10:05am WNW 29.90   82
4    63.8  78.0   4:10pm  49.0   5:50am    5    4  0.00   3  22   1:47pm   S 29.85   83
5    62.9  70.2   1:54pm  50.1  11:59pm    3    1  0.03   4  25   1:46pm WNW 29.76   84
6    57.5  69.6   2:51pm  47.4   4:48am    8    0  0.00   2  21   1:28pm   W 29.87   84
7    54.5  62.9   4:18pm  47.5   5:59am   10    0  0.00   5  36   3:57pm   W 29.93   86
8    52.5  66.9   3:42pm  38.8   5:58am   13    0  0.00   2  21   1:54pm WNW 30.15   79
9    56.6  68.3   1:07pm  44.4   1:32am    9    0  0.00   2  22   2:10pm   S 29.99   90
10   67.0  77.5   5:14pm  59.6  12:00am    1    3  0.02   3  27   3:36pm  SW 29.75   92
11   65.7  75.5   4:43pm  57.4  11:57pm    2    2  0.02   2  22  12:26pm WNW 29.75   90
12   63.1  74.9   1:40pm  55.8   1:37am    3    1  0.35   0  13  12:46pm ESE 29.93   94
13   64.6  76.8   4:38pm  57.7   1:04am    3    3  0.00   2  15  12:43pm   S 30.05   89
14   66.1  80.5   3:50pm  54.2   4:29am    4    5  0.01   1  15  11:53am   W 30.09   83
15   67.7  80.9   4:06pm  57.5   1:52am    3    5  0.00   2  21   1:17pm   W 30.05   82
16   70.2  81.6   3:54pm  60.6  11:56pm    1    6  0.00   1  17   8:40pm   W 30.03   80
17   70.6  83.3   4:41pm  59.8   3:03am    1    7  0.00   1  17  10:50am  SW 30.03   82
18   72.0  84.0   3:10pm  61.2   3:07am    1    8  0.00   4  29   1:36pm  SW 29.87   80
19   66.7  75.5   1:42pm  55.3  11:43pm    1    3  0.00   3  25   1:42pm   W 29.82   84
20   64.3  76.4   1:22pm  49.6   5:55am    4    4  0.00   2  22  11:33am  SE 29.89   83
21   68.5  73.0  10:05am  64.0  11:49pm    0    4  0.32   3  20  12:59am  SE 29.78   97
22   65.7  72.5   1:10pm  62.0   2:42am    1    2  0.01   1  14  12:49pm   S 29.82   95
23   66.5  75.0   3:23pm  62.9  10:37pm    1    2  0.00   3  18   6:32am NNW 29.77   92
24   63.4  70.3   1:49pm  56.7  11:59pm    2    1  0.24   2  20   2:57pm  NW 29.94   95
25   61.8  73.5   3:48pm  50.4   6:18am    5    2  0.01   2  18  11:18am  SW 30.01   84
26   58.8  67.2   3:46pm  50.3  11:42pm    6    0  0.07   4  35   1:18pm WSW 29.84   87
27   49.9  60.5   3:00pm  41.4   5:56am   15    0  0.00   4  25   1:21pm WNW 30.06   73
28   51.1  66.0   4:44pm  36.5   5:01am   14    0  0.01   1  15  11:27am   W 30.15   78
29   50.4  53.3  12:31pm  48.2   9:41pm   15    0  0.35   5  27   1:59pm ESE 29.87   97
30   57.0  68.4   2:43pm  49.1  12:28am    8    0  0.02   3  25   7:45pm  SW 29.79   90
31   50.6  59.3   2:15pm  40.1  11:50pm   14    0  0.00   5  28   5:13am WNW 30.04   84
---------------------------------------------------------------------------------------
TOT  61.8  84.0  8/18/09  36.5  8/28/09  167   67  1.96   3  36   8/7/09   W 29.92   86

HEAT BASE: 65.0
COOL BASE: 65.0