NOAA-Style Climate Reports


Report for 2009 September
                  MONTHLY CLIMATOLOGICAL SUMMARY FOR 9/2009
                                        HEAT  COOL        
     MEAN                               DEG   DEG       WIND SPEED       DOM MEAN  MEAN
DAY  TEMP  HIGH   TIME     LOW   TIME   DAYS  DAYS RAIN AVG  HI  TIME    DIR BAROM HUM
---------------------------------------------------------------------------------------
1    49.8  64.7   4:13pm  36.5   6:18am   15    0  0.01   1  18   2:48pm   W 30.24   81
2    56.0  71.7   4:44pm  42.5   5:57am   10    1  0.00   1  15   1:54pm WSW 30.22   83
3    59.3  74.5   3:43pm  47.6   5:23am    8    2  0.00   1  15   4:28pm WNW 30.09   83
4    61.4  73.5   2:15pm  49.0   6:17am    6    2  0.01   2  21   2:16pm  NW 30.01   80
5    55.7  65.2   2:54pm  43.5  11:07pm    9    0  0.00   3  28  12:57pm  NW 30.12   79
6    50.6  64.3   4:08pm  35.2   6:23am   14    0  0.00   1  15   4:45pm  SE 30.33   73
7    52.3  68.1   4:48pm  39.2   6:28am   13    0  0.00   1  15   3:25pm   W 30.20   86
8    57.6  71.7   3:21pm  45.6   4:53am    8    1  0.00   2  18   3:14pm  NW 30.08   87
9    56.3  68.7   3:35pm  44.1  10:38pm    9    0  0.00   2  18  12:28am  NE 30.18   77
10   51.3  65.8   3:14pm  40.4   5:56am   14    0  0.00   1  15   1:53pm  SE 30.41   82
11   51.2  64.7   2:25pm  38.1   6:45am   14    0  0.01   1  15  12:43pm   S 30.30   80
12   57.9  67.4   4:22pm  51.3   1:31am    7    0  0.21   0  10  11:51pm NNE 30.02   91
13   55.5  62.2  10:18am  48.5  11:59pm    9    0  0.01   3  21   2:21pm WNW 29.82   94
14   52.1  62.5   4:14pm  43.9   7:38am   13    0  0.00   3  17   1:50am   W 29.82   88
15   52.7  58.7   3:20pm  48.5  11:58pm   12    0  0.00   4  21  12:15pm WNW 29.88   88
16   48.8  55.5   4:51pm  41.2   9:09pm   16    0  0.00   0  10   4:02pm  NE 30.23   90
17   49.4  60.1   3:09pm  41.4   1:37am   16    0  0.00   1  14   1:04pm  SW 30.18   88
18   47.0  52.7   2:32pm  41.2  11:54pm   18    0  0.11   6  41   5:05pm WSW 29.88   93
19   42.3  51.1   2:21pm  35.2  11:18pm   23    0  0.00   7  34   8:29am WNW 30.17   82
20   46.1  65.2   4:37pm  31.0   6:12am   19    0  0.00   1  20   2:35pm WNW 30.27   76
21   54.0  71.2   3:00pm  37.9   3:49am   12    1  0.00   2  17  12:33pm  SE 30.25   71
22   58.5  69.8   3:43pm  48.0   4:40am    7    0  0.00   2  20   1:58pm   S 30.14   88
23   62.3  68.9   1:37pm  57.9   1:23am    3    0  0.92   5  25   2:41pm  SW 29.95   97
24   53.5  60.7   2:07pm  42.4  11:23pm   11    0  0.03   5  25   1:43pm WNW 29.96   87
25   42.4  52.1   3:39pm  30.8  11:58pm   23    0  0.00   5  29   1:34pm NNW 30.23   85
26   42.7  57.8   3:38pm  28.6   4:58am   22    0  0.01   2  20   2:44pm   S 30.22   81
27   48.5  54.2   9:57pm  42.6   2:55am   17    0  0.84   4  25   3:58pm  SE 29.70   98
28   53.9  60.7   2:15pm  47.4  11:51pm   11    0  0.28   4  29   9:04pm   W 29.40   96
29   47.3  55.0  12:29pm  41.1   5:28am   18    0  0.15   3  25   3:57pm SSW 29.39   94
30   38.9  46.5  12:00am  34.2  11:42pm   26    0  0.14   6  32   9:18am   W 29.69   96
---------------------------------------------------------------------------------------
TOT  51.8  74.5   9/3/09  28.6  9/26/09  403    9  2.73   3  41  9/18/09 WNW 30.05   86

HEAT BASE: 65.0
COOL BASE: 65.0