NOAA-Style Climate Reports


Report for 2009 October
                  MONTHLY CLIMATOLOGICAL SUMMARY FOR 10/2009
                                        HEAT  COOL        
     MEAN                               DEG   DEG       WIND SPEED       DOM MEAN  MEAN
DAY  TEMP  HIGH   TIME     LOW   TIME   DAYS  DAYS RAIN AVG  HI  TIME    DIR BAROM HUM
---------------------------------------------------------------------------------------
1    34.6  39.5   1:56pm  31.7   7:46am   30    0  0.10   3  20   1:45am   W 29.90   96
2    39.7  49.3   2:30pm  33.6   5:19am   25    0  0.09   3  22  10:10pm  SE 29.98   90
3    46.0  51.0  11:59pm  41.1  12:00am   19    0  0.55   4  35   1:48am  SE 29.93   99
4    52.3  63.1   1:36pm  45.0  11:49pm   13    0  0.01   1  18   4:51pm  NW 29.83   93
5    45.0  53.5   3:14pm  39.8   5:25am   20    0  0.11   4  34   4:12pm   W 29.76   96
6    44.4  52.2   3:43pm  41.3  10:29pm   21    0  0.00   4  29   6:35am   W 29.80   93
7    44.5  48.3  11:48am  40.5  11:57pm   21    0  0.95   7  43  11:55pm   W 29.41   97
8    39.9  44.7   4:02pm  33.9  11:06pm   25    0  0.05   7  43  12:00am WNW 29.88   97
9    43.4  46.4   4:32pm  35.9  12:00am   22    0  0.04   1  20  12:26pm  SE 29.83   96
10   39.7  46.1  12:38am  28.4   9:36pm   25    0  0.23   5  36   3:12pm  NW 29.79   92
11   35.0  42.8   1:58pm  29.2   3:10am   30    0  0.03   5  35   5:41pm   W 30.07   80
12   34.0  43.7   4:08pm  26.1   7:37am   31    0  0.00   3  22  11:22am WNW 30.27   80
13   31.3  33.5   1:44am  29.6  11:29pm   34    0  0.18   3  31   3:53pm WNW 30.03   96
14   27.9  31.7  11:15am  24.2   9:56pm   37    0  0.02   3  25   5:32am WNW 30.17   90
15   26.2  30.4   3:21pm  22.1  11:28pm   39    0  0.02   1  14   9:13pm  NE 30.12   82
16   26.8  37.7   4:02pm  21.0  11:46pm   38    0  0.02   1  17   6:57am  NE 30.06   75
17   30.3  43.5   2:52pm  19.4   4:00am   35    0  0.01   1  13  10:32am  NE 30.16   71
18   30.1  37.1   3:38pm  23.7   4:21am   35    0  0.00   1  17   2:58pm  NE 30.18   78
19   31.8  45.0   3:12pm  24.0  12:16am   33    0  0.00   3  20   1:53pm NNW 30.10   74
20   40.8  49.0   1:35pm  27.7  12:48am   24    0  0.00   2  21   2:57pm   W 30.04   75
21   42.1  47.2  11:24am  35.9   7:12am   23    0  0.02   2  21  12:34pm WNW 30.11   85
22   43.9  59.0   1:34pm  27.0  11:56pm   21    0  0.29   5  36   4:45pm   S 29.86   91
23   31.4  38.5   3:03pm  26.0   7:29am   34    0  0.07   4  31   1:02am  SE 30.16   88
24   40.5  51.4  10:55pm  30.9   1:48am   25    0  1.00   7  36   6:05am  SE 29.79   99
25   40.8  47.5  12:41am  35.6  11:59pm   24    0  0.03   8  31   1:56am   W 29.90   87
26   34.2  47.3   4:10pm  26.7   7:43am   31    0  0.00   3  20  12:22am WNW 30.29   77
27   38.8  44.3   1:16pm  32.0  12:00am   26    0  0.00   5  29   8:56am  SE 30.16   79
28   38.8  42.7   2:15pm  34.4  10:55pm   26    0  0.05   2  18  10:53am ESE 30.04   96
29   39.2  43.4   1:48pm  32.1   2:33am   26    0  0.00   0   8  12:01am SSE 30.24   97
30   41.8  44.5   1:37pm  40.9   6:54am   23    0  0.20   4  32   1:52pm  SE 30.13   99
31   47.6  57.8  12:56pm  41.1  11:56pm   17    0  0.52   8  31   3:36am  SE 29.71   98
---------------------------------------------------------------------------------------
TOT  38.2  63.1  10/4/09  19.4 10/17/09  832    0  4.59   4  43  10/7/09   W 29.99   89

HEAT BASE: 65.0
COOL BASE: 65.0