NOAA-Style Climate Reports


Report for 2009 November
                  MONTHLY CLIMATOLOGICAL SUMMARY FOR 11/2009
                                        HEAT  COOL        
     MEAN                               DEG   DEG       WIND SPEED       DOM MEAN  MEAN
DAY  TEMP  HIGH   TIME     LOW   TIME   DAYS  DAYS RAIN AVG  HI  TIME    DIR BAROM HUM
---------------------------------------------------------------------------------------
1    37.9  45.0   1:03pm  27.3  11:54pm   27    0  0.00   7  35   1:06pm   W 30.04   81
2    34.5  45.0  12:47pm  26.2   2:27am   31    0  0.00   2  21   9:07pm  SE 30.22   81
3    34.0  42.8   1:37pm  29.7   1:13am   31    0  0.08   4  34   3:35pm   W 29.97   93
4    28.1  33.3   2:15pm  25.0  11:59pm   37    0  0.00   5  31   3:56am   W 30.19   85
5    28.2  35.2  11:52am  24.4   6:56am   37    0  0.01   1  18  11:43am  SE 30.10   89
6    26.7  28.8   2:15pm  24.0  11:37pm   38    0  0.00   5  29   1:43pm WNW 30.14   94
7    29.4  37.6  11:59pm  18.4   6:45am   36    0  0.01   3  22   7:22pm  SE 30.13   80
8    42.7  52.9   1:20pm  33.2  10:05pm   22    0  0.00   5  32   1:25pm   W 30.14   62
9    50.0  60.6   1:25pm  30.5   1:36am   15    0  0.00   5  34   2:12pm  SW 30.19   62
10   43.3  56.0  12:00am  34.7  11:57pm   22    0  0.00   6  31   1:54am WNW 30.23   81
11   33.6  43.8  12:50pm  26.7   9:49pm   31    0  0.00   3  25  12:11am NNW 30.43   78
12   31.1  47.6   1:06pm  22.0   6:07am   34    0  0.00   0   8  12:43pm ESE 30.36   65
13   34.3  49.7  12:23pm  24.0   1:45am   31    0  0.00   1  20  12:02pm ESE 30.25   44
14   42.7  46.8   9:15pm  32.1  12:00am   22    0  1.52   3  27   5:15pm   E 30.08   90
15   48.4  51.5  10:37am  44.1   8:33pm   17    0  0.08   2  27  11:21pm   W 29.85  100
16   34.6  46.9  12:00am  28.2  11:54pm   30    0  0.00   9  38   3:37am WNW 30.01   84
17   28.4  37.8   2:40pm  22.2  11:04pm   37    0  0.00   3  21   6:21am  NW 30.31   84
18   31.9  51.6   2:16pm  22.0  12:31am   33    0  0.01   0   8  11:00am   S 30.45   79
19   39.3  54.6   1:00pm  25.5  12:33am   26    0  0.00   1  17  11:20pm  SE 30.29   65
20   42.4  49.7  10:23am  37.1   5:58pm   23    0  0.83   7  36  10:30pm WSW 29.85   97
21   37.3  40.1   1:29pm  35.0   6:23pm   28    0  0.07   8  38   3:14am WNW 30.00   96
22   34.3  42.9   1:18pm  27.5   8:23pm   31    0  0.00   2  15   5:05am  NW 30.33   90
23   33.7  40.0   1:20pm  29.7   7:11am   31    0  0.00   3  18  10:36am  SE 30.46   91
24   37.6  48.3   2:12pm  30.1  11:52pm   27    0  0.00   1  11   1:32pm   W 30.24   91
25   38.1  47.5  11:20am  28.8   7:07am   27    0  0.05   3  21   8:52pm  SE 30.01   96
26   40.0  46.0   1:59pm  32.5  11:53pm   25    0  0.01   1  14  11:12am   S 29.82   98
27   32.5  36.5   2:34am  29.7  11:29pm   32    0  0.24   1  21   2:55pm  NW 29.38   99
28   29.1  31.2   6:06am  27.0  11:13pm   35    0  0.00   0   0  12:00am   N 29.39   98
29   30.4  35.5   1:11pm  27.1  12:00am   35    0  0.26   1  14  12:37pm   W 29.74   95
30   29.9  38.8   6:53am  20.7  11:42pm   35    0  0.64   6  34   5:38pm WNW 29.58   98
---------------------------------------------------------------------------------------
TOT  35.5  60.6  11/9/09  18.4  11/7/09  885    0  3.81   3  38 11/16/09 WNW 30.07   85

HEAT BASE: 65.0
COOL BASE: 65.0