NOAA-Style Climate Reports


Report for 2009 December
                  MONTHLY CLIMATOLOGICAL SUMMARY FOR 12/2009
                                        HEAT  COOL        
     MEAN                               DEG   DEG       WIND SPEED       DOM MEAN  MEAN
DAY  TEMP  HIGH   TIME     LOW   TIME   DAYS  DAYS RAIN AVG  HI  TIME    DIR BAROM HUM
---------------------------------------------------------------------------------------
1    24.9  30.2  11:51am  20.4   1:09am   40    0  0.02   3  20   4:18am  SW 29.83   93
2    31.9  37.6   1:55pm  23.4   5:04am   33    0  0.18   2  21  11:58pm  SE 30.01   90
3    41.6  47.1   3:15pm  35.7  11:58pm   23    0  1.07   7  35   6:29pm WSW 29.44   97
4    32.8  38.9   1:33pm  26.5   9:12pm   32    0  0.02   3  25   5:19am   W 29.97   80
5    26.1  29.3  11:56am  22.2  11:27pm   39    0  0.00   2  18   8:37pm NNW 30.07   85
6    21.9  26.0   1:52pm  20.0   7:42pm   43    0  0.06   4  29   3:43pm   W 30.05   88
7    22.8  25.4   2:10pm  19.7   7:24am   42    0  0.00   1  15   3:46am  SW 30.15   94
8    16.9  22.5   2:02am   5.9  10:34pm   48    0  0.00   3  29  12:22pm   W 30.23   92
9    20.0  29.5  11:57pm   7.1  12:00am   45    0  0.00   7  42   1:28pm ESE 29.68   94
10   23.9  29.8  12:53am  16.5  11:55pm   41    0  0.00   8  41   7:38pm WSW 29.30   95
11   11.8  16.5  12:00am   9.1  11:59pm   53    0  0.00  10  46  11:14pm   W 29.76   90
12   11.1  15.6  12:58pm   6.2   5:31am   54    0  0.00   6  41  12:42pm   W 30.30   87
13   20.3  29.9   9:47pm   6.5   2:07am   45    0  0.00   3  25   2:19pm  SE 30.11   87
14   26.4  28.0  10:58pm  24.3   5:27pm   39    0  0.00   3  18  12:54am WNW 29.97   97
15   27.9  32.8  11:46am  16.3  11:47pm   37    0  0.01   4  49  10:18pm   W 29.82   98
16    6.5  16.3  12:00am   0.1  11:58pm   59    0  0.00   9  39   7:38pm WNW 30.07   89
17   -7.1   0.1  12:00am -12.4   7:57am   72    0  0.00  10  41   2:25am WNW 30.26   85
18   -1.2   7.0   1:39pm  -7.6   1:08am   66    0  0.00   4  25  12:00am WNW 30.25   82
19    4.5  13.3   1:07pm  -9.3   3:14am   61    0  0.00   3  28   9:07pm   N 29.98   65
20    4.1   8.3  12:41pm   1.3   7:29am   61    0  0.00   8  32  12:15am  NW 29.78   82
21    7.1  11.0   1:49pm   4.0   6:43am   58    0  0.00  10  41   6:36pm WNW 29.83   86
22    4.5   8.2   1:15pm   0.0   9:54pm   60    0  0.00   9  36   8:09pm WNW 30.00   89
23    5.0  12.3  11:47pm   1.3  12:00am   60    0  0.00   7  29  12:00am WNW 30.10   90
24   18.2  23.5   2:12pm  12.3  12:00am   47    0  0.00   3  27   6:45am NNW 30.40   94
25   18.2  31.6  12:01pm   8.9   3:36am   47    0  0.03   1  14   9:00pm  SE 30.45   94
26   23.7  31.2  11:30pm  19.7  12:38am   41    0  0.00   6  36  11:11pm  SE 30.33   96
27   32.5  38.0  11:33am  24.9   8:51pm   33    0  0.62   6  39   4:46am WNW 29.81   98
28   24.4  27.3   2:48pm  19.7  11:14pm   41    0  0.00   5  35   4:55pm   W 29.49   97
29    1.1  19.7  12:00am  -6.8  11:49pm   64    0  0.00  12  46   9:01am   W 29.83   89
30    1.1  12.3  11:52pm  -8.1   6:56am   64    0  0.00   3  32   1:01am WNW 30.34   89
31   16.3  20.6  10:31pm  12.2  12:06am   49    0  0.00   3  25   8:36am  SE 30.13   94
---------------------------------------------------------------------------------------
TOT  16.7  47.1  12/3/09 -12.4 12/17/09 1496    0  2.01   5  49 12/15/09 WNW 29.99   90

HEAT BASE: 65.0
COOL BASE: 65.0