NOAA-Style Climate Reports


Report for 2010 January
                  MONTHLY CLIMATOLOGICAL SUMMARY FOR 1/2010
                                        HEAT  COOL        
     MEAN                               DEG   DEG       WIND SPEED       DOM MEAN  MEAN
DAY  TEMP  HIGH   TIME     LOW   TIME   DAYS  DAYS RAIN AVG  HI  TIME    DIR BAROM HUM
---------------------------------------------------------------------------------------
1    23.2  27.1  12:55pm  19.7  12:00am   42    0  0.00   0   7   1:48am   E 29.84   96
2    15.4  23.5   1:20am   3.0  11:59pm   50    0  0.00   7  43  11:58pm WNW 29.56   94
3     8.1  16.0  11:07pm   2.3   4:13am   57    0  0.00  11  43  12:00am WNW 29.40   92
4    11.5  15.7  12:17am   9.0   9:13pm   54    0  0.00   5  20  12:00am WNW 29.61   92
5    12.3  16.1   1:00pm   8.3   4:24am   53    0  0.00   1  10   6:22pm WNW 29.65   93
6    13.8  16.8  11:58am  11.8   8:55pm   51    0  0.00   2  13   8:07pm WNW 29.61   93
7    12.7  15.5  12:43pm  10.3  11:59pm   52    0  0.00   1  11   5:40am WNW 29.76   93
8    10.3  14.9  12:40pm   8.1   7:18am   55    0  0.00   0   8   8:45pm  NW 29.76   92
9     1.6   9.1  12:44pm  -5.6  11:57pm   63    0  0.00   1  10   2:34am  NW 30.05   89
10    2.6  11.4  11:17pm  -6.6   3:42am   62    0  0.00   0   7  10:54am WNW 30.18   89
11   16.3  19.7  11:55am  11.3  12:00am   49    0  0.00   1  10   6:26pm WNW 29.99   94
12    7.8  16.2  12:00am  -2.0  11:42pm   57    0  0.00   1   8   4:26am  NW 30.01   91
13    4.9  15.0  11:55pm  -4.9   2:52am   60    0  0.00   0   8   4:48am WNW 30.14   90
14   19.5  24.1  11:39am  15.0  12:00am   46    0  0.00   0   6   6:50pm SSE 30.14   95
15   27.9  30.1  12:16pm  23.7  12:00am   37    0  0.00   2  14   4:37pm   W 29.98   98
16   25.9  30.7  11:59am  21.5   7:27am   39    0  0.00   1  13   4:38pm WNW 30.04   98
17   25.9  29.4  12:48pm  19.2   6:57am   39    0  0.00   0  10   4:49pm  SE 30.02   97
18   28.3  31.7   1:36pm  24.2   5:58am   37    0  0.01   0  11  11:45pm   W 29.79   98
19   25.4  28.1  12:39pm  22.1  11:14pm   40    0  0.00   1  14  12:05am WNW 29.85   97
20   22.4  24.4  10:59am  19.7   7:51pm   43    0  0.00   4  22  12:41pm  NW 29.89   97
21   16.2  21.2   1:53am   8.3   9:57pm   49    0  0.00   2  14   4:55am   W 30.13   94
22   16.9  26.6  12:34pm   8.0   1:30am   48    0  0.01   3  21   7:32pm NNW 30.10   93
23   13.6  26.4   2:08pm   4.5   7:30am   51    0  0.01   1  11   4:38am NNW 30.26   89
24   23.4  30.3  11:55pm  10.8  12:00am   42    0  0.00   5  27   6:12pm  SE 30.11   87
25   38.6  45.0   4:10pm  30.3  12:00am   26    0  0.94  12  57   3:18pm  SE 29.45  100
26   26.6  31.2  12:00am  24.0  11:37pm   38    0  0.00   6  28   3:08pm  SW 29.43   96
27   23.1  25.8   2:44pm  19.0  10:55pm   42    0  0.00   4  21   1:32pm  SW 29.86   90
28   15.8  25.8   1:26pm   1.5  10:58pm   49    0  0.01   5  42  10:17pm   W 29.85   86
29   -6.0   1.7  12:00am -12.8  11:59pm   71    0  0.00  17  57   6:30pm   W 30.04   83
30   -8.3   2.3   3:07pm -16.7   7:01am   73    0  0.00   4  36  12:54am   W 30.23   82
31    4.3  13.6   2:59pm  -8.6   5:50am   61    0  0.00   3  21   2:23pm  SW 29.99   85
---------------------------------------------------------------------------------------
TOT  15.5  45.0  1/25/10 -16.7  1/30/10 1535    0  0.98   3  57  1/25/10 WNW 29.89   92

HEAT BASE: 65.0
COOL BASE: 65.0