NOAA-Style Climate Reports


Report for 2010 July
                  MONTHLY CLIMATOLOGICAL SUMMARY FOR 7/2010
                                        HEAT  COOL        
     MEAN                               DEG   DEG       WIND SPEED       DOM MEAN  MEAN
DAY  TEMP  HIGH   TIME     LOW   TIME   DAYS  DAYS RAIN AVG  HI  TIME    DIR BAROM HUM
---------------------------------------------------------------------------------------
1    49.5  54.8   4:23pm  47.2   7:07am   15    0  0.21   4  27   6:51am   W 30.01   95
2    56.6  69.9   3:57pm  44.0   1:34am    9    1  0.00   3  31  10:35am WNW 30.11   78
3    65.4  81.1   4:48pm  46.3   4:41am    5    5  0.00   4  22   1:46pm  SW 29.98   71
4    70.2  80.2   5:12pm  60.1   4:34am    1    6  0.00   5  25  11:56am   W 29.84   63
5    72.7  85.9   3:27pm  56.4   5:31am    2    9  0.00   3  22  12:23pm   W 29.86   73
6    75.8  84.8   5:40pm  65.6  10:59pm    0   11  0.00   5  29   1:09pm   W 29.91   80
7    74.9  88.2   4:49pm  63.6   5:10am    0   10  0.00   2  17  10:35am WNW 29.96   80
8    75.8  87.2   3:28pm  64.8   5:16am    0   11  0.00   2  18   3:48pm   S 29.92   83
9    74.0  82.2   4:17pm  67.1   6:07am    0    9  0.00   3  28   1:23pm   S 29.81   82
10   66.2  72.5   4:21pm  58.9  11:47pm    1    2  0.86   1  28   2:35am  NW 29.77   94
11   68.5  82.3   4:01pm  57.6   2:30am    2    6  0.01   1  14   1:17pm NNW 29.80   80
12   69.7  81.2   5:07pm  58.3  12:03am    2    6  0.00   2  21   1:31pm   S 29.81   76
13   68.6  77.5   5:20pm  60.0   5:01am    1    4  0.05   2  20   8:58am   S 29.87   85
14   69.2  78.0   2:39pm  63.3   6:12am    0    4  0.04   2  20   3:13pm NNW 29.88   89
15   70.7  83.2   3:40pm  58.8   5:10am    1    7  0.00   1  15  12:42pm   S 29.95   83
16   69.0  77.5  11:48am  63.3   5:32am    0    4  0.27   3  28   2:46pm  SW 29.78   91
17   68.5  80.3   2:32pm  55.9   3:59am    2    5  0.00   4  28  11:34am  SW 29.70   80
18   65.8  72.2   5:19pm  60.9   5:17am    1    2  0.01   5  27   6:24am   W 29.72   80
19   62.1  68.4   6:36pm  56.8   4:08am    3    0  0.49   1  15   8:55am WNW 29.76   96
20   63.8  74.9   5:47pm  55.2  11:11pm    3    2  0.00   1  17   4:43pm WNW 29.88   89
21   63.1  77.3   1:19pm  54.2   5:02am    4    2  1.02   1  22  12:31pm   S 29.82   91
22   61.3  70.8   2:59pm  53.6  11:23pm    4    1  0.61   4  28   8:54am WNW 29.80   93
23   61.5  72.2  11:45am  50.7   5:44am    5    1  0.04   2  18   1:52pm  SE 29.88   88
24   69.5  81.0   3:40pm  60.7  12:00am    1    5  0.02   1  17   1:59pm   W 29.73   91
25   63.0  69.0  12:36pm  53.2   9:37pm    2    1  0.01   5  34   5:04pm WNW 29.69   91
26   60.0  68.0   2:39pm  52.0   6:17am    5    0  0.00   9  41   2:42pm WNW 29.84   77
27   64.9  78.0   4:29pm  49.4   4:35am    4    4  0.00   3  21  10:00am WNW 29.95   71
28   67.0  80.0   3:40pm  55.1   5:54am    3    5  0.03   5  32   9:02pm  SW 29.83   80
29   61.6  67.2   2:39pm  49.3  11:59pm    3    0  0.01   6  32   3:32pm WNW 29.76   82
30   53.5  63.7   2:09pm  42.5   5:29am   12    0  0.00   4  31  12:40pm WNW 29.89   77
31   55.7  70.4  10:55am  43.3   5:30am   10    0  0.01   1  13   9:54am  NW 29.95   82
---------------------------------------------------------------------------------------
TOT  65.7  88.2   7/7/10  42.5  7/30/10  103  126  3.69   3  41  7/26/10   W 29.85   83

HEAT BASE: 65.0
COOL BASE: 65.0