NOAA-Style Climate Reports


Report for 2010 November
                  MONTHLY CLIMATOLOGICAL SUMMARY FOR 11/2010
                                        HEAT  COOL        
     MEAN                               DEG   DEG       WIND SPEED       DOM MEAN  MEAN
DAY  TEMP  HIGH   TIME     LOW   TIME   DAYS  DAYS RAIN AVG  HI  TIME    DIR BAROM HUM
---------------------------------------------------------------------------------------
1    27.4  30.1   1:12pm  24.1  12:00am   38    0  0.00   6  28   2:01am  NW 30.25   97
2    27.1  30.0  12:58pm  19.7  11:57pm   38    0  0.00   3  23   7:46am  NW 30.39   94
3    28.0  40.1   3:19pm  16.9   6:16am   37    0  0.04   2  18   9:22pm SSE 30.15   85
4    32.3  34.8   1:43pm  29.4   3:58am   33    0  0.47   6  31  10:41am SSE 29.76   95
5    35.1  39.4   9:45am  31.6  11:57pm   30    0  0.43   2  19   7:32pm   W 29.45   99
6    29.2  32.1  12:39am  27.5  11:55pm   36    0  0.01   4  23   2:28am NNW 30.11   98
7    25.1  27.7   3:09pm  23.5   7:17pm   40    0  0.00   7  35  10:50pm   N 30.22   95
8    28.2  34.4   5:20pm  23.3   1:13am   37    0  0.00   9  46   7:24am  NE 29.76   98
9    34.3  38.0   2:07pm  31.1  12:20am   31    0  0.09   6  31   5:01pm  NE 29.95  100
10   31.4  38.6   3:03pm  27.4   6:28am   34    0  0.00   7  26   1:01am  NE 30.22   90
11   36.1  52.3   1:50pm  23.9   2:44am   29    0  0.00   3  22  11:57am   E 30.45   54
12   39.6  58.5   1:45pm  28.2   4:37am   25    0  0.00   1  12  10:26am  SE 30.43   41
13   41.7  58.0  12:52pm  31.3   5:13am   23    0  0.00   1  12   8:51am  NE 30.20   45
14   40.6  50.5  12:50pm  32.4   2:01am   24    0  0.00   6  29  12:32pm   S 30.06   67
15   38.0  41.0   1:52pm  35.9  12:00am   27    0  0.00   4  26  12:45am SSW 30.01   95
16   41.0  46.5  12:13pm  38.1  12:00am   24    0  0.07   3  31  11:48pm  SE 30.00   90
17   40.2  48.1  12:00pm  30.5  11:17pm   25    0  0.62  11  48  10:26pm SSE 29.45   98
18   29.1  30.7   1:29pm  26.4  11:18pm   36    0  0.01  10  48  12:07am WNW 29.87   93
19   21.7  26.6  12:00am  13.4   8:23pm   43    0  0.00   4  30  12:53pm WNW 30.12   91
20   26.6  34.0  10:38am  18.3  11:44pm   38    0  0.00  10  46  10:54am  NW 30.01   81
21   19.7  23.6   1:52pm  15.2   5:59am   45    0  0.00   3  31  11:35pm SSE 30.48   76
22   32.8  44.5  11:57pm  23.5  12:00am   32    0  0.05   6  31   7:48am   S 30.19   97
23   42.9  46.9   2:44pm  31.9  11:56pm   22    0  0.21   7  37   9:30pm   S 29.75   95
24   22.6  31.9  12:00am  15.5  11:50pm   42    0  0.00  13  47   3:36am WNW 30.00   70
25   17.6  26.0  11:59pm   9.9   6:54am   47    0  0.00   3  31  12:00am NNW 30.11   71
26   26.0  33.2  12:35pm  19.3   8:44pm   39    0  0.04   7  29   3:49am WNW 29.53   88
27   19.8  24.4   9:59am  13.8   9:21pm   45    0  0.00   8  37   6:05pm WNW 29.60   92
28   21.2  25.7   1:17pm  11.9   1:45am   44    0  0.00   3  26  12:45am WNW 30.23   92
29   28.8  36.8   1:05pm  23.1   7:29am   36    0  0.14   2  18  11:59pm SSE 30.47   87
30   31.4  34.0  12:29pm  27.5   1:44am   34    0  0.23  10  38   9:02pm SSE 30.35   92
---------------------------------------------------------------------------------------
TOT  30.5  58.5 11/12/10   9.9 11/25/10 1034    0  2.41   6  48 11/17/10 WNW 30.05   86

HEAT BASE: 65.0
COOL BASE: 65.0